CRAN Package Check Results for Package creditmodel

Last updated on 2019-08-17 11:47:22 CEST.

Flavor Version Tinstall Tcheck Ttotal Status Flags
r-devel-linux-x86_64-debian-clang 1.1.1 22.79 192.86 215.65 OK
r-devel-linux-x86_64-debian-gcc 1.1.1 20.18 153.74 173.92 OK
r-devel-linux-x86_64-fedora-clang 1.1.1 258.98 OK
r-devel-linux-x86_64-fedora-gcc 1.1.1 253.94 OK
r-devel-windows-ix86+x86_64 1.1.1 67.00 306.00 373.00 OK
r-patched-linux-x86_64 1.1.1 24.96 186.28 211.24 OK
r-patched-solaris-x86 1.1.1 410.70 ERROR
r-release-linux-x86_64 1.1.1 25.92 186.63 212.55 OK
r-release-windows-ix86+x86_64 1.1.1 44.00 296.00 340.00 OK
r-release-osx-x86_64 1.1.1 OK
r-oldrel-windows-ix86+x86_64 1.1.1 43.00 302.00 345.00 OK
r-oldrel-osx-x86_64 1.1.1 OK

Additional issues

noLD

Check Details

Version: 1.1.1
Check: examples
Result: ERROR
    Running examples in ‘creditmodel-Ex.R’ failed
    The error most likely occurred in:
    
    > ### Name: xgb_filter
    > ### Title: Select Features using XGB
    > ### Aliases: xgb_filter
    >
    > ### ** Examples
    >
    > mm <- xgb_filter(dat_train = UCICreditCard[1:1000,c(2,4,8:9,26)], dat_test = NULL,
    + target = "default.payment.next.month", occur_time = "apply_date",cv_folds = 1,
    + ex_cols = "ID$|date$|default.payment.next.month$", vars_name = FALSE)
    [NOTE] Feature filtering by XGB.
    Error: segfault from C stack overflow
    Execution halted
Flavor: r-patched-solaris-x86