CRAN Package Check Results for Package crandep

Last updated on 2024-02-22 19:55:29 CET.

Flavor Version Tinstall Tcheck Ttotal Status Flags
r-devel-linux-x86_64-debian-clang 0.3.5 OK
r-devel-linux-x86_64-debian-gcc 0.3.5 56.79 371.37 428.16 OK
r-devel-linux-x86_64-fedora-clang 0.3.5 753.77 OK
r-devel-linux-x86_64-fedora-gcc 0.3.5 761.31 OK
r-devel-windows-x86_64 0.3.5 59.00 540.00 599.00 OK
r-patched-linux-x86_64 0.3.5 76.55 488.76 565.31 OK
r-release-linux-x86_64 0.3.5 71.27 482.02 553.29 OK
r-release-macos-arm64 0.3.5 212.00 NOTE
r-release-macos-x86_64 0.3.5 418.00 NOTE
r-release-windows-x86_64 0.3.5 74.00 638.00 712.00 OK
r-oldrel-macos-arm64 0.3.5 209.00 NOTE
r-oldrel-windows-x86_64 0.3.5 60.00 630.00 690.00 OK

Check Details

Version: 0.3.5
Check: installed package size
Result: NOTE installed size is 8.7Mb sub-directories of 1Mb or more: data 1.2Mb doc 2.2Mb libs 5.2Mb Flavors: r-release-macos-arm64, r-release-macos-x86_64, r-oldrel-macos-arm64