CRAN Package Check Results for Package cqrReg

Last updated on 2024-02-26 19:50:05 CET.

Flavor Version Tinstall Tcheck Ttotal Status Flags
r-devel-linux-x86_64-debian-clang 1.2.1 196.56 82.87 279.43 OK
r-devel-linux-x86_64-debian-gcc 1.2.1 142.80 63.33 206.13 OK
r-devel-linux-x86_64-fedora-clang 1.2.1 377.40 NOTE
r-devel-linux-x86_64-fedora-gcc 1.2.1 378.68 NOTE
r-devel-windows-x86_64 1.2.1 134.00 111.00 245.00 OK
r-patched-linux-x86_64 1.2.1 177.93 80.10 258.03 OK
r-release-linux-x86_64 1.2.1 190.41 81.76 272.17 OK
r-release-macos-arm64 1.2.1 90.00 NOTE
r-release-macos-x86_64 1.2.1 155.00 NOTE
r-release-windows-x86_64 1.2.1 172.00 129.00 301.00 OK
r-oldrel-macos-arm64 1.2.1 80.00 NOTE
r-oldrel-windows-x86_64 1.2.1 159.00 115.00 274.00 OK

Check Details

Version: 1.2.1
Check: compiled code
Result: NOTE File ‘cqrReg/libs/cqrReg.so’: Found no calls to: ‘R_registerRoutines’, ‘R_useDynamicSymbols’ It is good practice to register native routines and to disable symbol search. See ‘Writing portable packages’ in the ‘Writing R Extensions’ manual. Flavors: r-devel-linux-x86_64-fedora-clang, r-devel-linux-x86_64-fedora-gcc

Version: 1.2.1
Check: installed package size
Result: NOTE installed size is 7.3Mb sub-directories of 1Mb or more: libs 7.2Mb Flavors: r-release-macos-arm64, r-release-macos-x86_64, r-oldrel-macos-arm64