CRAN Package Check Results for Package cqcr

Last updated on 2022-08-14 21:53:08 CEST.

Flavor Version Tinstall Tcheck Ttotal Status Flags
r-devel-linux-x86_64-debian-clang 0.1.2 2.30 29.97 32.27 NOTE
r-devel-linux-x86_64-debian-gcc 0.1.2 1.91 23.43 25.34 NOTE
r-devel-linux-x86_64-fedora-clang 0.1.2 51.28 NOTE
r-devel-linux-x86_64-fedora-gcc 0.1.2 49.22 NOTE
r-devel-windows-x86_64 0.1.2 8.00 62.00 70.00 NOTE
r-patched-linux-x86_64 0.1.2 2.70 29.48 32.18 NOTE
r-release-linux-x86_64 0.1.2 2.25 29.44 31.69 NOTE
r-release-macos-arm64 0.1.2 16.00 NOTE
r-release-macos-x86_64 0.1.2 34.00 NOTE
r-release-windows-x86_64 0.1.2 11.00 69.00 80.00 NOTE
r-oldrel-macos-arm64 0.1.2 40.00 NOTE
r-oldrel-macos-x86_64 0.1.2 34.00 NOTE
r-oldrel-windows-ix86+x86_64 0.1.2 7.00 67.00 74.00 NOTE

Check Details

Version: 0.1.2
Check: LazyData
Result: NOTE
     'LazyData' is specified without a 'data' directory
Flavors: r-devel-linux-x86_64-debian-clang, r-devel-linux-x86_64-debian-gcc, r-devel-linux-x86_64-fedora-clang, r-devel-linux-x86_64-fedora-gcc, r-devel-windows-x86_64, r-patched-linux-x86_64, r-release-linux-x86_64, r-release-macos-arm64, r-release-macos-x86_64, r-release-windows-x86_64, r-oldrel-macos-arm64, r-oldrel-macos-x86_64, r-oldrel-windows-ix86+x86_64