Last updated on 2023-01-31 19:56:17 CET.
Flavor | Version | Tinstall | Tcheck | Ttotal | Status | Flags |
---|---|---|---|---|---|---|
r-devel-linux-x86_64-debian-clang | 0.0.3 | 78.79 | 75.47 | 154.26 | NOTE | |
r-devel-linux-x86_64-debian-gcc | 0.0.3 | 67.54 | 56.66 | 124.20 | NOTE | |
r-devel-linux-x86_64-fedora-clang | 0.0.3 | 218.70 | NOTE | |||
r-devel-linux-x86_64-fedora-gcc | 0.0.3 | 217.52 | NOTE | |||
r-devel-windows-x86_64 | 0.0.3 | 223.00 | 136.00 | 359.00 | NOTE | |
r-patched-linux-x86_64 | 0.0.3 | 69.91 | 76.73 | 146.64 | OK | |
r-release-linux-x86_64 | 0.0.3 | 67.26 | 76.96 | 144.22 | OK | |
r-release-macos-arm64 | 0.0.3 | 47.00 | OK | |||
r-release-macos-x86_64 | 0.0.3 | 67.00 | OK | |||
r-release-windows-x86_64 | 0.0.3 | 92.00 | 137.00 | 229.00 | OK | |
r-oldrel-macos-arm64 | 0.0.3 | 44.00 | OK | |||
r-oldrel-macos-x86_64 | 0.0.3 | 70.00 | OK | |||
r-oldrel-windows-ix86+x86_64 | 0.0.3 | 182.00 | 154.00 | 336.00 | OK |
Version: 0.0.3
Check: C++ specification
Result: NOTE
Specified C++11: please update to current default of C++17
Flavors: r-devel-linux-x86_64-debian-clang, r-devel-linux-x86_64-debian-gcc, r-devel-linux-x86_64-fedora-clang, r-devel-linux-x86_64-fedora-gcc, r-devel-windows-x86_64