Last updated on 2022-05-16 21:50:17 CEST.
Flavor | Version | Tinstall | Tcheck | Ttotal | Status | Flags |
---|---|---|---|---|---|---|
r-devel-linux-x86_64-debian-clang | 2.0 | 254.17 | 45.15 | 299.32 | OK | |
r-devel-linux-x86_64-debian-gcc | 2.0 | 197.94 | 34.54 | 232.48 | OK | |
r-devel-linux-x86_64-fedora-clang | 2.0 | 503.64 | NOTE | |||
r-devel-linux-x86_64-fedora-gcc | 2.0 | 399.59 | NOTE | |||
r-devel-windows-x86_64 | 2.0 | 220.00 | 90.00 | 310.00 | OK | |
r-patched-linux-x86_64 | 2.0 | 216.00 | 44.09 | 260.09 | OK | |
r-release-linux-x86_64 | 2.0 | 221.32 | 42.71 | 264.03 | OK | |
r-release-macos-arm64 | 2.0 | 88.00 | NOTE | |||
r-release-macos-x86_64 | 2.0 | 121.00 | NOTE | |||
r-release-windows-x86_64 | 2.0 | 217.00 | 84.00 | 301.00 | OK | |
r-oldrel-macos-arm64 | 2.0 | 92.00 | NOTE | |||
r-oldrel-macos-x86_64 | 2.0 | 196.00 | NOTE | |||
r-oldrel-windows-ix86+x86_64 | 2.0 | 617.00 | 95.00 | 712.00 | OK |
Version: 2.0
Check: installed package size
Result: NOTE
installed size is 6.8Mb
sub-directories of 1Mb or more:
libs 6.6Mb
Flavors: r-devel-linux-x86_64-fedora-clang, r-release-macos-arm64, r-release-macos-x86_64, r-oldrel-macos-arm64, r-oldrel-macos-x86_64
Version: 2.0
Check: dependencies in R code
Result: NOTE
Namespace in Imports field not imported from: ‘RcppProgress’
All declared Imports should be used.
Flavors: r-devel-linux-x86_64-fedora-clang, r-devel-linux-x86_64-fedora-gcc, r-release-macos-arm64, r-release-macos-x86_64, r-oldrel-macos-arm64, r-oldrel-macos-x86_64