CRAN Package Check Results for Package coxsei

Last updated on 2021-09-20 08:50:09 CEST.

Flavor Version Tinstall Tcheck Ttotal Status Flags
r-devel-linux-x86_64-debian-clang 0.3 3.33 48.56 51.89 OK
r-devel-linux-x86_64-debian-gcc 0.3 3.13 38.67 41.80 OK
r-devel-linux-x86_64-fedora-clang 0.3 73.33 OK
r-devel-linux-x86_64-fedora-gcc 0.3 65.17 OK
r-devel-windows-x86_64 0.3 7.00 58.00 65.00 OK
r-devel-windows-x86_64-gcc10-UCRT 0.3 ERROR
r-patched-linux-x86_64 0.3 3.97 49.43 53.40 OK
r-patched-solaris-x86 0.3 91.70 OK
r-release-linux-x86_64 0.3 3.51 49.28 52.79 OK
r-release-macos-arm64 0.3 OK
r-release-macos-x86_64 0.3 OK
r-release-windows-ix86+x86_64 0.3 12.00 86.00 98.00 OK
r-oldrel-macos-x86_64 0.3 OK
r-oldrel-windows-ix86+x86_64 0.3 12.00 83.00 95.00 OK

Check Details

Version: 0.3
Check: whether package can be installed
Result: ERROR
    Installation failed.
Flavor: r-devel-windows-x86_64-gcc10-UCRT