CRAN Package Check Results for Package coxed

Last updated on 2023-01-26 19:49:24 CET.

Flavor Version Tinstall Tcheck Ttotal Status Flags
r-devel-linux-x86_64-debian-clang 0.3.3 18.00 208.60 226.60 OK
r-devel-linux-x86_64-debian-gcc 0.3.3 13.11 153.94 167.05 OK
r-devel-linux-x86_64-fedora-clang 0.3.3 277.79 NOTE
r-devel-linux-x86_64-fedora-gcc 0.3.3 287.97 NOTE
r-devel-windows-x86_64 0.3.3 24.00 244.00 268.00 OK
r-patched-linux-x86_64 0.3.3 25.71 194.42 220.13 OK
r-release-linux-x86_64 0.3.3 16.35 188.60 204.95 OK
r-release-macos-arm64 0.3.3 92.00 NOTE
r-release-macos-x86_64 0.3.3 135.00 NOTE
r-release-windows-x86_64 0.3.3 149.00 244.00 393.00 OK
r-oldrel-macos-arm64 0.3.3 99.00 NOTE
r-oldrel-macos-x86_64 0.3.3 146.00 NOTE
r-oldrel-windows-ix86+x86_64 0.3.3 39.00 222.00 261.00 OK

Check Details

Version: 0.3.3
Check: dependencies in R code
Result: NOTE
    Namespace in Imports field not imported from: ‘mediation’
     All declared Imports should be used.
Flavors: r-devel-linux-x86_64-fedora-clang, r-devel-linux-x86_64-fedora-gcc, r-release-macos-arm64, r-release-macos-x86_64, r-oldrel-macos-arm64, r-oldrel-macos-x86_64