CRAN Package Check Results for Package cowplot

Last updated on 2019-08-25 10:46:16 CEST.

Flavor Version Tinstall Tcheck Ttotal Status Flags
r-devel-linux-x86_64-debian-clang 1.0.0 5.53 103.80 109.33 OK
r-devel-linux-x86_64-debian-gcc 1.0.0 3.90 77.73 81.63 OK
r-devel-linux-x86_64-fedora-clang 1.0.0 122.75 NOTE
r-devel-linux-x86_64-fedora-gcc 1.0.0 122.34 NOTE
r-devel-windows-ix86+x86_64 1.0.0 13.00 139.00 152.00 OK
r-patched-linux-x86_64 1.0.0 5.16 99.97 105.13 OK
r-patched-solaris-x86 1.0.0 180.20 NOTE
r-release-linux-x86_64 1.0.0 5.10 98.91 104.01 OK
r-release-windows-ix86+x86_64 1.0.0 16.00 201.00 217.00 OK
r-release-osx-x86_64 1.0.0 NOTE
r-oldrel-windows-ix86+x86_64 1.0.0 14.00 181.00 195.00 WARN
r-oldrel-osx-x86_64 1.0.0 WARN

Check Details

Version: 1.0.0
Check: dependencies in R code
Result: NOTE
    Namespace in Imports field not imported from: ‘utils’
     All declared Imports should be used.
Flavors: r-devel-linux-x86_64-fedora-clang, r-devel-linux-x86_64-fedora-gcc, r-patched-solaris-x86, r-release-osx-x86_64, r-oldrel-osx-x86_64

Version: 1.0.0
Check: re-building of vignette outputs
Result: WARN
    Error in re-building vignettes:
     ...
    
    ********************************************************
    Note: As of version 1.0.0, cowplot does not change the
     default ggplot2 theme anymore. To recover the previous
     behavior, execute:
     theme_set(theme_cowplot())
    ********************************************************
    
    Quitting from lines 70-73 (introduction.Rmd)
    Error: processing vignette 'introduction.Rmd' failed with diagnostics:
    no applicable method for 'depth' applied to an object of class "NULL"
    Execution halted
Flavor: r-oldrel-windows-ix86+x86_64

Version: 1.0.0
Check: re-building of vignette outputs
Result: WARN
    Error in re-building vignettes:
     ...
    Warning in engine$weave(file, quiet = quiet, encoding = enc) :
     Pandoc (>= 1.12.3) and/or pandoc-citeproc not available. Falling back to R Markdown v1.
    
    ********************************************************
    Note: As of version 1.0.0, cowplot does not change the
     default ggplot2 theme anymore. To recover the previous
     behavior, execute:
     theme_set(theme_cowplot())
    ********************************************************
    
    Quitting from lines 70-73 (introduction.Rmd)
    Error: processing vignette 'introduction.Rmd' failed with diagnostics:
    no applicable method for 'depth' applied to an object of class "NULL"
    Execution halted
    Error: QuartzBitmap_Output - unable to open file 'figure/unnamed-chunk-4-1.png'
    Fatal error: error during cleanup
Flavor: r-oldrel-osx-x86_64