CRAN Package Check Results for Package cowplot

Last updated on 2021-10-23 20:52:17 CEST.

Flavor Version Tinstall Tcheck Ttotal Status Flags
r-devel-linux-x86_64-debian-clang 1.1.1 6.10 105.76 111.86 NOTE
r-devel-linux-x86_64-debian-gcc 1.1.1 4.83 77.86 82.69 NOTE
r-devel-linux-x86_64-fedora-clang 1.1.1 141.77 NOTE
r-devel-linux-x86_64-fedora-gcc 1.1.1 137.76 NOTE
r-devel-windows-x86_64 1.1.1 10.00 148.00 158.00 NOTE
r-devel-windows-x86_64-gcc10-UCRT 1.1.1 NOTE
r-patched-linux-x86_64 1.1.1 10.30 98.30 108.60 NOTE
r-patched-solaris-x86 1.1.1 158.70 NOTE
r-release-linux-x86_64 1.1.1 6.46 97.36 103.82 NOTE
r-release-macos-arm64 1.1.1 NOTE
r-release-macos-x86_64 1.1.1 NOTE
r-release-windows-ix86+x86_64 1.1.1 11.00 140.00 151.00 NOTE
r-oldrel-macos-x86_64 1.1.1 OK
r-oldrel-windows-ix86+x86_64 1.1.1 15.00 149.00 164.00 OK

Check Details

Version: 1.1.1
Check: LazyData
Result: NOTE
     'LazyData' is specified without a 'data' directory
Flavors: r-devel-linux-x86_64-debian-clang, r-devel-linux-x86_64-debian-gcc, r-devel-linux-x86_64-fedora-clang, r-devel-linux-x86_64-fedora-gcc, r-devel-windows-x86_64, r-devel-windows-x86_64-gcc10-UCRT, r-patched-linux-x86_64, r-patched-solaris-x86, r-release-linux-x86_64, r-release-macos-arm64, r-release-macos-x86_64, r-release-windows-ix86+x86_64