CRAN Package Check Results for Package covid19france

Last updated on 2024-03-02 19:50:14 CET.

Flavor Version Tinstall Tcheck Ttotal Status Flags
r-devel-linux-x86_64-debian-clang 0.1.0 2.32 42.18 44.50 NOTE
r-devel-linux-x86_64-debian-gcc 0.1.0 1.85 30.89 32.74 NOTE
r-devel-linux-x86_64-fedora-clang 0.1.0 54.24 NOTE
r-devel-linux-x86_64-fedora-gcc 0.1.0 51.92 NOTE
r-devel-windows-x86_64 0.1.0 3.00 58.00 61.00 NOTE
r-patched-linux-x86_64 0.1.0 1.89 41.03 42.92 NOTE
r-release-linux-x86_64 0.1.0 1.69 40.24 41.93 NOTE
r-release-macos-arm64 0.1.0 25.00 NOTE
r-release-macos-x86_64 0.1.0 31.00 NOTE
r-release-windows-x86_64 0.1.0 5.00 60.00 65.00 NOTE
r-oldrel-macos-arm64 0.1.0 21.00 NOTE
r-oldrel-windows-x86_64 0.1.0 4.00 60.00 64.00 NOTE

Check Details

Version: 0.1.0
Check: LazyData
Result: NOTE 'LazyData' is specified without a 'data' directory Flavors: r-devel-linux-x86_64-debian-clang, r-devel-linux-x86_64-debian-gcc, r-devel-linux-x86_64-fedora-clang, r-devel-linux-x86_64-fedora-gcc, r-devel-windows-x86_64, r-patched-linux-x86_64, r-release-linux-x86_64, r-release-macos-arm64, r-release-macos-x86_64, r-release-windows-x86_64, r-oldrel-macos-arm64, r-oldrel-windows-x86_64

Version: 0.1.0
Check: dependencies in R code
Result: NOTE Namespace in Imports field not imported from: ‘lubridate’ All declared Imports should be used. Flavors: r-devel-linux-x86_64-fedora-clang, r-devel-linux-x86_64-fedora-gcc, r-oldrel-macos-arm64