CRAN Package Check Results for Package covid19.analytics

Last updated on 2021-09-23 08:50:53 CEST.

Flavor Version Tinstall Tcheck Ttotal Status Flags
r-devel-linux-x86_64-debian-clang 2.1.1 13.22 261.12 274.34 OK
r-devel-linux-x86_64-debian-gcc 2.1.1 11.51 175.21 186.72 OK
r-devel-linux-x86_64-fedora-clang 2.1.1 330.39 NOTE
r-devel-linux-x86_64-fedora-gcc 2.1.1 323.03 OK
r-devel-windows-x86_64 2.1.1 15.00 236.00 251.00 NOTE
r-devel-windows-x86_64-gcc10-UCRT 2.1.1 ERROR
r-patched-linux-x86_64 2.1.1 15.73 249.44 265.17 OK
r-patched-solaris-x86 2.1.1 380.80 NOTE
r-release-linux-x86_64 2.1.1 14.88 246.78 261.66 OK
r-release-macos-arm64 2.1.1 NOTE
r-release-macos-x86_64 2.1.1 NOTE
r-release-windows-ix86+x86_64 2.1.1 28.00 349.00 377.00 NOTE
r-oldrel-macos-x86_64 2.1.1 NOTE
r-oldrel-windows-ix86+x86_64 2.1.1 27.00 366.00 393.00 NOTE

Check Details

Version: 2.1.1
Check: installed package size
Result: NOTE
     installed size is 5.1Mb
     sub-directories of 1Mb or more:
     doc 1.6Mb
     extdata 2.7Mb
Flavors: r-devel-linux-x86_64-fedora-clang, r-devel-windows-x86_64, r-patched-solaris-x86, r-release-macos-arm64, r-release-macos-x86_64, r-release-windows-ix86+x86_64, r-oldrel-macos-x86_64, r-oldrel-windows-ix86+x86_64

Version: 2.1.1
Check: package dependencies
Result: ERROR
    Package required but not available: 'rentrez'
    
    Packages suggested but not available for checking: 'devtools', 'roxygen2'
    
    See section 'The DESCRIPTION file' in the 'Writing R Extensions'
    manual.
Flavor: r-devel-windows-x86_64-gcc10-UCRT