CRAN Package Check Results for Package countrycode

Last updated on 2024-02-26 19:50:05 CET.

Flavor Version Tinstall Tcheck Ttotal Status Flags
r-devel-linux-x86_64-debian-clang 1.5.0 4.17 97.15 101.32 OK
r-devel-linux-x86_64-debian-gcc 1.5.0 4.03 71.55 75.58 OK
r-devel-linux-x86_64-fedora-clang 1.5.0 131.45 NOTE
r-devel-linux-x86_64-fedora-gcc 1.5.0 121.82 NOTE
r-devel-windows-x86_64 1.5.0 5.00 221.00 226.00 OK
r-patched-linux-x86_64 1.5.0 4.70 96.02 100.72 OK
r-release-linux-x86_64 1.5.0 4.90 95.10 100.00 OK
r-release-macos-arm64 1.5.0 51.00 OK
r-release-macos-x86_64 1.5.0 112.00 OK
r-release-windows-x86_64 1.5.0 6.00 251.00 257.00 OK
r-oldrel-macos-arm64 1.5.0 51.00 OK
r-oldrel-windows-x86_64 1.5.0 7.00 249.00 256.00 OK

Check Details

Version: 1.5.0
Check: data for non-ASCII characters
Result: NOTE Note: found 140280 marked UTF-8 strings Flavors: r-devel-linux-x86_64-fedora-clang, r-devel-linux-x86_64-fedora-gcc