CRAN Package Check Results for Package countries

Last updated on 2024-02-24 07:51:20 CET.

Flavor Version Tinstall Tcheck Ttotal Status Flags
r-devel-linux-x86_64-debian-clang 1.2.0 11.56 115.00 126.56 OK
r-devel-linux-x86_64-debian-gcc 1.2.0 8.06 88.43 96.49 OK
r-devel-linux-x86_64-fedora-clang 1.2.0 150.45 NOTE
r-devel-linux-x86_64-fedora-gcc 1.2.0 159.22 NOTE
r-devel-windows-x86_64 1.2.0 12.00 112.00 124.00 OK
r-patched-linux-x86_64 1.2.0 10.27 108.04 118.31 OK
r-release-linux-x86_64 1.2.0 8.05 108.77 116.82 OK
r-release-macos-arm64 1.2.0 69.00 OK
r-release-macos-x86_64 1.2.0 120.00 OK
r-release-windows-x86_64 1.2.0 15.00 133.00 148.00 OK
r-oldrel-macos-arm64 1.2.0 71.00 OK
r-oldrel-windows-x86_64 1.2.0 16.00 136.00 152.00 OK

Check Details

Version: 1.2.0
Check: data for non-ASCII characters
Result: NOTE Note: found 9044 marked UTF-8 strings Flavors: r-devel-linux-x86_64-fedora-clang, r-devel-linux-x86_64-fedora-gcc