Last updated on 2023-03-30 08:53:33 CEST.
Flavor | Version | Tinstall | Tcheck | Ttotal | Status | Flags |
---|---|---|---|---|---|---|
r-devel-linux-x86_64-debian-clang | 0.4.0 | 3.04 | 32.84 | 35.88 | OK | |
r-devel-linux-x86_64-debian-gcc | 0.4.0 | 2.34 | 26.02 | 28.36 | OK | |
r-devel-linux-x86_64-fedora-clang | 0.4.0 | 45.14 | NOTE | |||
r-devel-linux-x86_64-fedora-gcc | 0.4.0 | 53.93 | OK | |||
r-devel-windows-x86_64 | 0.4.0 | 30.00 | 69.00 | 99.00 | OK | |
r-patched-linux-x86_64 | 0.4.0 | 3.23 | 31.67 | 34.90 | OK | |
r-release-linux-x86_64 | 0.4.0 | 3.03 | 32.84 | 35.87 | OK | |
r-release-macos-arm64 | 0.4.0 | 24.00 | OK | |||
r-release-macos-x86_64 | 0.4.0 | 41.00 | OK | |||
r-release-windows-x86_64 | 0.4.0 | 21.00 | 65.00 | 86.00 | OK | |
r-oldrel-macos-arm64 | 0.4.0 | 26.00 | OK | |||
r-oldrel-macos-x86_64 | 0.4.0 | 34.00 | OK | |||
r-oldrel-windows-ix86+x86_64 | 0.4.0 | 7.00 | 63.00 | 70.00 | OK |
Version: 0.4.0
Check: Rd cross-references
Result: NOTE
Undeclared packages ‘xaringan’, ‘beepr’ in Rd xrefs
Flavor: r-devel-linux-x86_64-fedora-clang