CRAN Package Check Results for Package cotram

Last updated on 2024-07-14 09:51:08 CEST.

Flavor Version Tinstall Tcheck Ttotal Status Flags
r-devel-linux-x86_64-debian-clang 0.4-4 10.06 141.20 151.26 OK
r-devel-linux-x86_64-debian-gcc 0.4-4 7.55 106.67 114.22 OK
r-devel-linux-x86_64-fedora-clang 0.4-4 189.35 OK
r-devel-linux-x86_64-fedora-gcc 0.4-4 194.34 OK
r-devel-windows-x86_64 0.4-4 8.00 159.00 167.00 NOTE
r-patched-linux-x86_64 0.4-4 10.24 140.09 150.33 OK
r-release-linux-x86_64 0.4-4 9.36 137.33 146.69 OK
r-release-macos-arm64 0.4-4 75.00 OK
r-release-macos-x86_64 0.4-4 121.00 OK
r-release-windows-x86_64 0.4-4 8.00 159.00 167.00 OK
r-oldrel-macos-arm64 0.4-4 81.00 OK
r-oldrel-macos-x86_64 0.4-4 170.00 OK
r-oldrel-windows-x86_64 0.4-4 12.00 174.00 186.00 OK

Additional issues

OpenBLAS

Check Details

Version: 0.4-4
Check: Rd cross-references
Result: NOTE Found the following Rd file(s) with Rd \link{} targets missing package anchors: cotram.Rd: tram Please provide package anchors for all Rd \link{} targets not in the package itself and the base packages. Flavor: r-devel-windows-x86_64