CRAN Package Check Results for Package cosa

Last updated on 2020-07-14 09:50:23 CEST.

Flavor Version Tinstall Tcheck Ttotal Status Flags
r-devel-linux-x86_64-debian-clang 2.0.0 14.15 101.50 115.65 OK
r-devel-linux-x86_64-debian-gcc 2.0.0 12.02 75.68 87.70 OK
r-devel-linux-x86_64-fedora-clang 2.0.0 148.87 OK
r-devel-linux-x86_64-fedora-gcc 2.0.0 142.72 OK
r-devel-windows-ix86+x86_64 2.0.0 28.00 138.00 166.00 OK
r-patched-linux-x86_64 2.0.0 14.56 100.30 114.86 OK
r-patched-solaris-x86 2.0.0 194.00 OK
r-release-linux-x86_64 2.0.0 13.52 101.14 114.66 OK
r-release-macos-x86_64 2.0.0 ERROR
r-release-windows-ix86+x86_64 2.0.0 29.00 110.00 139.00 OK
r-oldrel-macos-x86_64 2.0.0 OK
r-oldrel-windows-ix86+x86_64 2.0.0 25.00 129.00 154.00 OK

Check Details

Version: 2.0.0
Check: whether package can be installed
Result: ERROR
    Installation failed.
Flavor: r-release-macos-x86_64