CRAN Package Check Results for Package corrcoverage

Last updated on 2021-09-25 20:50:23 CEST.

Flavor Version Tinstall Tcheck Ttotal Status Flags
r-devel-linux-x86_64-debian-clang 1.2.1 27.08 81.97 109.05 NOTE
r-devel-linux-x86_64-debian-gcc 1.2.1 16.84 60.97 77.81 NOTE
r-devel-linux-x86_64-fedora-clang 1.2.1 137.98 NOTE
r-devel-linux-x86_64-fedora-gcc 1.2.1 121.95 NOTE
r-patched-linux-x86_64 1.2.1 24.82 73.73 98.55 NOTE
r-patched-solaris-x86 1.2.1 143.60 NOTE
r-release-linux-x86_64 1.2.1 21.87 75.35 97.22 NOTE
r-release-macos-arm64 1.2.1 NOTE
r-release-macos-x86_64 1.2.1 NOTE
r-oldrel-macos-x86_64 1.2.1 NOTE
r-oldrel-windows-ix86+x86_64 1.1.0 41.00 136.00 177.00 NOTE

Check Details

Version: 1.2.1
Check: LazyData
Result: NOTE
     'LazyData' is specified without a 'data' directory
Flavors: r-devel-linux-x86_64-debian-clang, r-devel-linux-x86_64-debian-gcc, r-devel-linux-x86_64-fedora-clang, r-devel-linux-x86_64-fedora-gcc, r-patched-linux-x86_64, r-patched-solaris-x86, r-release-linux-x86_64, r-release-macos-arm64, r-release-macos-x86_64

Version: 1.2.1
Check: dependencies in R code
Result: NOTE
    Namespace in Imports field not imported from: ‘data.table’
     All declared Imports should be used.
Flavors: r-devel-linux-x86_64-fedora-clang, r-devel-linux-x86_64-fedora-gcc, r-patched-solaris-x86, r-release-macos-arm64, r-release-macos-x86_64, r-oldrel-macos-x86_64

Version: 1.2.1
Check: installed package size
Result: NOTE
     installed size is 5.2Mb
     sub-directories of 1Mb or more:
     extdata 3.8Mb
     libs 1.1Mb
Flavors: r-release-macos-arm64, r-release-macos-x86_64, r-oldrel-macos-x86_64

Version: 1.1.0
Check: installed package size
Result: NOTE
     installed size is 5.6Mb
     sub-directories of 1Mb or more:
     extdata 3.2Mb
     libs 2.0Mb
Flavor: r-oldrel-windows-ix86+x86_64