CRAN Package Check Results for Package corr2D

Last updated on 2019-09-21 09:49:45 CEST.

Flavor Version Tinstall Tcheck Ttotal Status Flags
r-devel-linux-x86_64-debian-clang 1.0.0 3.21 35.69 38.90 OK
r-devel-linux-x86_64-debian-gcc 1.0.0 2.70 27.93 30.63 OK
r-devel-linux-x86_64-fedora-clang 1.0.0 48.61 NOTE
r-devel-linux-x86_64-fedora-gcc 1.0.0 47.80 NOTE
r-devel-windows-ix86+x86_64 1.0.0 19.00 51.00 70.00 OK
r-patched-linux-x86_64 1.0.0 3.14 35.51 38.65 OK
r-patched-solaris-x86 1.0.0 79.50 NOTE
r-release-linux-x86_64 1.0.0 3.18 35.17 38.35 OK
r-release-windows-ix86+x86_64 1.0.0 10.00 51.00 61.00 OK
r-release-osx-x86_64 1.0.0 NOTE
r-oldrel-windows-ix86+x86_64 1.0.0 8.00 55.00 63.00 OK
r-oldrel-osx-x86_64 1.0.0 NOTE

Check Details

Version: 1.0.0
Check: dependencies in R code
Result: NOTE
    Namespaces in Imports field not imported from:
     ‘profr’ ‘xtable’
     All declared Imports should be used.
Flavors: r-devel-linux-x86_64-fedora-clang, r-devel-linux-x86_64-fedora-gcc, r-patched-solaris-x86, r-release-osx-x86_64, r-oldrel-osx-x86_64