CRAN Package Check Results for Package corr2D

Last updated on 2020-02-27 09:49:30 CET.

Flavor Version Tinstall Tcheck Ttotal Status Flags
r-devel-linux-x86_64-debian-clang 1.0.0 3.60 40.56 44.16 OK
r-devel-linux-x86_64-debian-gcc 1.0.0 3.14 31.31 34.45 OK
r-devel-linux-x86_64-fedora-clang 1.0.0 63.54 NOTE
r-devel-linux-x86_64-fedora-gcc 1.0.0 54.47 NOTE
r-devel-windows-ix86+x86_64 1.0.0 13.00 60.00 73.00 OK
r-devel-windows-ix86+x86_64-gcc8 1.0.0 11.00 62.00 73.00 OK
r-patched-linux-x86_64 1.0.0 2.69 36.71 39.40 OK
r-patched-solaris-x86 1.0.0 81.10 NOTE
r-release-linux-x86_64 1.0.0 3.29 36.68 39.97 OK
r-release-windows-ix86+x86_64 1.0.0 8.00 52.00 60.00 OK
r-release-osx-x86_64 1.0.0 NOTE
r-oldrel-windows-ix86+x86_64 1.0.0 6.00 56.00 62.00 OK
r-oldrel-osx-x86_64 1.0.0 NOTE

Check Details

Version: 1.0.0
Check: dependencies in R code
Result: NOTE
    Namespaces in Imports field not imported from:
     ‘profr’ ‘xtable’
     All declared Imports should be used.
Flavors: r-devel-linux-x86_64-fedora-clang, r-devel-linux-x86_64-fedora-gcc, r-patched-solaris-x86, r-release-osx-x86_64, r-oldrel-osx-x86_64