CRAN Package Check Results for Package corpustools

Last updated on 2021-09-23 08:50:53 CEST.

Flavor Version Tinstall Tcheck Ttotal Status Flags
r-devel-linux-x86_64-debian-clang 0.4.8 112.38 170.60 282.98 OK
r-devel-linux-x86_64-debian-gcc 0.4.8 75.71 120.47 196.18 OK
r-devel-linux-x86_64-fedora-clang 0.4.8 368.80 NOTE
r-devel-linux-x86_64-fedora-gcc 0.4.8 324.97 NOTE
r-devel-windows-x86_64 0.4.8 99.00 166.00 265.00 OK
r-devel-windows-x86_64-gcc10-UCRT 0.4.8 ERROR
r-patched-linux-x86_64 0.4.8 95.51 151.82 247.33 OK
r-patched-solaris-x86 0.4.8 326.30 NOTE
r-release-linux-x86_64 0.4.8 85.76 151.63 237.39 OK
r-release-macos-arm64 0.4.8 FAIL
r-release-macos-x86_64 0.4.8 NOTE
r-release-windows-ix86+x86_64 0.4.8 236.00 207.00 443.00 OK
r-oldrel-macos-x86_64 0.4.8 NOTE
r-oldrel-windows-ix86+x86_64 0.4.8 165.00 192.00 357.00 OK

Check Details

Version: 0.4.8
Check: data for non-ASCII characters
Result: NOTE
     Note: found 438 marked UTF-8 strings
Flavors: r-devel-linux-x86_64-fedora-clang, r-devel-linux-x86_64-fedora-gcc, r-patched-solaris-x86, r-release-macos-arm64, r-release-macos-x86_64, r-oldrel-macos-x86_64

Version: 0.4.8
Check: package dependencies
Result: ERROR
    Packages required but not available:
     'quanteda', 'igraph', 'RNewsflow', 'rsyntax'
    
    Packages suggested but not available for checking: 'tm', 'topicmodels'
    
    See section 'The DESCRIPTION file' in the 'Writing R Extensions'
    manual.
Flavor: r-devel-windows-x86_64-gcc10-UCRT

Version: 0.4.8
Check: installed package size
Result: NOTE
     installed size is 5.2Mb
     sub-directories of 1Mb or more:
     libs 3.9Mb
Flavor: r-release-macos-arm64

Version: 0.4.8
Check: re-building of vignette outputs
Result: WARN
    Error(s) in re-building vignettes:
    --- re-building ‘corpustools.Rmd’ using rmarkdown
    Warning in engine$weave(file, quiet = quiet, encoding = enc) :
     Pandoc (>= 1.12.3) not available. Falling back to R Markdown v1.
    Deleting 1 duplicates
    Deleting 1 duplicates
    Warning in doTryCatch(return(expr), name, parentenv, handler) :
     font "Times-Roman" could not be found for family "serif"
    Warning in doTryCatch(return(expr), name, parentenv, handler) :
     font "Times-Roman" could not be found for family "serif"
    Warning in doTryCatch(return(expr), name, parentenv, handler) :
     font "Times-Roman" could not be found for family "serif"
    Warning in doTryCatch(return(expr), name, parentenv, handler) :
     font "Times-Roman" could not be found for family "serif"
    Warning in doTryCatch(return(expr), name, parentenv, handler) :
     font "Times-Roman" could not be found for family "serif"
    Warning in doTryCatch(return(expr), name, parentenv, handler) :
     font "Times-Roman" could not be found for family "serif"
    Warning in doTryCatch(return(expr), name, parentenv, handler) :
     font "Times-Roman" could not be found for family "serif"
    Warning in doTryCatch(return(expr), name, parentenv, handler) :
     font "Times-Roman" could not be found for family "serif"
    Warning in doTryCatch(return(expr), name, parentenv, handler) :
     font "Times-Roman" could not be found for family "serif"
    Warning in doTryCatch(return(expr), name, parentenv, handler) :
     font "Times-Roman" could not be found for family "serif"
    Warning in doTryCatch(return(expr), name, parentenv, handler) :
     font "Times-Roman" could not be found for family "serif"
    Warning in doTryCatch(return(expr), name, parentenv, handler) :
     font "Times-Roman" could not be found for family "serif"
    Warning in doTryCatch(return(expr), name, parentenv, handler) :
     font "Times-Roman" could not be found for family "serif"
    Warning in doTryCatch(return(expr), name, parentenv, handler) :
     font "Times-Roman" could not be found for family "serif"
    Warning in doTryCatch(return(expr), name, parentenv, handler) :
     font "Times-Roman" could not be found for family "serif"
    Warning in doTryCatch(return(expr), name, parentenv, handler) :
     font "Times-Roman" could not be found for family "serif"
    Warning in doTryCatch(return(expr), name, parentenv, handler) :
     font "Times-Roman" could not be found for family "serif"
    Warning in doTryCatch(return(expr), name, parentenv, handler) :
     font "Times-Roman" could not be found for family "serif"
    Warning in doTryCatch(return(expr), name, parentenv, handler) :
     font "Times-Roman" could not be found for family "serif"
    Warning in doTryCatch(return(expr), name, parentenv, handler) :
     font "Times-Roman" could not be found for family "serif"
    Warning in doTryCatch(return(expr), name, parentenv, handler) :
     font "Times-Roman" could not be found for family "serif"
    Warning in doTryCatch(return(expr), name, parentenv, handler) :
     font "Times-Roman" could not be found for family "serif"
    Warning in doTryCatch(return(expr), name, parentenv, handler) :
     font "Times-Roman" could not be found for family "serif"
    Warning in doTryCatch(return(expr), name, parentenv, handler) :
     font "Times-Roman" could not be found for family "serif"
    Warning in doTryCatch(return(expr), name, parentenv, handler) :
     font "Times-Roman" could not be found for family "serif"
    Warning in doTryCatch(return(expr), name, parentenv, handler) :
     font "Times-Roman" could not be found for family "serif"
    Warning in doTryCatch(return(expr), name, parentenv, handler) :
     font "Times-Roman" could not be found for family "serif"
    Warning in doTryCatch(return(expr), name, parentenv, handler) :
     font "Times-Roman" could not be found for family "serif"
    Warning in doTryCatch(return(expr), name, parentenv, handler) :
     font "Times-Roman" could not be found for family "serif"
    Warning in doTryCatch(return(expr), name, parentenv, handler) :
     font "Times-Roman" could not be found for family "serif"
    Warning in doTryCatch(return(expr), name, parentenv, handler) :
     font "Times-Roman" could not be found for family "serif"
    Warning in doTryCatch(return(expr), name, parentenv, handler) :
     font "Times-Roman" could not be found for family "serif"
    Warning in doTryCatch(return(expr), name, parentenv, handler) :
     font "Times-Roman" could not be found for family "serif"
    Warning in doTryCatch(return(expr), name, parentenv, handler) :
     font "Times-Roman" could not be found for family "serif"
    Warning in doTryCatch(return(expr), name, parentenv, handler) :
     font "Times-Roman" could not be found for family "serif"
    Warning in doTryCatch(return(expr), name, parentenv, handler) :
     font "Times-Roman" could not be found for family "serif"
    Warning in doTryCatch(return(expr), name, parentenv, handler) :
     font "Times-Roman" could not be found for family "serif"
    Warning in doTryCatch(return(expr), name, parentenv, handler) :
     font "Times-Roman" could not be found for family "serif"
    Warning in doTryCatch(return(expr), name, parentenv, handler) :
     font "Times-Roman" could not be found for family "serif"
    Warning in doTryCatch(return(expr), name, parentenv, handler) :
     font "Times-Roman" could not be found for family "serif"
    Warning in doTryCatch(return(expr), name, parentenv, handler) :
     font "Times-Roman" could not be found for family "serif"
    Warning in doTryCatch(return(expr), name, parentenv, handler) :
     font "Times-Roman" could not be found for family "serif"
    Warning in doTryCatch(return(expr), name, parentenv, handler) :
     font "Times-Roman" could not be found for family "serif"
    Warning in doTryCatch(return(expr), name, parentenv, handler) :
     font "Times-Roman" could not be found for family "serif"
    Warning in doTryCatch(return(expr), name, parentenv, handler) :
     font "Times-Roman" could not be found for family "serif"
    Warning in doTryCatch(return(expr), name, parentenv, handler) :
     font "Times-Roman" could not be found for family "serif"
    Warning in doTryCatch(return(expr), name, parentenv, handler) :
     font "Times-Roman" could not be found for family "serif"
    Warning in doTryCatch(return(expr), name, parentenv, handler) :
     font "Times-Roman" could not be found for family "serif"
    Warning in doTryCatch(return(expr), name, parentenv, handler) :
     font "Times-Roman" could not be found for family "serif"
    Warning in doTryCatch(return(expr), name, parentenv, handler) :
     font "Times-Roman" could not be found for family "serif"
    Warning in doTryCatch(return(expr), name, parentenv, handler) :
     font "Times-Roman" could not be found for family "serif"
    Warning in doTryCatch(return(expr), name, parentenv, handler) :
     font "Times-Roman" could not be found for family "serif"
    Warning in doTryCatch(return(expr), name, parentenv, handler) :
     font "Times-Roman" could not be found for family "serif"
    Warning in doTryCatch(return(expr), name, parentenv, handler) :
     font "Times-Roman" could not be found for family "serif"
    Warning in doTryCatch(return(expr), name, parentenv, handler) :
     font "Times-Roman" could not be found for family "serif"
    Warning in doTryCatch(return(expr), name, parentenv, handler) :
     font "Times-Roman" could not be found for family "serif"
    Warning in doTryCatch(return(expr), name, parentenv, handler) :
     font "Times-Roman" could not be found for family "serif"
    Warning in doTryCatch(return(expr), name, parentenv, handler) :
     font "Times-Roman" could not be found for family "serif"
    Warning in doTryCatch(return(expr), name, parentenv, handler) :
     font "Times-Roman" could not be found for family "serif"
    Warning in doTryCatch(return(expr), name, parentenv, handler) :
     font "Times-Roman" could not be found for family "serif"
    Warning in doTryCatch(return(expr), name, parentenv, handler) :
     font "Times-Roman" could not be found for family "serif"
    Warning in doTryCatch(return(expr), name, parentenv, handler) :
     font "Times-Roman" could not be found for family "serif"
    Warning in doTryCatch(return(expr), name, parentenv, handler) :
     font "Times-Roman" could not be found for family "serif"
    Warning in doTryCatch(return(expr), name, parentenv, handler) :
     font "Times-Roman" could not be found for family "serif"
    Warning in doTryCatch(return(expr), name, parentenv, handler) :
     font "Times-Roman" could not be found for family "serif"
    Warning in doTryCatch(return(expr), name, parentenv, handler) :
     font "Times-Roman" could not be found for family "serif"
    Warning in doTryCatch(return(expr), name, parentenv, handler) :
     font "Times-Roman" could not be found for family "serif"
    Warning in doTryCatch(return(expr), name, parentenv, handler) :
     font "Times-Roman" could not be found for family "serif"
    Warning in doTryCatch(return(expr), name, parentenv, handler) :
     font "Times-Roman" could not be found for family "serif"
    Warning in doTryCatch(return(expr), name, parentenv, handler) :
     font "Times-Roman" could not be found for family "serif"
    Warning in doTryCatch(return(expr), name, parentenv, handler) :
     font "Times-Roman" could not be found for family "serif"
    Warning in doTryCatch(return(expr), name, parentenv, handler) :
     font "Times-Roman" could not be found for family "serif"
    Warning in doTryCatch(return(expr), name, parentenv, handler) :
     font "Times-Roman" could not be found for family "serif"
    Warning in doTryCatch(return(expr), name, parentenv, handler) :
     font "Times-Roman" could not be found for family "serif"
    Warning in doTryCatch(return(expr), name, parentenv, handler) :
     font "Times-Roman" could not be found for family "serif"
    Warning in doTryCatch(return(expr), name, parentenv, handler) :
     font "Times-Roman" could not be found for family "serif"
    Warning in doTryCatch(return(expr), name, parentenv, handler) :
     font "Times-Roman" could not be found for family "serif"
    Warning in doTryCatch(return(expr), name, parentenv, handler) :
     font "Times-Roman" could not be found for family "serif"
    Warning in doTryCatch(return(expr), name, parentenv, handler) :
     font "Times-Roman" could not be found for family "serif"
    Warning in doTryCatch(return(expr), name, parentenv, handler) :
     font "Times-Roman" could not be found for family "serif"
    Warning in doTryCatch(return(expr), name, parentenv, handler) :
     font "Times-Roman" could not be found for family "serif"
    Warning in doTryCatch(return(expr), name, parentenv, handler) :
     font "Times-Roman" could not be found for family "serif"
    Warning in doTryCatch(return(expr), name, parentenv, handler) :
     font "Times-Roman" could not be found for family "serif"
    Warning in doTryCatch(return(expr), name, parentenv, handler) :
     font "Times-Roman" could not be found for family "serif"
    Warning in doTryCatch(return(expr), name, parentenv, handler) :
     font "Times-Roman" could not be found for family "serif"
    Warning in doTryCatch(return(expr), name, parentenv, handler) :
     font "Times-Roman" could not be found for family "serif"
    Warning in doTryCatch(return(expr), name, parentenv, handler) :
     font "Times-Roman" could not be found for family "serif"
    Warning in doTryCatch(return(expr), name, parentenv, handler) :
     font "Times-Roman" could not be found for family "serif"
    Warning in doTryCatch(return(expr), name, parentenv, handler) :
     font "Times-Roman" could not be found for family "serif"
    Warning in doTryCatch(return(expr), name, parentenv, handler) :
     font "Times-Roman" could not be found for family "serif"
    Warning in doTryCatch(return(expr), name, parentenv, handler) :
     font "Times-Roman" could not be found for family "serif"
    Warning in doTryCatch(return(expr), name, parentenv, handler) :
     font "Times-Roman" could not be found for family "serif"
    Warning in doTryCatch(return(expr), name, parentenv, handler) :
     font "Times-Roman" could not be found for family "serif"
    Warning in doTryCatch(return(expr), name, parentenv, handler) :
     font "Times-Roman" could not be found for family "serif"
    Warning in doTryCatch(return(expr), name, parentenv, handler) :
     font "Times-Roman" could not be found for family "serif"
    Warning in doTryCatch(return(expr), name, parentenv, handler) :
     font "Times-Roman" could not be found for family "serif"
    Warning in doTryCatch(return(expr), name, parentenv, handler) :
     font "Times-Roman" could not be found for family "serif"
    Warning in doTryCatch(return(expr), name, parentenv, handler) :
     font "Times-Roman" could not be found for family "serif"
    Warning in doTryCatch(return(expr), name, parentenv, handler) :
     font "Times-Roman" could not be found for family "serif"
    Warning in doTryCatch(return(expr), name, parentenv, handler) :
     font "Times-Roman" could not be found for family "serif"
    Warning in doTryCatch(return(expr), name, parentenv, handler) :
     font "Times-Roman" could not be found for family "serif"
    Warning in doTryCatch(return(expr), name, parentenv, handler) :
     font "Times-Roman" could not be found for family "serif"
    Warning in doTryCatch(return(expr), name, parentenv, handler) :
     font "Times-Roman" could not be found for family "serif"
    Warning in doTryCatch(return(expr), name, parentenv, handler) :
     font "Times-Roman" could not be found for family "serif"
    Warning in doTryCatch(return(expr), name, parentenv, handler) :
     font "Times-Roman" could not be found for family "serif"
    Warning in doTryCatch(return(expr), name, parentenv, handler) :
     font "Times-Roman" could not be found for family "serif"
    Warning in doTryCatch(return(expr), name, parentenv, handler) :
     font "Times-Roman" could not be found for family "serif"
    Warning in doTryCatch(return(expr), name, parentenv, handler) :
     font "Times-Roman" could not be found for family "serif"
    Warning in doTryCatch(return(expr), name, parentenv, handler) :
     font "Times-Roman" could not be found for family "serif"
    Warning in doTryCatch(return(expr), name, parentenv, handler) :
     font "Times-Roman" could not be found for family "serif"
    Warning in doTryCatch(return(expr), name, parentenv, handler) :
     font "Times-Roman" could not be found for family "serif"
    Warning in doTryCatch(return(expr), name, parentenv, handler) :
     font "Times-Roman" could not be found for family "serif"
    Warning in doTryCatch(return(expr), name, parentenv, handler) :
     font "Times-Roman" could not be found for family "serif"
    Warning in doTryCatch(return(expr), name, parentenv, handler) :
     font "Times-Roman" could not be found for family "serif"
    Warning in doTryCatch(return(expr), name, parentenv, handler) :
     font "Times-Roman" could not be found for family "serif"
    Warning in doTryCatch(return(expr), name, parentenv, handler) :
     font "Times-Roman" could not be found for family "serif"
    Warning in doTryCatch(return(expr), name, parentenv, handler) :
     font "Times-Roman" could not be found for family "serif"
    Warning in doTryCatch(return(expr), name, parentenv, handler) :
     font "Times-Roman" could not be found for family "serif"
    Warning in doTryCatch(return(expr), name, parentenv, handler) :
     font "Times-Roman" could not be found for family "serif"
    Warning in doTryCatch(return(expr), name, parentenv, handler) :
     font "Times-Roman" could not be found for family "serif"
    Warning in doTryCatch(return(expr), name, parentenv, handler) :
     font "Times-Roman" could not be found for family "serif"
    Warning in doTryCatch(return(expr), name, parentenv, handler) :
     font "Times-Roman" could not be found for family "serif"
    Warning in doTryCatch(return(expr), name, parentenv, handler) :
     font "Times-Roman" could not be found for family "serif"
    Warning in doTryCatch(return(expr), name, parentenv, handler) :
     font "Times-Roman" could not be found for family "serif"
    Warning in doTryCatch(return(expr), name, parentenv, handler) :
     font "Times-Roman" could not be found for family "serif"
    Warning in doTryCatch(return(expr), name, parentenv, handler) :
     font "Times-Roman" could not be found for family "serif"
    Warning in doTryCatch(return(expr), name, parentenv, handler) :
     font "Times-Roman" could not be found for family "serif"
    Warning in doTryCatch(return(expr), name, parentenv, handler) :
     font "Times-Roman" could not be found for family "serif"
    Warning in doTryCatch(return(expr), name, parentenv, handler) :
     font "Times-Roman" could not be found for family "serif"
    Warning in doTryCatch(return(expr), name, parentenv, handler) :
     font "Times-Roman" could not be found for family "serif"
    Warning in doTryCatch(return(expr), name, parentenv, handler) :
     font "Times-Roman" could not be found for family "serif"
    Warning in doTryCatch(return(expr), name, parentenv, handler) :
     font "Times-Roman" could not be found for family "serif"
    Warning in doTryCatch(return(expr), name, parentenv, handler) :
     font "Times-Roman" could not be found for family "serif"
    Warning in doTryCatch(return(expr), name, parentenv, handler) :
     font "Times-Roman" could not be found for family "serif"
    Warning in doTryCatch(return(expr), name, parentenv, handler) :
     font "Times-Roman" could not be found for family "serif"
    Warning in doTryCatch(return(expr), name, parentenv, handler) :
     font "Times-Roman" could not be found for family "serif"
    Warning in doTryCatch(return(expr), name, parentenv, handler) :
     font "Times-Roman" could not be found for family "serif"
    Warning in doTryCatch(return(expr), name, parentenv, handler) :
     font "Times-Roman" could not be found for family "serif"
    Warning in doTryCatch(return(expr), name, parentenv, handler) :
     font "Times-Roman" could not be found for family "serif"
    Warning in doTryCatch(return(expr), name, parentenv, handler) :
     font "Times-Roman" could not be found for family "serif"
    Warning in doTryCatch(return(expr), name, parentenv, handler) :
     font "Times-Roman" could not be found for family "serif"
    Warning in doTryCatch(return(expr), name, parentenv, handler) :
     font "Times-Roman" could not be found for family "serif"
    Warning in doTryCatch(return(expr), name, parentenv, handler) :
     font "Times-Roman" could not be found for family "serif"
    Warning in doTryCatch(return(expr), name, parentenv, handler) :
     font "Times-Roman" could not be found for family "serif"
    Warning in doTryCatch(return(expr), name, parentenv, handler) :
     font "Times-Roman" could not be found for family "serif"
    Warning in doTryCatch(return(expr), name, parentenv, handler) :
     font "Times-Roman" could not be found for family "serif"
    Warning in doTryCatch(return(expr), name, parentenv, handler) :
     font "Times-Roman" could not be found for family "serif"
    Warning in doTryCatch(return(expr), name, parentenv, handler) :
     font "Times-Roman" could not be found for family "serif"
    Warning in doTryCatch(return(expr), name, parentenv, handler) :
     font "Times-Roman" could not be found for family "serif"
    Warning in doTryCatch(return(expr), name, parentenv, handler) :
     font "Times-Roman" could not be found for family "serif"
    Warning in doTryCatch(return(expr), name, parentenv, handler) :
     font "Times-Roman" could not be found for family "serif"
    Warning in doTryCatch(return(expr), name, parentenv, handler) :
     font "Times-Roman" could not be found for family "serif"
    Warning in doTryCatch(return(expr), name, parentenv, handler) :
     font "Times-Roman" could not be found for family "serif"
    Warning in doTryCatch(return(expr), name, parentenv, handler) :
     font "Times-Roman" could not be found for family "serif"
    Warning in doTryCatch(return(expr), name, parentenv, handler) :
     font "Times-Roman" could not be found for family "serif"
    Warning in doTryCatch(return(expr), name, parentenv, handler) :
     font "Times-Roman" could not be found for family "serif"
    Warning in doTryCatch(return(expr), name, parentenv, handler) :
     font "Times-Roman" could not be found for family "serif"
    Warning in doTryCatch(return(expr), name, parentenv, handler) :
     font "Times-Roman" could not be found for family "serif"
    Warning in doTryCatch(return(expr), name, parentenv, handler) :
     font "Times-Roman" could not be found for family "serif"
    Warning in doTryCatch(return(expr), name, parentenv, handler) :
     font "Times-Roman" could not be found for family "serif"
    Warning in doTryCatch(return(expr), name, parentenv, handler) :
     font "Times-Roman" could not be found for family "serif"
    Warning in doTryCatch(return(expr), name, parentenv, handler) :
     font "Times-Roman" could not be found for family "serif"
    Warning in doTryCatch(return(expr), name, parentenv, handler) :
     font "Times-Roman" could not be found for family "serif"
    Warning in doTryCatch(return(expr), name, parentenv, handler) :
     font "Times-Roman" could not be found for family "serif"
    Warning in doTryCatch(return(expr), name, parentenv, handler) :
     font "Times-Roman" could not be found for family "serif"
    Warning in doTryCatch(return(expr), name, parentenv, handler) :
     font "Times-Roman" could not be found for family "serif"
    Warning in doTryCatch(return(expr), name, parentenv, handler) :
     font "Times-Roman" could not be found for family "serif"
    Warning in doTryCatch(return(expr), name, parentenv, handler) :
     font "Times-Roman" could not be found for family "serif"
    Warning in doTryCatch(return(expr), name, parentenv, handler) :
     font "Times-Roman" could not be found for family "serif"
    Warning in doTryCatch(return(expr), name, parentenv, handler) :
     font "Times-Roman" could not be found for family "serif"
    Warning in doTryCatch(return(expr), name, parentenv, handler) :
     font "Times-Roman" could not be found for family "serif"
    Warning in doTryCatch(return(expr), name, parentenv, handler) :
     font "Times-Roman" could not be found for family "serif"
    Warning in doTryCatch(return(expr), name, parentenv, handler) :
     font "Times-Roman" could not be found for family "serif"
    Warning in doTryCatch(return(expr), name, parentenv, handler) :
     font "Times-Roman" could not be found for family "serif"
    Warning in doTryCatch(return(expr), name, parentenv, handler) :
     font "Times-Roman" could not be found for family "serif"
    Warning in doTryCatch(return(expr), name, parentenv, handler) :
     font "Times-Roman" could not be found for family "serif"
    Warning in doTryCatch(return(expr), name, parentenv, handler) :
     font "Times-Roman" could not be found for family "serif"
    Warning in doTryCatch(return(expr), name, parentenv, handler) :
     font "Times-Roman" could not be found for family "serif"
    Warning in doTryCatch(return(expr), name, parentenv, handler) :
     font "Times-Roman" could not be found for family "serif"
    Warning in doTryCatch(return(expr), name, parentenv, handler) :
     font "Times-Roman" could not be found for family "serif"
    Warning in doTryCatch(return(expr), name, parentenv, handler) :
     font "Times-Roman" could not be found for family "serif"
    Warning in doTryCatch(return(expr), name, parentenv, handler) :
     font "Times-Roman" could not be found for family "serif"
    Warning in doTryCatch(return(expr), name, parentenv, handler) :
     font "Times-Roman" could not be found for family "serif"
    Warning in doTryCatch(return(expr), name, parentenv, handler) :
     font "Times-Roman" could not be found for family "serif"
    Warning in doTryCatch(return(expr), name, parentenv, handler) :
     font "Times-Roman" could not be found for family "serif"
    Warning in doTryCatch(return(expr), name, parentenv, handler) :
     font "Times-Roman" could not be found for family "serif"
    Warning in doTryCatch(return(expr), name, parentenv, handler) :
     font "Times-Roman" could not be found for family "serif"
    Warning in doTryCatch(return(expr), name, parentenv, handler) :
     font "Times-Roman" could not be found for family "serif"
    Warning in doTryCatch(return(expr), name, parentenv, handler) :
     font "Times-Roman" could not be found for family "serif"
    Warning in doTryCatch(return(expr), name, parentenv, handler) :
     font "Times-Roman" could not be found for family "serif"
    Warning in doTryCatch(return(expr), name, parentenv, handler) :
     font "Times-Roman" could not be found for family "serif"
    Warning in doTryCatch(return(expr), name, parentenv, handler) :
     font "Times-Roman" could not be found for family "serif"
    Warning in doTryCatch(return(expr), name, parentenv, handler) :
     font "Times-Roman" could not be found for family "serif"
    Warning in doTryCatch(return(expr), name, parentenv, handler) :
     font "Times-Roman" could not be found for family "serif"
    Warning in doTryCatch(return(expr), name, parentenv, handler) :
     font "Times-Roman" could not be found for family "serif"
    Warning in doTryCatch(return(expr), name, parentenv, handler) :
     font "Times-Roman" could not be found for family "serif"
    Warning in doTryCatch(return(expr), name, parentenv, handler) :
     font "Times-Roman" could not be found for family "serif"
    Warning in doTryCatch(return(expr), name, parentenv, handler) :
     font "Times-Roman" could not be found for family "serif"
    Warning in doTryCatch(return(expr), name, parentenv, handler) :
     font "Times-Roman" could not be found for family "serif"
    Warning in doTryCatch(return(expr), name, parentenv, handler) :
     font "Times-Roman" could not be found for family "serif"
    Warning in doTryCatch(return(expr), name, parentenv, handler) :
     font "Times-Roman" could not be found for family "serif"
    Warning in doTryCatch(return(expr), name, parentenv, handler) :
     font "Times-Roman" could not be found for family "serif"
    Warning in doTryCatch(return(expr), name, parentenv, handler) :
     font "Times-Roman" could not be found for family "serif"
    Warning in doTryCatch(return(expr), name, parentenv, handler) :
     font "Times-Roman" could not be found for family "serif"
    Warning in doTryCatch(return(expr), name, parentenv, handler) :
     font "Times-Roman" could not be found for family "serif"
    Warning in doTryCatch(return(expr), name, parentenv, handler) :
     font "Times-Roman" could not be found for family "serif"
    Warning in doTryCatch(return(expr), name, parentenv, handler) :
     font "Times-Roman" could not be found for family "serif"
    Warning in doTryCatch(return(expr), name, parentenv, handler) :
     font "Times-Roman" could not be found for family "serif"
    Warning in doTryCatch(return(expr), name, parentenv, handler) :
     font "Times-Roman" could not be found for family "serif"
    Warning in doTryCatch(return(expr), name, parentenv, handler) :
     font "Times-Roman" could not be found for family "serif"
    Warning in doTryCatch(return(expr), name, parentenv, handler) :
     font "Times-Roman" could not be found for family "serif"
    Warning in doTryCatch(return(expr), name, parentenv, handler) :
     font "Times-Roman" could not be found for family "serif"
    Warning in doTryCatch(return(expr), name, parentenv, handler) :
     font "Times-Roman" could not be found for family "serif"
    Warning in doTryCatch(return(expr), name, parentenv, handler) :
     font "Times-Roman" could not be found for family "serif"
    Warning in doTryCatch(return(expr), name, parentenv, handler) :
     font "Times-Roman" could not be found for family "serif"
    Warning in doTryCatch(return(expr), name, parentenv, handler) :
     font "Times-Roman" could not be found for family "serif"
    Warning in doTryCatch(return(expr), name, parentenv, handler) :
     font "Times-Roman" could not be found for family "serif"
    Warning in doTryCatch(return(expr), name, parentenv, handler) :
     font "Times-Roman" could not be found for family "serif"
    Warning in doTryCatch(return(expr), name, parentenv, handler) :
     font "Times-Roman" could not be found for family "serif"
    Warning in doTryCatch(return(expr), name, parentenv, handler) :
     font "Times-Roman" could not be found for family "serif"
    Warning in doTryCatch(return(expr), name, parentenv, handler) :
     font "Times-Roman" could not be found for family "serif"
    Warning in doTryCatch(return(expr), name, parentenv, handler) :
     font "Times-Roman" could not be found for family "serif"
    Warning in doTryCatch(return(expr), name, parentenv, handler) :
     font "Times-Roman" could not be found for family "serif"
    Warning in doTryCatch(return(expr), name, parentenv, handler) :
     font "Times-Roman" could not be found for family "serif"
    Warning in doTryCatch(return(expr), name, parentenv, handler) :
     font "Times-Roman" could not be found for family "serif"
    Warning in doTryCatch(return(expr), name, parentenv, handler) :
     font "Times-Roman" could not be found for family "serif"
    Warning in doTryCatch(return(expr), name, parentenv, handler) :
     font "Times-Roman" could not be found for family "serif"
    Warning in doTryCatch(return(expr), name, parentenv, handler) :
     font "Times-Roman" could not be found for family "serif"
    Warning in doTryCatch(return(expr), name, parentenv, handler) :
     font "Times-Roman" could not be found for family "serif"
    Warning in doTryCatch(return(expr), name, parentenv, handler) :
     font "Times-Roman" could not be found for family "serif"
    Warning in doTryCatch(return(expr), name, parentenv, handler) :
     font "Times-Roman" could not be found for family "serif"
    Warning in doTryCatch(return(expr), name, parentenv, handler) :
     font "Times-Roman" could not be found for family "serif"
    Warning in doTryCatch(return(expr), name, parentenv, handler) :
     font "Times-Roman" could not be found for family "serif"
    Warning in doTryCatch(return(expr), name, parentenv, handler) :
     font "Times-Roman" could not be found for family "serif"
    Warning in doTryCatch(return(expr), name, parentenv, handler) :
     font "Times-Roman" could not be found for family "serif"
    Warning in doTryCatch(return(expr), name, parentenv, handler) :
     font "Times-Roman" could not be found for family "serif"
    Warning in doTryCatch(return(expr), name, parentenv, handler) :
     font "Times-Roman" could not be found for family "serif"
    Warning in doTryCatch(return(expr), name, parentenv, handler) :
     font "Times-Roman" could not be found for family "serif"
    Warning in doTryCatch(return(expr), name, parentenv, handler) :
     font "Times-Roman" could not be found for family "serif"
    Warning in doTryCatch(return(expr), name, parentenv, handler) :
     font "Times-Roman" could not be found for family "serif"
    Warning in doTryCatch(return(expr), name, parentenv, handler) :
     font "Times-Roman" could not be found for family "serif"
    Warning in doTryCatch(return(expr), name, parentenv, handler) :
     font "Times-Roman" could not be found for family "serif"
    Warning in doTryCatch(return(expr), name, parentenv, handler) :
     font "Times-Roman" could not be found for family "serif"
    Warning in doTryCatch(return(expr), name, parentenv, handler) :
     font "Times-Roman" could not be found for family "serif"
    Warning in doTryCatch(return(expr), name, parentenv, handler) :
     font "Times-Roman" could not be found for family "serif"
    Warning in doTryCatch(return(expr), name, parentenv, handler) :
     font "Times-Roman" could not be found for family "serif"
    Warning in doTryCatch(return(expr), name, parentenv, handler) :
     font "Times-Roman" could not be found for family "serif"
    Warning in doTryCatch(return(expr), name, parentenv, handler) :
     font "Times-Roman" could not be found for family "serif"
    Warning in doTryCatch(return(expr), name, parentenv, handler) :
     font "Times-Roman" could not be found for family "serif"
    Warning in doTryCatch(return(expr), name, parentenv, handler) :
     font "Times-Roman" could not be found for family "serif"
    Warning in doTryCatch(return(expr), name, parentenv, handler) :
     font "Times-Roman" could not be found for family "serif"
    Warning in doTryCatch(return(expr), name, parentenv, handler) :
     font "Times-Roman" could not be found for family "serif"
    Warning in doTryCatch(return(expr), name, parentenv, handler) :
     font "Times-Roman" could not be found for family "serif"
    Warning in doTryCatch(return(expr), name, parentenv, handler) :
     font "Times-Roman" could not be found for family "serif"
    Warning in doTryCatch(return(expr), name, parentenv, handler) :
     font "Times-Roman" could not be found for family "serif"
    Warning in doTryCatch(return(expr), name, parentenv, handler) :
     font "Times-Roman" could not be found for family "serif"
    Warning in doTryCatch(return(expr), name, parentenv, handler) :
     font "Times-Roman" could not be found for family "serif"
    Warning in doTryCatch(return(expr), name, parentenv, handler) :
     font "Times-Roman" could not be found for family "serif"
    Warning in doTryCatch(return(expr), name, parentenv, handler) :
     font "Times-Roman" could not be found for family "serif"
    Warning in doTryCatch(return(expr), name, parentenv, handler) :
     font "Times-Roman" could not be found for family "serif"
    Warning in doTryCatch(return(expr), name, parentenv, handler) :
     font "Times-Roman" could not be found for family "serif"
    Warning in doTryCatch(return(expr), name, parentenv, handler) :
     font "Times-Roman" could not be found for family "serif"
    Warning in doTryCatch(return(expr), name, parentenv, handler) :
     font "Times-Roman" could not be found for family "serif"
    Warning in doTryCatch(return(expr), name, parentenv, handler) :
     font "Times-Roman" could not be found for family "serif"
    Warning in doTryCatch(return(expr), name, parentenv, handler) :
     font "Times-Roman" could not be found for family "serif"
    Warning in doTryCatch(return(expr), name, parentenv, handler) :
     font "Times-Roman" could not be found for family "serif"
    Warning in doTryCatch(return(expr), name, parentenv, handler) :
     font "Times-Roman" could not be found for family "serif"
    Warning in doTryCatch(return(expr), name, parentenv, handler) :
     font "Times-Roman" could not be found for family "serif"
    Warning in doTryCatch(return(expr), name, parentenv, handler) :
     font "Times-Roman" could not be found for family "serif"
    Warning in doTryCatch(return(expr), name, parentenv, handler) :
     font "Times-Roman" could not be found for family "serif"
    Warning in doTryCatch(return(expr), name, parentenv, handler) :
     font "Times-Roman" could not be found for family "serif"
    Warning in doTryCatch(return(expr), name, parentenv, handler) :
     font "Times-Roman" could not be found for family "serif"
    Warning in doTryCatch(return(expr), name, parentenv, handler) :
     font "Times-Roman" could not be found for family "serif"
    Warning in doTryCatch(return(expr), name, parentenv, handler) :
     font "Times-Roman" could not be found for family "serif"
    Warning in doTryCatch(return(expr), name, parentenv, handler) :
     font "Times-Roman" could not be found for family "serif"
    Warning in doTryCatch(return(expr), name, parentenv, handler) :
     font "Times-Roman" could not be found for family "serif"
    Warning in doTryCatch(return(expr), name, parentenv, handler) :
     font "Times-Roman" could not be found for family "serif"
    Warning in doTryCatch(return(expr), name, parentenv, handler) :
     font "Times-Roman" could not be found for family "serif"
    Warning in doTryCatch(return(expr), name, parentenv, handler) :
     font "Times-Roman" could not be found for family "serif"
    Warning in doTryCatch(return(expr), name, parentenv, handler) :
     font "Times-Roman" could not be found for family "serif"
    Warning in doTryCatch(return(expr), name, parentenv, handler) :
     font "Times-Roman" could not be found for family "serif"
    Warning in doTryCatch(return(expr), name, parentenv, handler) :
     font "Times-Roman" could not be found for family "serif"
    Warning in doTryCatch(return(expr), name, parentenv, handler) :
     font "Times-Roman" could not be found for family "serif"
    Warning in doTryCatch(return(expr), name, parentenv, handler) :
     font "Times-Roman" could not be found for family "serif"
    Warning in doTryCatch(return(expr), name, parentenv, handler) :
     font "Times-Roman" could not be found for family "serif"
    Warning in doTryCatch(return(expr), name, parentenv, handler) :
     font "Times-Roman" could not be found for family "serif"
    Warning in doTryCatch(return(expr), name, parentenv, handler) :
     font "Times-Roman" could not be found for family "serif"
    Warning in doTryCatch(return(expr), name, parentenv, handler) :
     font "Times-Roman" could not be found for family "serif"
    Warning in doTryCatch(return(expr), name, parentenv, handler) :
     font "Times-Roman" could not be found for family "serif"
    Warning in doTryCatch(return(expr), name, parentenv, handler) :
     font "Times-Roman" could not be found for family "serif"
    Warning in doTryCatch(return(expr), name, parentenv, handler) :
     font "Times-Roman" could not be found for family "serif"
    Warning in doTryCatch(return(expr), name, parentenv, handler) :
     font "Times-Roman" could not be found for family "serif"
    Warning in doTryCatch(return(expr), name, parentenv, handler) :
     font "Times-Roman" could not be found for family "serif"
    Warning in doTryCatch(return(expr), name, parentenv, handler) :
     font "Times-Roman" could not be found for family "serif"
    Warning in doTryCatch(return(expr), name, parentenv, handler) :
     font "Times-Roman" could not be found for family "serif"
    Warning in doTryCatch(return(expr), name, parentenv, handler) :
     font "Times-Roman" could not be found for family "serif"
    Warning in doTryCatch(return(expr), name, parentenv, handler) :
     font "Times-Roman" could not be found for family "serif"
    Warning in doTryCatch(return(expr), name, parentenv, handler) :
     font "Times-Roman" could not be found for family "serif"
    Warning in doTryCatch(return(expr), name, parentenv, handler) :
     font "Times-Roman" could not be found for family "serif"
    Warning in doTryCatch(return(expr), name, parentenv, handler) :
     font "Times-Roman" could not be found for family "serif"
    Warning in doTryCatch(return(expr), name, parentenv, handler) :
     font "Times-Roman" could not be found for family "serif"
    Warning in doTryCatch(return(expr), name, parentenv, handler) :
     font "Times-Roman" could not be found for family "serif"
    Warning in doTryCatch(return(expr), name, parentenv, handler) :
     font "Times-Roman" could not be found for family "serif"
    Warning in doTryCatch(return(expr), name, parentenv, handler) :
     font "Times-Roman" could not be found for family "serif"
    Warning in doTryCatch(return(expr), name, parentenv, handler) :
     font "Times-Roman" could not be found for family "serif"
    Warning in doTryCatch(return(expr), name, parentenv, handler) :
     font "Times-Roman" could not be found for family "serif"
    Warning in doTryCatch(return(expr), name, parentenv, handler) :
     font "Times-Roman" could not be found for family "serif"
    Warning in doTryCatch(return(expr), name, parentenv, handler) :
     font "Times-Roman" could not be found for family "serif"
    Warning in doTryCatch(return(expr), name, parentenv, handler) :
     font "Times-Roman" could not be found for family "serif"
    Warning in doTryCatch(return(expr), name, parentenv, handler) :
     font "Times-Roman" could not be found for family "serif"
    Warning in doTryCatch(return(expr), name, parentenv, handler) :
     font "Times-Roman" could not be found for family "serif"
    Warning in doTryCatch(return(expr), name, parentenv, handler) :
     font "Times-Roman" could not be found for family "serif"
    Warning in doTryCatch(return(expr), name, parentenv, handler) :
     font "Times-Roman" could not be found for family "serif"
    Warning in doTryCatch(return(expr), name, parentenv, handler) :
     font "Times-Roman" could not be found for family "serif"
    Warning in doTryCatch(return(expr), name, parentenv, handler) :
     font "Times-Roman" could not be found for family "serif"
    Warning in doTryCatch(return(expr), name, parentenv, handler) :
     font "Times-Roman" could not be found for family "serif"
    Warning in doTryCatch(return(expr), name, parentenv, handler) :
     font "Times-Roman" could not be found for family "serif"
    Warning in doTryCatch(return(expr), name, parentenv, handler) :
     font "Times-Roman" could not be found for family "serif"
    Warning in doTryCatch(return(expr), name, parentenv, handler) :
     font "Times-Roman" could not be found for family "serif"
    Warning in doTryCatch(return(expr), name, parentenv, handler) :
     font "Times-Roman" could not be found for family "serif"
    Warning in doTryCatch(return(expr), name, parentenv, handler) :
     font "Times-Roman" could not be found for family "serif"
    Warning in doTryCatch(return(expr), name, parentenv, handler) :
     font "Times-Roman" could not be found for family "serif"
    Warning in doTryCatch(return(expr), name, parentenv, handler) :
     font "Times-Roman" could not be found for family "serif"
    Warning in doTryCatch(return(expr), name, parentenv, handler) :
     font "Times-Roman" could not be found for family "serif"
    Warning in doTryCatch(return(expr), name, parentenv, handler) :
     font "Times-Roman" could not be found for family "serif"
    Warning in doTryCatch(return(expr), name, parentenv, handler) :
     font "Times-Roman" could not be found for family "serif"
    Warning in doTryCatch(return(expr), name, parentenv, handler) :
     font "Times-Roman" could not be found for family "serif"
    Warning in doTryCatch(return(expr), name, parentenv, handler) :
     font "Times-Roman" could not be found for family "serif"
    Warning in doTryCatch(return(expr), name, parentenv, handler) :
     font "Times-Roman" could not be found for family "serif"
    Warning in doTryCatch(return(expr), name, parentenv, handler) :
     font "Times-Roman" could not be found for family "serif"
    Warning in doTryCatch(return(expr), name, parentenv, handler) :
     font "Times-Roman" could not be found for family "serif"
    Warning in doTryCatch(return(expr), name, parentenv, handler) :
     font "Times-Roman" could not be found for family "serif"
    Warning in doTryCatch(return(expr), name, parentenv, handler) :
     font "Times-Roman" could not be found for family "serif"
    Warning in doTryCatch(return(expr), name, parentenv, handler) :
     font "Times-Roman" could not be found for family "serif"
    Warning in doTryCatch(return(expr), name, parentenv, handler) :
     font "Times-Roman" could not be found for family "serif"
    Warning in doTryCatch(return(expr), name, parentenv, handler) :
     font "Times-Roman" could not be found for family "serif"
    Warning in doTryCatch(return(expr), name, parentenv, handler) :
     font "Times-Roman" could not be found for family "serif"
    Warning in doTryCatch(return(expr), name, parentenv, handler) :
     font "Times-Roman" could not be found for family "serif"
    Warning in doTryCatch(return(expr), name, parentenv, handler) :
     font "Times-Roman" could not be found for family "serif"
    Warning in doTryCatch(return(expr), name, parentenv, handler) :
     font "Times-Roman" could not be found for family "serif"
    Warning in doTryCatch(return(expr), name, parentenv, handler) :
     font "Times-Roman" could not be found for family "serif"
    Warning in doTryCatch(return(expr), name, parentenv, handler) :
     font "Times-Roman" could not be found for family "serif"
    Warning in doTryCatch(return(expr), name, parentenv, handler) :
     font "Times-Roman" could not be found for family "serif"
    Warning in doTryCatch(return(expr), name, parentenv, handler) :
     font "Times-Roman" could not be found for family "serif"
    Warning in doTryCatch(return(expr), name, parentenv, handler) :
     font "Times-Roman" could not be found for family "serif"
    Warning in doTryCatch(return(expr), name, parentenv, handler) :
     font "Times-Roman" could not be found for family "serif"
    Warning in doTryCatch(return(expr), name, parentenv, handler) :
     font "Times-Roman" could not be found for family "serif"
    Warning in doTryCatch(return(expr), name, parentenv, handler) :
     font "Times-Roman" could not be found for family "serif"
    Warning in doTryCatch(return(expr), name, parentenv, handler) :
     font "Times-Roman" could not be found for family "serif"
    Warning in doTryCatch(return(expr), name, parentenv, handler) :
     font "Times-Roman" could not be found for family "serif"
    Warning in doTryCatch(return(expr), name, parentenv, handler) :
     font "Times-Roman" could not be found for family "serif"
    Warning in doTryCatch(return(expr), name, parentenv, handler) :
     font "Times-Roman" could not be found for family "serif"
    Warning in doTryCatch(return(expr), name, parentenv, handler) :
     font "Times-Roman" could not be found for family "serif"
    Warning in doTryCatch(return(expr), name, parentenv, handler) :
     font "Times-Roman" could not be found for family "serif"
    Warning in doTryCatch(return(expr), name, parentenv, handler) :
     font "Times-Roman" could not be found for family "serif"
    Warning in doTryCatch(return(expr), name, parentenv, handler) :
     font "Times-Roman" could not be found for family "serif"
    Warning in doTryCatch(return(expr), name, parentenv, handler) :
     font "Times-Roman" could not be found for family "serif"
    Warning in doTryCatch(return(expr), name, parentenv, handler) :
     font "Times-Roman" could not be found for family "serif"
    Warning in doTryCatch(return(expr), name, parentenv, handler) :
     font "Times-Roman" could not be found for family "serif"
    Warning in doTryCatch(return(expr), name, parentenv, handler) :
     font "Times-Roman" could not be found for family "serif"
    Warning in doTryCatch(return(expr), name, parentenv, handler) :
     font "Times-Roman" could not be found for family "serif"
    Warning in doTryCatch(return(expr), name, parentenv, handler) :
     font "Times-Roman" could not be found for family "serif"
    Warning in doTryCatch(return(expr), name, parentenv, handler) :
     font "Times-Roman" could not be found for family "serif"
    Warning in doTryCatch(return(expr), name, parentenv, handler) :
     font "Times-Roman" could not be found for family "serif"
    Warning in doTryCatch(return(expr), name, parentenv, handler) :
     font "Times-Roman" could not be found for family "serif"
    Warning in doTryCatch(return(expr), name, parentenv, handler) :
     font "Times-Roman" could not be found for family "serif"
    Warning in doTryCatch(return(expr), name, parentenv, handler) :
     font "Times-Roman" could not be found for family "serif"
    Warning in doTryCatch(return(expr), name, parentenv, handler) :
     font "Times-Roman" could not be found for family "serif"
    Warning in doTryCatch(return(expr), name, parentenv, handler) :
     font "Times-Roman" could not be found for family "serif"
    Warning in doTryCatch(return(expr), name, parentenv, handler) :
     font "Times-Roman" could not be found for family "serif"
    Warning in doTryCatch(return(expr), name, parentenv, handler) :
     font "Times-Roman" could not be found for family "serif"
    Warning in doTryCatch(return(expr), name, parentenv, handler) :
     font "Times-Roman" could not be found for family "serif"
    Warning in doTryCatch(return(expr), name, parentenv, handler) :
     font "Times-Roman" could not be found for family "serif"
    Warning in doTryCatch(return(expr), name, parentenv, handler) :
     font "Times-Roman" could not be found for family "serif"
    Warning in doTryCatch(return(expr), name, parentenv, handler) :
     font "Times-Roman" could not be found for family "serif"
    Warning in doTryCatch(return(expr), name, parentenv, handler) :
     font "Times-Roman" could not be found for family "serif"
    Warning in doTryCatch(return(expr), name, parentenv, handler) :
     font "Times-Roman" could not be found for family "serif"
    Warning in doTryCatch(return(expr), name, parentenv, handler) :
     font "Times-Roman" could not be found for family "serif"
    Warning in doTryCatch(return(expr), name, parentenv, handler) :
     font "Times-Roman" could not be found for family "serif"
    Warning in doTryCatch(return(expr), name, parentenv, handler) :
     font "Times-Roman" could not be found for family "serif"
    Warning in doTryCatch(return(expr), name, parentenv, handler) :
     font "Times-Roman" could not be found for family "serif"
    Warning in doTryCatch(return(expr), name, parentenv, handler) :
     font "Times-Roman" could not be found for family "serif"
    Warning in doTryCatch(return(expr), name, parentenv, handler) :
     font "Times-Roman" could not be found for family "serif"
    Warning in doTryCatch(return(expr), name, parentenv, handler) :
     font "Times-Roman" could not be found for family "serif"
    Warning in doTryCatch(return(expr), name, parentenv, handler) :
     font "Times-Roman" could not be found for family "serif"
    Warning in doTryCatch(return(expr), name, parentenv, handler) :
     font "Times-Roman" could not be found for family "serif"
    Warning in doTryCatch(return(expr), name, parentenv, handler) :
     font "Times-Roman" could not be found for family "serif"
    Warning in doTryCatch(return(expr), name, parentenv, handler) :
     font "Times-Roman" could not be found for family "serif"
    Warning in doTryCatch(return(expr), name, parentenv, handler) :
     font "Times-Roman" could not be found for family "serif"
    Warning in doTryCatch(return(expr), name, parentenv, handler) :
     font "Times-Roman" could not be found for family "serif"
    Warning in doTryCatch(return(expr), name, parentenv, handler) :
     font "Times-Roman" could not be found for family "serif"
    Warning in doTryCatch(return(expr), name, parentenv, handler) :
     font "Times-Roman" could not be found for family "serif"
    Warning in doTryCatch(return(expr), name, parentenv, handler) :
     font "Times-Roman" could not be found for family "serif"
    Warning in doTryCatch(return(expr), name, parentenv, handler) :
     font "Times-Roman" could not be found for family "serif"
    Warning in doTryCatch(return(expr), name, parentenv, handler) :
     font "Times-Roman" could not be found for family "serif"
    Warning in doTryCatch(return(expr), name, parentenv, handler) :
     font "Times-Roman" could not be found for family "serif"
    Warning in doTryCatch(return(expr), name, parentenv, handler) :
     font "Times-Roman" could not be found for family "serif"
    Warning in doTryCatch(return(expr), name, parentenv, handler) :
     font "Times-Roman" could not be found for family "serif"
    Warning in doTryCatch(return(expr), name, parentenv, handler) :
     font "Times-Roman" could not be found for family "serif"
    Warning in doTryCatch(return(expr), name, parentenv, handler) :
     font "Times-Roman" could not be found for family "serif"
    Warning in doTryCatch(return(expr), name, parentenv, handler) :
     font "Times-Roman" could not be found for family "serif"
    Warning in doTryCatch(return(expr), name, parentenv, handler) :
     font "Times-Roman" could not be found for family "serif"
    Warning in doTryCatch(return(expr), name, parentenv, handler) :
     font "Times-Roman" could not be found for family "serif"
    Warning in doTryCatch(return(expr), name, parentenv, handler) :
     font "Times-Roman" could not be found for family "serif"
    Warning in doTryCatch(return(expr), name, parentenv, handler) :
     font "Times-Roman" could not be found for family "serif"
    Warning in doTryCatch(return(expr), name, parentenv, handler) :
     font "Times-Roman" could not be found for family "serif"
    Warning in doTryCatch(return(expr), name, parentenv, handler) :
     font "Times-Roman" could not be found for family "serif"
    Warning in doTryCatch(return(expr), name, parentenv, handler) :
     font "Times-Roman" could not be found for family "serif"
    Warning in doTryCatch(return(expr), name, parentenv, handler) :
     font "Times-Roman" could not be found for family "serif"
    Warning in doTryCatch(return(expr), name, parentenv, handler) :
     font "Times-Roman" could not be found for family "serif"
    Warning in doTryCatch(return(expr), name, parentenv, handler) :
     font "Times-Roman" could not be found for family "serif"
    Warning in doTryCatch(return(expr), name, parentenv, handler) :
     font "Times-Roman" could not be found for family "serif"
    Warning in doTryCatch(return(expr), name, parentenv, handler) :
     font "Times-Roman" could not be found for family "serif"
    Warning in doTryCatch(return(expr), name, parentenv, handler) :
     font "Times-Roman" could not be found for family "serif"
    Warning in doTryCatch(return(expr), name, parentenv, handler) :
     font "Times-Roman" could not be found for family "serif"
    Warning in doTryCatch(return(expr), name, parentenv, handler) :
     font "Times-Roman" could not be found for family "serif"
    Warning in doTryCatch(return(expr), name, parentenv, handler) :
     font "Times-Roman" could not be found for family "serif"
    Warning in doTryCatch(return(expr), name, parentenv, handler) :
     font "Times-Roman" could not be found for family "serif"
    Warning in doTryCatch(return(expr), name, parentenv, handler) :
     font "Times-Roman" could not be found for family "serif"
    Warning in doTryCatch(return(expr), name, parentenv, handler) :
     font "Times-Roman" could not be found for family "serif"
    Warning in doTryCatch(return(expr), name, parentenv, handler) :
     font "Times-Roman" could not be found for family "serif"
    Warning in doTryCatch(return(expr), name, parentenv, handler) :
     font "Times-Roman" could not be found for family "serif"
    Warning in doTryCatch(return(expr), name, parentenv, handler) :
     font "Times-Roman" could not be found for family "serif"
    Warning in doTryCatch(return(expr), name, parentenv, handler) :
     font "Times-Roman" could not be found for family "serif"
    Warning in doTryCatch(return(expr), name, parentenv, handler) :
     font "Times-Roman" could not be found for family "serif"
    Warning in doTryCatch(return(expr), name, parentenv, handler) :
     font "Times-Roman" could not be found for family "serif"
    Warning in doTryCatch(return(expr), name, parentenv, handler) :
     font "Times-Roman" could not be found for family "serif"
    Warning in doTryCatch(return(expr), name, parentenv, handler) :
     font "Times-Roman" could not be found for family "serif"
    Warning in doTryCatch(return(expr), name, parentenv, handler) :
     font "Times-Roman" could not be found for family "serif"
    Warning in doTryCatch(return(expr), name, parentenv, handler) :
     font "Times-Roman" could not be found for family "serif"
    Warning in doTryCatch(return(expr), name, parentenv, handler) :
     font "Times-Roman" could not be found for family "serif"
    Warning in doTryCatch(return(expr), name, parentenv, handler) :
     font "Times-Roman" could not be found for family "serif"
    Warning in doTryCatch(return(expr), name, parentenv, handler) :
     font "Times-Roman" could not be found for family "serif"
    Warning in doTryCatch(return(expr), name, parentenv, handler) :
     font "Times-Roman" could not be found for family "serif"
    Warning in doTryCatch(return(expr), name, parentenv, handler) :
     font "Times-Roman" could not be found for family "serif"
    Warning in doTryCatch(return(expr), name, parentenv, handler) :
     font "Times-Roman" could not be found for family "serif"
    Warning in doTryCatch(return(expr), name, parentenv, handler) :
     font "Times-Roman" could not be found for family "serif"
    Warning in doTryCatch(return(expr), name, parentenv, handler) :
     font "Times-Roman" could not be found for family "serif"
    Warning in doTryCatch(return(expr), name, parentenv, handler) :
     font "Times-Roman" could not be found for family "serif"
    Warning in doTryCatch(return(expr), name, parentenv, handler) :
     font "Times-Roman" could not be found for family "serif"
    Warning in doTryCatch(return(expr), name, parentenv, handler) :
     font "Times-Roman" could not be found for family "serif"
    Warning in doTryCatch(return(expr), name, parentenv, handler) :
     font "Times-Roman" could not be found for family "serif"
    Warning in doTryCatch(return(expr), name, parentenv, handler) :
     font "Times-Roman" could not be found for family "serif"
    Warning in doTryCatch(return(expr), name, parentenv, handler) :
     font "Times-Roman" could not be found for family "serif"
    Warning in doTryCatch(return(expr), name, parentenv, handler) :
     font "Times-Roman" could not be found for family "serif"
    Warning in doTryCatch(return(expr), name, parentenv, handler) :
     font "Times-Roman" could not be found for family "serif"
    Warning in doTryCatch(return(expr), name, parentenv, handler) :
     font "Times-Roman" could not be found for family "serif"
    Warning in doTryCatch(return(expr), name, parentenv, handler) :
     font "Times-Roman" could not be found for family "serif"
    Warning in doTryCatch(return(expr), name, parentenv, handler) :
     font "Times-Roman" could not be found for family "serif"
    Warning in doTryCatch(return(expr), name, parentenv, handler) :
     font "Times-Roman" could not be found for family "serif"
    Warning in doTryCatch(return(expr), name, parentenv, handler) :
     font "Times-Roman" could not be found for family "serif"
    Warning in doTryCatch(return(expr), name, parentenv, handler) :
     font "Times-Roman" could not be found for family "serif"
    Warning in doTryCatch(return(expr), name, parentenv, handler) :
     font "Times-Roman" could not be found for family "serif"
    Warning in doTryCatch(return(expr), name, parentenv, handler) :
     font "Times-Roman" could not be found for family "serif"
    Warning in doTryCatch(return(expr), name, parentenv, handler) :
     font "Times-Roman" could not be found for family "serif"
    Warning in doTryCatch(return(expr), name, parentenv, handler) :
     font "Times-Roman" could not be found for family "serif"
    Warning in doTryCatch(return(expr), name, parentenv, handler) :
     font "Times-Roman" could not be found for family "serif"
    Warning in doTryCatch(return(expr), name, parentenv, handler) :
     font "Times-Roman" could not be found for family "serif"
    Warning in doTryCatch(return(expr), name, parentenv, handler) :
     font "Times-Roman" could not be found for family "serif"
    Warning in doTryCatch(return(expr), name, parentenv, handler) :
     font "Times-Roman" could not be found for family "serif"
    Warning in doTryCatch(return(expr), name, parentenv, handler) :
     font "Times-Roman" could not be found for family "serif"
    Warning in doTryCatch(return(expr), name, parentenv, handler) :
     font "Times-Roman" could not be found for family "serif"
    Warning in doTryCatch(return(expr), name, parentenv, handler) :
     font "Times-Roman" could not be found for family "serif"
    Warning in doTryCatch(return(expr), name, parentenv, handler) :
     font "Times-Roman" could not be found for family "serif"
    Warning in doTryCatch(return(expr), name, parentenv, handler) :
     font "Times-Roman" could not be found for family "serif"
    Warning in doTryCatch(return(expr), name, parentenv, handler) :
     font "Times-Roman" could not be found for family "serif"
    Warning in doTryCatch(return(expr), name, parentenv, handler) :
     font "Times-Roman" could not be found for family "serif"
    Warning in doTryCatch(return(expr), name, parentenv, handler) :
     font "Times-Roman" could not be found for family "serif"
    Warning in doTryCatch(return(expr), name, parentenv, handler) :
     font "Times-Roman" could not be found for family "serif"
    Warning in doTryCatch(return(expr), name, parentenv, handler) :
     font "Times-Roman" could not be found for family "serif"
    Warning in doTryCatch(return(expr), name, parentenv, handler) :
     font "Times-Roman" could not be found for family "serif"
    Warning in doTryCatch(return(expr), name, parentenv, handler) :
     font "Times-Roman" could not be found for family "serif"
    Warning in doTryCatch(return(expr), name, parentenv, handler) :
     font "Times-Roman" could not be found for family "serif"
    Warning in doTryCatch(return(expr), name, parentenv, handler) :
     font "Times-Roman" could not be found for family "serif"
    Warning in doTryCatch(return(expr), name, parentenv, handler) :
     font "Times-Roman" could not be found for family "serif"
    Warning in doTryCatch(return(expr), name, parentenv, handler) :
     font "Times-Roman" could not be found for family "serif"
    Warning in doTryCatch(return(expr), name, parentenv, handler) :
     font "Times-Roman" could not be found for family "serif"
    Warning in doTryCatch(return(expr), name, parentenv, handler) :
     font "Times-Roman" could not be found for family "serif"
    Warning in doTryCatch(return(expr), name, parentenv, handler) :
     font "Times-Roman" could not be found for family "serif"
    Warning in doTryCatch(return(expr), name, parentenv, handler) :
     font "Times-Roman" could not be found for family "serif"
    Warning in doTryCatch(return(expr), name, parentenv, handler) :
     font "Times-Roman" could not be found for family "serif"
    Warning in doTryCatch(return(expr), name, parentenv, handler) :
     font "Times-Roman" could not be found for family "serif"
    Warning in doTryCatch(return(expr), name, parentenv, handler) :
     font "Times-Roman" could not be found for family "serif"
    Warning in doTryCatch(return(expr), name, parentenv, handler) :
     font "Times-Roman" could not be found for family "serif"
    Warning in doTryCatch(return(expr), name, parentenv, handler) :
     font "Times-Roman" could not be found for family "serif"
    Warning in doTryCatch(return(expr), name, parentenv, handler) :
     font "Times-Roman" could not be found for family "serif"
    Warning in doTryCatch(return(expr), name, parentenv, handler) :
     font "Times-Roman" could not be found for family "serif"
    Warning in doTryCatch(return(expr), name, parentenv, handler) :
     font "Times-Roman" could not be found for family "serif"
    Warning in doTryCatch(return(expr), name, parentenv, handler) :
     font "Times-Roman" could not be found for family "serif"
    Warning in doTryCatch(return(expr), name, parentenv, handler) :
     font "Times-Roman" could not be found for family "serif"
    Warning in doTryCatch(return(expr), name, parentenv, handler) :
     font "Times-Roman" could not be found for family "serif"
    Warning in doTryCatch(return(expr), name, parentenv, handler) :
     font "Times-Roman" could not be found for family "serif"
    Warning in doTryCatch(return(expr), name, parentenv, handler) :
     font "Times-Roman" could not be found for family "serif"
    Warning in doTryCatch(return(expr), name, parentenv, handler) :
     font "Times-Roman" could not be found for family "serif"
    Warning in doTryCatch(return(expr), name, parentenv, handler) :
     font "Times-Roman" could not be found for family "serif"
    Warning in doTryCatch(return(expr), name, parentenv, handler) :
     font "Times-Roman" could not be found for family "serif"
    Warning in doTryCatch(return(expr), name, parentenv, handler) :
     font "Times-Roman" could not be found for family "serif"
    Warning in doTryCatch(return(expr), name, parentenv, handler) :
     font "Times-Roman" could not be found for family "serif"
    Warning in doTryCatch(return(expr), name, parentenv, handler) :
     font "Times-Roman" could not be found for family "serif"
    Warning in doTryCatch(return(expr), name, parentenv, handler) :
     font "Times-Roman" could not be found for family "serif"
    Warning in doTryCatch(return(expr), name, parentenv, handler) :
     font "Times-Roman" could not be found for family "serif"
    Warning in doTryCatch(return(expr), name, parentenv, handler) :
     font "Times-Roman" could not be found for family "serif"
    Warning in doTryCatch(return(expr), name, parentenv, handler) :
     font "Times-Roman" could not be found for family "serif"
    Warning in doTryCatch(return(expr), name, parentenv, handler) :
     font "Times-Roman" could not be found for family "serif"
    Warning in doTryCatch(return(expr), name, parentenv, handler) :
     font "Times-Roman" could not be found for family "serif"
    Warning in doTryCatch(return(expr), name, parentenv, handler) :
     font "Times-Roman" could not be found for family "serif"
    Warning in doTryCatch(return(expr), name, parentenv, handler) :
     font "Times-Roman" could not be found for family "serif"
    Warning in doTryCatch(return(expr), name, parentenv, handler) :
     font "Times-Roman" could not be found for family "serif"
    Warning in doTryCatch(return(expr), name, parentenv, handler) :
     font "Times-Roman" could not be found for family "serif"
    Warning in doTryCatch(return(expr), name, parentenv, handler) :
     font "Times-Roman" could not be found for family "serif"
    Warning in doTryCatch(return(expr), name, parentenv, handler) :
     font "Times-Roman" could not be found for family "serif"
    Warning in doTryCatch(return(expr), name, parentenv, handler) :
     font "Times-Roman" could not be found for family "serif"
    Warning in doTryCatch(return(expr), name, parentenv, handler) :
     font "Times-Roman" could not be found for family "serif"
    Warning in doTryCatch(return(expr), name, parentenv, handler) :
     font "Times-Roman" could not be found for family "serif"
    Warning in doTryCatch(return(expr), name, parentenv, handler) :
     font "Times-Roman" could not be found for family "serif"
    Warning in doTryCatch(return(expr), name, parentenv, handler) :
     font "Times-Roman" could not be found for family "serif"
    Warning in doTryCatch(return(expr), name, parentenv, handler) :
     font "Times-Roman" could not be found for family "serif"
    Warning in doTryCatch(return(expr), name, parentenv, handler) :
     font "Times-Roman" could not be found for family "serif"
    Warning in doTryCatch(return(expr), name, parentenv, handler) :
     font "Times-Roman" could not be found for family "serif"
    Warning in doTryCatch(return(expr), name, parentenv, handler) :
     font "Times-Roman" could not be found for family "serif"
    Warning in doTryCatch(return(expr), name, parentenv, handler) :
     font "Times-Roman" could not be found for family "serif"
    Warning in doTryCatch(return(expr), name, parentenv, handler) :
     font "Times-Roman" could not be found for family "serif"
    Warning in doTryCatch(return(expr), name, parentenv, handler) :
     font "Times-Roman" could not be found for family "serif"
    Warning in doTryCatch(return(expr), name, parentenv, handler) :
     font "Times-Roman" could not be found for family "serif"
    Warning in doTryCatch(return(expr), name, parentenv, handler) :
     font "Times-Roman" could not be found for family "serif"
    Warning in doTryCatch(return(expr), name, parentenv, handler) :
     font "Times-Roman" could not be found for family "serif"
    Warning in doTryCatch(return(expr), name, parentenv, handler) :
     font "Times-Roman" could not be found for family "serif"
    Warning in doTryCatch(return(expr), name, parentenv, handler) :
     font "Times-Roman" could not be found for family "serif"
    Warning in doTryCatch(return(expr), name, parentenv, handler) :
     font "Times-Roman" could not be found for family "serif"
    Warning in doTryCatch(return(expr), name, parentenv, handler) :
     font "Times-Roman" could not be found for family "serif"
    Warning in doTryCatch(return(expr), name, parentenv, handler) :
     font "Times-Roman" could not be found for family "serif"
    Warning in doTryCatch(return(expr), name, parentenv, handler) :
     font "Times-Roman" could not be found for family "serif"
    Warning in doTryCatch(return(expr), name, parentenv, handler) :
     font "Times-Roman" could not be found for family "serif"
    Warning in doTryCatch(return(expr), name, parentenv, handler) :
     font "Times-Roman" could not be found for family "serif"
    Warning in doTryCatch(return(expr), name, parentenv, handler) :
     font "Times-Roman" could not be found for family "serif"
    Warning in doTryCatch(return(expr), name, parentenv, handler) :
     font "Times-Roman" could not be found for family "serif"
    Warning in doTryCatch(return(expr), name, parentenv, handler) :
     font "Times-Roman" could not be found for family "serif"
    Warning in doTryCatch(return(expr), name, parentenv, handler) :
     font "Times-Roman" could not be found for family "serif"
    Warning in doTryCatch(return(expr), name, parentenv, handler) :
     font "Times-Roman" could not be found for family "serif"
    Warning in doTryCatch(return(expr), name, parentenv, handler) :
     font "Times-Roman" could not be found for family "serif"
    Warning in doTryCatch(return(expr), name, parentenv, handler) :
     font "Times-Roman" could not be found for family "serif"
    Warning in doTryCatch(return(expr), name, parentenv, handler) :
     font "Times-Roman" could not be found for family "serif"
    Warning in doTryCatch(return(expr), name, parentenv, handler) :
     font "Times-Roman" could not be found for family "serif"
    Warning in doTryCatch(return(expr), name, parentenv, handler) :
     font "Times-Roman" could not be found for family "serif"
    Warning in doTryCatch(return(expr), name, parentenv, handler) :
     font "Times-Roman" could not be found for family "serif"
    Warning in doTryCatch(return(expr), name, parentenv, handler) :
     font "Times-Roman" could not be found for family "serif"
    Warning in doTryCatch(return(expr), name, parentenv, handler) :
     font "Times-Roman" could not be found for family "serif"
    Warning in doTryCatch(return(expr), name, parentenv, handler) :
     font "Times-Roman" could not be found for family "serif"
    Warning in doTryCatch(return(expr), name, parentenv, handler) :
     font "Times-Roman" could not be found for family "serif"
    Warning in doTryCatch(return(expr), name, parentenv, handler) :
     font "Times-Roman" could not be found for family "serif"
    Warning in doTryCatch(return(expr), name, parentenv, handler) :
     font "Times-Roman" could not be found for family "serif"
    Warning in doTryCatch(return(expr), name, parentenv, handler) :
     font "Times-Roman" could not be found for family "serif"
    Warning in doTryCatch(return(expr), name, parentenv, handler) :
     font "Times-Roman" could not be found for family "serif"
    Warning in doTryCatch(return(expr), name, parentenv, handler) :
     font "Times-Roman" could not be found for family "serif"
    Warning in doTryCatch(return(expr), name, parentenv, handler) :
     font "Times-Roman" could not be found for family "serif"
    Warning in doTryCatch(return(expr), name, parentenv, handler) :
     font "Times-Roman" could not be found for family "serif"
    Warning in doTryCatch(return(expr), name, parentenv, handler) :
     font "Times-Roman" could not be found for family "serif"
    Warning in doTryCatch(return(expr), name, parentenv, handler) :
     font "Times-Roman" could not be found for family "serif"
    Warning in doTryCatch(return(expr), name, parentenv, handler) :
     font "Times-Roman" could not be found for family "serif"
    Warning in doTryCatch(return(expr), name, parentenv, handler) :
     font "Times-Roman" could not be found for family "serif"
    Warning in doTryCatch(return(expr), name, parentenv, handler) :
     font "Times-Roman" could not be found for family "serif"
    Warning in doTryCatch(return(expr), name, parentenv, handler) :
     font "Times-Roman" could not be found for family "serif"
    Warning in doTryCatch(return(expr), name, parentenv, handler) :
     font "Times-Roman" could not be found for family "serif"
    Warning in doTryCatch(return(expr), name, parentenv, handler) :
     font "Times-Roman" could not be found for family "serif"
    Warning in doTryCatch(return(expr), name, parentenv, handler) :
     font "Times-Roman" could not be found for family "serif"
    Warning in doTryCatch(return(expr), name, parentenv, handler) :
     font "Times-Roman" could not be found for family "serif"
    Warning in doTryCatch(return(expr), name, parentenv, handler) :
     font "Times-Roman" could not be found for family "serif"
    Warning in doTryCatch(return(expr), name, parentenv, handler) :
     font "Times-Roman" could not be found for family "serif"
    Warning in doTryCatch(return(expr), name, parentenv, handler) :
     font "Times-Roman" could not be found for family "serif"
    Warning in doTryCatch(return(expr), name, parentenv, handler) :
     font "Times-Roman" could not be found for family "serif"
    Warning in doTryCatch(return(expr), name, parentenv, handler) :
     font "Times-Roman" could not be found for family "serif"
    Warning in doTryCatch(return(expr), name, parentenv, handler) :
     font "Times-Roman" could not be found for family "serif"
    Warning in doTryCatch(return(expr), name, parentenv, handler) :
     font "Times-Roman" could not be found for family "serif"
    Warning in doTryCatch(return(expr), name, parentenv, handler) :
     font "Times-Roman" could not be found for family "serif"
    Warning in doTryCatch(return(expr), name, parentenv, handler) :
     font "Times-Roman" could not be found for family "serif"
    Warning in doTryCatch(return(expr), name, parentenv, handler) :
     font "Times-Roman" could not be found for family "serif"
    Warning in doTryCatch(return(expr), name, parentenv, handler) :
     font "Times-Roman" could not be found for family "serif"
    Warning in doTryCatch(return(expr), name, parentenv, handler) :
     font "Times-Roman" could not be found for family "serif"
    Warning in doTryCatch(return(expr), name, parentenv, handler) :
     font "Times-Roman" could not be found for family "serif"
    Warning in doTryCatch(return(expr), name, parentenv, handler) :
     font "Times-Roman" could not be found for family "serif"
    Warning in doTryCatch(return(expr), name, parentenv, handler) :
     font "Times-Roman" could not be found for family "serif"
    Warning in doTryCatch(return(expr), name, parentenv, handler) :
     font "Times-Roman" could not be found for family "serif"
    Warning in doTryCatch(return(expr), name, parentenv, handler) :
     font "Times-Roman" could not be found for family "serif"
    Warning in doTryCatch(return(expr), name, parentenv, handler) :
     font "Times-Roman" could not be found for family "serif"
    Warning in doTryCatch(return(expr), name, parentenv, handler) :
     font "Times-Roman" could not be found for family "serif"
    Warning in doTryCatch(return(expr), name, parentenv, handler) :
     font "Times-Roman" could not be found for family "serif"
    Warning in doTryCatch(return(expr), name, parentenv, handler) :
     font "Times-Roman" could not be found for family "serif"
    Warning in doTryCatch(return(expr), name, parentenv, handler) :
     font "Times-Roman" could not be found for family "serif"
    Warning in doTryCatch(return(expr), name, parentenv, handler) :
     font "Times-Roman" could not be found for family "serif"
    Warning in doTryCatch(return(expr), name, parentenv, handler) :
     font "Times-Roman" could not be found for family "serif"
    Warning in doTryCatch(return(expr), name, parentenv, handler) :
     font "Times-Roman" could not be found for family "serif"
    Warning in doTryCatch(return(expr), name, parentenv, handler) :
     font "Times-Roman" could not be found for family "serif"
    Warning in doTryCatch(return(expr), name, parentenv, handler) :
     font "Times-Roman" could not be found for family "serif"
    Warning in doTryCatch(return(expr), name, parentenv, handler) :
     font "Times-Roman" could not be found for family "serif"
    Warning in doTryCatch(return(expr), name, parentenv, handler) :
     font "Times-Roman" could not be found for family "serif"
    Warning in doTryCatch(return(expr), name, parentenv, handler) :
     font "Times-Roman" could not be found for family "serif"
    Warning in doTryCatch(return(expr), name, parentenv, handler) :
     font "Times-Roman" could not be found for family "serif"
    Warning in doTryCatch(return(expr), name, parentenv, handler) :
     font "Times-Roman" could not be found for family "serif"
    Warning in doTryCatch(return(expr), name, parentenv, handler) :
     font "Times-Roman" could not be found for family "serif"
    Warning in doTryCatch(return(expr), name, parentenv, handler) :
     font "Times-Roman" could not be found for family "serif"
    Warning in doTryCatch(return(expr), name, parentenv, handler) :
     font "Times-Roman" could not be found for family "serif"
    Warning in doTryCatch(return(expr), name, parentenv, handler) :
     font "Times-Roman" could not be found for family "serif"
    Warning in doTryCatch(return(expr), name, parentenv, handler) :
     font "Times-Roman" could not be found for family "serif"
    Warning in doTryCatch(return(expr), name, parentenv, handler) :
     font "Times-Roman" could not be found for family "serif"
    Warning in doTryCatch(return(expr), name, parentenv, handler) :
     font "Times-Roman" could not be found for family "serif"
    Warning in doTryCatch(return(expr), name, parentenv, handler) :
     font "Times-Roman" could not be found for family "serif"
    Warning in doTryCatch(return(expr), name, parentenv, handler) :
     font "Times-Roman" could not be found for family "serif"
    Warning in doTryCatch(return(expr), name, parentenv, handler) :
     font "Times-Roman" could not be found for family "serif"
    Warning in doTryCatch(return(expr), name, parentenv, handler) :
     font "Times-Roman" could not be found for family "serif"
    Warning in doTryCatch(return(expr), name, parentenv, handler) :
     font "Times-Roman" could not be found for family "serif"
    Warning in doTryCatch(return(expr), name, parentenv, handler) :
     font "Times-Roman" could not be found for family "serif"
    Warning in doTryCatch(return(expr), name, parentenv, handler) :
     font "Times-Roman" could not be found for family "serif"
    Warning in doTryCatch(return(expr), name, parentenv, handler) :
     font "Times-Roman" could not be found for family "serif"
    Warning in doTryCatch(return(expr), name, parentenv, handler) :
     font "Times-Roman" could not be found for family "serif"
    Warning in doTryCatch(return(expr), name, parentenv, handler) :
     font "Times-Roman" could not be found for family "serif"
    Warning in doTryCatch(return(expr), name, parentenv, handler) :
     font "Times-Roman" could not be found for family "serif"
    Warning in doTryCatch(return(expr), name, parentenv, handler) :
     font "Times-Roman" could not be found for family "serif"
    Warning in doTryCatch(return(expr), name, parentenv, handler) :
     font "Times-Roman" could not be found for family "serif"
    Warning in doTryCatch(return(expr), name, parentenv, handler) :
     font "Times-Roman" could not be found for family "serif"
    Warning in doTryCatch(return(expr), name, parentenv, handler) :
     font "Times-Roman" could not be found for family "serif"
    Warning in doTryCatch(return(expr), name, parentenv, handler) :
     font "Times-Roman" could not be found for family "serif"
    Warning in doTryCatch(return(expr), name, parentenv, handler) :
     font "Times-Roman" could not be found for family "serif"
    Warning in doTryCatch(return(expr), name, parentenv, handler) :
     font "Times-Roman" could not be found for family "serif"
    Warning in doTryCatch(return(expr), name, parentenv, handler) :
     font "Times-Roman" could not be found for family "serif"
    Warning in doTryCatch(return(expr), name, parentenv, handler) :
     font "Times-Roman" could not be found for family "serif"
    Warning in doTryCatch(return(expr), name, parentenv, handler) :
     font "Times-Roman" could not be found for family "serif"
    Warning in doTryCatch(return(expr), name, parentenv, handler) :
     font "Times-Roman" could not be found for family "serif"
    Warning in doTryCatch(return(expr), name, parentenv, handler) :
     font "Times-Roman" could not be found for family "serif"
    Warning in doTryCatch(return(expr), name, parentenv, handler) :
     font "Times-Roman" could not be found for family "serif"
    Warning in doTryCatch(return(expr), name, parentenv, handler) :
     font "Times-Roman" could not be found for family "serif"
    Warning in doTryCatch(return(expr), name, parentenv, handler) :
     font "Times-Roman" could not be found for family "serif"
    Warning in doTryCatch(return(expr), name, parentenv, handler) :
     font "Times-Roman" could not be found for family "serif"
    Warning in doTryCatch(return(expr), name, parentenv, handler) :
     font "Times-Roman" could not be found for family "serif"
    Warning in doTryCatch(return(expr), name, parentenv, handler) :
     font "Times-Roman" could not be found for family "serif"
    Warning in doTryCatch(return(expr), name, parentenv, handler) :
     font "Times-Roman" could not be found for family "serif"
    Warning in doTryCatch(return(expr), name, parentenv, handler) :
     font "Times-Roman" could not be found for family "serif"
    Warning in doTryCatch(return(expr), name, parentenv, handler) :
     font "Times-Roman" could not be found for family "serif"
    Warning in doTryCatch(return(expr), name, parentenv, handler) :
     font "Times-Roman" could not be found for family "serif"
    Warning in doTryCatch(return(expr), name, parentenv, handler) :
     font "Times-Roman" could not be found for family "serif"
    Warning in doTryCatch(return(expr), name, parentenv, handler) :
     font "Times-Roman" could not be found for family "serif"
    Warning in doTryCatch(return(expr), name, parentenv, handler) :
     font "Times-Roman" could not be found for family "serif"
    Warning in doTryCatch(return(expr), name, parentenv, handler) :
     font "Times-Roman" could not be found for family "serif"
    Warning in doTryCatch(return(expr), name, parentenv, handler) :
     font "Times-Roman" could not be found for family "serif"
    Warning in doTryCatch(return(expr), name, parentenv, handler) :
     font "Times-Roman" could not be found for family "serif"
    Warning in doTryCatch(return(expr), name, parentenv, handler) :
     font "Times-Roman" could not be found for family "serif"
    Warning in doTryCatch(return(expr), name, parentenv, handler) :
     font "Times-Roman" could not be found for family "serif"
    Warning in doTryCatch(return(expr), name, parentenv, handler) :
     font "Times-Roman" could not be found for family "serif"
    Warning in doTryCatch(return(expr), name, parentenv, handler) :
     font "Times-Roman" could not be found for family "serif"
    Warning in doTryCatch(return(expr), name, parentenv, handler) :
     font "Times-Roman" could not be found for family "serif"
    Warning in doTryCatch(return(expr), name, parentenv, handler) :
     font "Times-Roman" could not be found for family "serif"
    Warning in doTryCatch(return(expr), name, parentenv, handler) :
     font "Times-Roman" could not be found for family "serif"
    Warning in doTryCatch(return(expr), name, parentenv, handler) :
     font "Times-Roman" could not be found for family "serif"
    Warning in doTryCatch(return(expr), name, parentenv, handler) :
     font "Times-Roman" could not be found for family "serif"
    Warning in doTryCatch(return(expr), name, parentenv, handler) :
     font "Times-Roman" could not be found for family "serif"
    Warning in doTryCatch(return(expr), name, parentenv, handler) :
     font "Times-Roman" could not be found for family "serif"
    Warning in doTryCatch(return(expr), name, parentenv, handler) :
     font "Times-Roman" could not be found for family "serif"
    Warning in doTryCatch(return(expr), name, parentenv, handler) :
     font "Times-Roman" could not be found for family "serif"
    Warning in doTryCatch(return(expr), name, parentenv, handler) :
     font "Times-Roman" could not be found for family "serif"
    Warning in doTryCatch(return(expr), name, parentenv, handler) :
     font "Times-Roman" could not be found for family "serif"
    Warning in doTryCatch(return(expr), name, parentenv, handler) :
     font "Times-Roman" could not be found for family "serif"
    Warning in doTryCatch(return(expr), name, parentenv, handler) :
     font "Times-Roman" could not be found for family "serif"
    Warning in doTryCatch(return(expr), name, parentenv, handler) :
     font "Times-Roman" could not be found for family "serif"
    Warning in doTryCatch(return(expr), name, parentenv, handler) :
     font "Times-Roman" could not be found for family "serif"
    Warning in doTryCatch(return(expr), name, parentenv, handler) :
     font "Times-Roman" could not be found for family "serif"
    Warning in doTryCatch(return(expr), name, parentenv, handler) :
     font "Times-Roman" could not be found for family "serif"
    Warning in doTryCatch(return(expr), name, parentenv, handler) :
     font "Times-Roman" could not be found for family "serif"
    Warning in doTryCatch(return(expr), name, parentenv, handler) :
     font "Times-Roman" could not be found for family "serif"
    Warning in doTryCatch(return(expr), name, parentenv, handler) :
     font "Times-Roman" could not be found for family "serif"
    Warning in doTryCatch(return(expr), name, parentenv, handler) :
     font "Times-Roman" could not be found for family "serif"
    Warning in doTryCatch(return(expr), name, parentenv, handler) :
     font "Times-Roman" could not be found for family "serif"
    Warning in doTryCatch(return(expr), name, parentenv, handler) :
     font "Times-Roman" could not be found for family "serif"
    Warning in doTryCatch(return(expr), name, parentenv, handler) :
     font "Times-Roman" could not be found for family "serif"
    Warning in doTryCatch(return(expr), name, parentenv, handler) :
     font "Times-Roman" could not be found for family "serif"
    Warning in doTryCatch(return(expr), name, parentenv, handler) :
     font "Times-Roman" could not be found for family "serif"
    Warning in doTryCatch(return(expr), name, parentenv, handler) :
     font "Times-Roman" could not be found for family "serif"
    Warning in doTryCatch(return(expr), name, parentenv, handler) :
     font "Times-Roman" could not be found for family "serif"
    Warning in doTryCatch(return(expr), name, parentenv, handler) :
     font "Times-Roman" could not be found for family "serif"
    Warning in doTryCatch(return(expr), name, parentenv, handler) :
     font "Times-Roman" could not be found for family "serif"
    Warning in doTryCatch(return(expr), name, parentenv, handler) :
     font "Times-Roman" could not be found for family "serif"
    Warning in doTryCatch(return(expr), name, parentenv, handler) :
     font "Times-Roman" could not be found for family "serif"
    Warning in doTryCatch(return(expr), name, parentenv, handler) :
     font "Times-Roman" could not be found for family "serif"
    Warning in doTryCatch(return(expr), name, parentenv, handler) :
     font "Times-Roman" could not be found for family "serif"
    Warning in doTryCatch(return(expr), name, parentenv, handler) :
     font "Times-Roman" could not be found for family "serif"
    Warning in doTryCatch(return(expr), name, parentenv, handler) :
     font "Times-Roman" could not be found for family "serif"
    Warning in doTryCatch(return(expr), name, parentenv, handler) :
     font "Times-Roman" could not be found for family "serif"
    Warning in doTryCatch(return(expr), name, parentenv, handler) :
     font "Times-Roman" could not be found for family "serif"
    Warning in doTryCatch(return(expr), name, parentenv, handler) :
     font "Times-Roman" could not be found for family "serif"
    Warning in doTryCatch(return(expr), name, parentenv, handler) :
     font "Times-Roman" could not be found for family "serif"
    Warning in doTryCatch(return(expr), name, parentenv, handler) :
     font "Times-Roman" could not be found for family "serif"
    Warning in doTryCatch(return(expr), name, parentenv, handler) :
     font "Times-Roman" could not be found for family "serif"
    Warning in doTryCatch(return(expr), name, parentenv, handler) :
     font "Times-Roman" could not be found for family "serif"
    Warning in doTryCatch(return(expr), name, parentenv, handler) :
     font "Times-Roman" could not be found for family "serif"
    Warning in doTryCatch(return(expr), name, parentenv, handler) :
     font "Times-Roman" could not be found for family "serif"
    Warning in doTryCatch(return(expr), name, parentenv, handler) :
     font "Times-Roman" could not be found for family "serif"
    Warning in doTryCatch(return(expr), name, parentenv, handler) :
     font "Times-Roman" could not be found for family "serif"
    Warning in doTryCatch(return(expr), name, parentenv, handler) :
     font "Times-Roman" could not be found for family "serif"
    Warning in doTryCatch(return(expr), name, parentenv, handler) :
     font "Times-Roman" could not be found for family "serif"
    Warning in doTryCatch(return(expr), name, parentenv, handler) :
     font "Times-Roman" could not be found for family "serif"
    Warning in doTryCatch(return(expr), name, parentenv, handler) :
     font "Times-Roman" could not be found for family "serif"
    Warning in doTryCatch(return(expr), name, parentenv, handler) :
     font "Times-Roman" could not be found for family "serif"
    Warning in doTryCatch(return(expr), name, parentenv, handler) :
     font "Times-Roman" could not be found for family "serif"
    Warning in doTryCatch(return(expr), name, parentenv, handler) :
     font "Times-Roman" could not be found for family "serif"
    Warning in doTryCatch(return(expr), name, parentenv, handler) :
     font "Times-Roman" could not be found for family "serif"
    Warning in doTryCatch(return(expr), name, parentenv, handler) :
     font "Times-Roman" could not be found for family "serif"
    Warning in doTryCatch(return(expr), name, parentenv, handler) :
     font "Times-Roman" could not be found for family "serif"
    Warning in doTryCatch(return(expr), name, parentenv, handler) :
     font "Times-Roman" could not be found for family "serif"
    Warning in doTryCatch(return(expr), name, parentenv, handler) :
     font "Times-Roman" could not be found for family "serif"
    Warning in doTryCatch(return(expr), name, parentenv, handler) :
     font "Times-Roman" could not be found for family "serif"
    Warning in doTryCatch(return(expr), name, parentenv, handler) :
     font "Times-Roman" could not be found for family "serif"
    Warning in doTryCatch(return(expr), name, parentenv, handler) :
     font "Times-Roman" could not be found for family "serif"
    Warning in doTryCatch(return(expr), name, parentenv, handler) :
     font "Times-Roman" could not be found for family "serif"
    Warning in doTryCatch(return(expr), name, parentenv, handler) :
     font "Times-Roman" could not be found for family "serif"
    Warning in doTryCatch(return(expr), name, parentenv, handler) :
     font "Times-Roman" could not be found for family "serif"
    Warning in doTryCatch(return(expr), name, parentenv, handler) :
     font "Times-Roman" could not be found for family "serif"
    Warning in doTryCatch(return(expr), name, parentenv, handler) :
     font "Times-Roman" could not be found for family "serif"
    Warning in doTryCatch(return(expr), name, parentenv, handler) :
     font "Times-Roman" could not be found for family "serif"
    Warning in doTryCatch(return(expr), name, parentenv, handler) :
     font "Times-Roman" could not be found for family "serif"
    Warning in doTryCatch(return(expr), name, parentenv, handler) :
     font "Times-Roman" could not be found for family "serif"
    Warning in doTryCatch(return(expr), name, parentenv, handler) :
     font "Times-Roman" could not be found for family "serif"
    Warning in doTryCatch(return(expr), name, parentenv, handler) :
     font "Times-Roman" could not be found for family "serif"
    Warning in doTryCatch(return(expr), name, parentenv, handler) :
     font "Times-Roman" could not be found for family "serif"
    Warning in doTryCatch(return(expr), name, parentenv, handler) :
     font "Times-Roman" could not be found for family "serif"
    Warning in doTryCatch(return(expr), name, parentenv, handler) :
     font "Times-Roman" could not be found for family "serif"
    Warning in doTryCatch(return(expr), name, parentenv, handler) :
     font "Times-Roman" could not be found for family "serif"
    Warning in doTryCatch(return(expr), name, parentenv, handler) :
     font "Times-Roman" could not be found for family "serif"
    Warning in doTryCatch(return(expr), name, parentenv, handler) :
     font "Times-Roman" could not be found for family "serif"
    Warning in doTryCatch(return(expr), name, parentenv, handler) :
     font "Times-Roman" could not be found for family "serif"
    Warning in doTryCatch(return(expr), name, parentenv, handler) :
     font "Times-Roman" could not be found for family "serif"
    Warning in doTryCatch(return(expr), name, parentenv, handler) :
     font "Times-Roman" could not be found for family "serif"
    Warning in doTryCatch(return(expr), name, parentenv, handler) :
     font "Times-Roman" could not be found for family "serif"
    Warning in doTryCatch(return(expr), name, parentenv, handler) :
     font "Times-Roman" could not be found for family "serif"
    Warning in doTryCatch(return(expr), name, parentenv, handler) :
     font "Times-Roman" could not be found for family "serif"
    Warning in doTryCatch(return(expr), name, parentenv, handler) :
     font "Times-Roman" could not be found for family "serif"
    Warning in doTryCatch(return(expr), name, parentenv, handler) :
     font "Times-Roman" could not be found for family "serif"
    Warning in doTryCatch(return(expr), name, parentenv, handler) :
     font "Times-Roman" could not be found for family "serif"
    Warning in doTryCatch(return(expr), name, parentenv, handler) :
     font "Times-Roman" could not be found for family "serif"
    Warning in doTryCatch(return(expr), name, parentenv, handler) :
     font "Times-Roman" could not be found for family "serif"
    Warning in doTryCatch(return(expr), name, parentenv, handler) :
     font "Times-Roman" could not be found for family "serif"
    Warning in doTryCatch(return(expr), name, parentenv, handler) :
     font "Times-Roman" could not be found for family "serif"
    Warning in doTryCatch(return(expr), name, parentenv, handler) :
     font "Times-Roman" could not be found for family "serif"
    Warning in doTryCatch(return(expr), name, parentenv, handler) :
     font "Times-Roman" could not be found for family "serif"
    Warning in doTryCatch(return(expr), name, parentenv, handler) :
     font "Times-Roman" could not be found for family "serif"
    Warning in doTryCatch(return(expr), name, parentenv, handler) :
     font "Times-Roman" could not be found for family "serif"
    Warning in doTryCatch(return(expr), name, parentenv, handler) :
     font "Times-Roman" could not be found for family "serif"
    Warning in doTryCatch(return(expr), name, parentenv, handler) :
     font "Times-Roman" could not be found for family "serif"
    Warning in doTryCatch(return(expr), name, parentenv, handler) :
     font "Times-Roman" could not be found for family "serif"
    Warning in doTryCatch(return(expr), name, parentenv, handler) :
     font "Times-Roman" could not be found for family "serif"
    Warning in doTryCatch(return(expr), name, parentenv, handler) :
     font "Times-Roman" could not be found for family "serif"
    Warning in doTryCatch(return(expr), name, parentenv, handler) :
     font "Times-Roman" could not be found for family "serif"
    Warning in doTryCatch(return(expr), name, parentenv, handler) :
     font "Times-Roman" could not be found for family "serif"
    Warning in doTryCatch(return(expr), name, parentenv, handler) :
     font "Times-Roman" could not be found for family "serif"
    Warning in doTryCatch(return(expr), name, parentenv, handler) :
     font "Times-Roman" could not be found for family "serif"
    Warning in doTryCatch(return(expr), name, parentenv, handler) :
     font "Times-Roman" could not be found for family "serif"
    Warning in doTryCatch(return(expr), name, parentenv, handler) :
     font "Times-Roman" could not be found for family "serif"
    Warning in doTryCatch(return(expr), name, parentenv, handler) :
     font "Times-Roman" could not be found for family "serif"
    Warning in doTryCatch(return(expr), name, parentenv, handler) :
     font "Times-Roman" could not be found for family "serif"
    Warning in doTryCatch(return(expr), name, parentenv, handler) :
     font "Times-Roman" could not be found for family "serif"
    Warning in doTryCatch(return(expr), name, parentenv, handler) :
     font "Times-Roman" could not be found for family "serif"
    Warning in doTryCatch(return(expr), name, parentenv, handler) :
     font "Times-Roman" could not be found for family "serif"
    Warning in doTryCatch(return(expr), name, parentenv, handler) :
     font "Times-Roman" could not be found for family "serif"
    Warning in doTryCatch(return(expr), name, parentenv, handler) :
     font "Times-Roman" could not be found for family "serif"
    Warning in doTryCatch(return(expr), name, parentenv, handler) :
     font "Times-Roman" could not be found for family "serif"
    Warning in doTryCatch(return(expr), name, parentenv, handler) :
     font "Times-Roman" could not be found for family "serif"
    Warning in doTryCatch(return(expr), name, parentenv, handler) :
     font "Times-Roman" could not be found for family "serif"
    Warning in doTryCatch(return(expr), name, parentenv, handler) :
     font "Times-Roman" could not be found for family "serif"
    Warning in doTryCatch(return(expr), name, parentenv, handler) :
     font "Times-Roman" could not be found for family "serif"
    Warning in doTryCatch(return(expr), name, parentenv, handler) :
     font "Times-Roman" could not be found for family "serif"
    Warning in doTryCatch(return(expr), name, parentenv, handler) :
     font "Times-Roman" could not be found for family "serif"
    Warning in doTryCatch(return(expr), name, parentenv, handler) :
     font "Times-Roman" could not be found for family "serif"
    Warning in doTryCatch(return(expr), name, parentenv, handler) :
     font "Times-Roman" could not be found for family "serif"
    Warning in doTryCatch(return(expr), name, parentenv, handler) :
     font "Times-Roman" could not be found for family "serif"
    Warning in doTryCatch(return(expr), name, parentenv, handler) :
     font "Times-Roman" could not be found for family "serif"
    Warning in doTryCatch(return(expr), name, parentenv, handler) :
     font "Times-Roman" could not be found for family "serif"
    Warning in doTryCatch(return(expr), name, parentenv, handler) :
     font "Times-Roman" could not be found for family "serif"
    Warning in doTryCatch(return(expr), name, parentenv, handler) :
     font "Times-Roman" could not be found for family "serif"
    Warning in doTryCatch(return(expr), name, parentenv, handler) :
     font "Times-Roman" could not be found for family "serif"
    Warning in doTryCatch(return(expr), name, parentenv, handler) :
     font "Times-Roman" could not be found for family "serif"
    Warning in doTryCatch(return(expr), name, parentenv, handler) :
     font "Times-Roman" could not be found for family "serif"
    Warning in doTryCatch(return(expr), name, parentenv, handler) :
     font "Times-Roman" could not be found for family "serif"
    Warning in doTryCatch(return(expr), name, parentenv, handler) :
     font "Times-Roman" could not be found for family "serif"
    Warning in doTryCatch(return(expr), name, parentenv, handler) :
     font "Times-Roman" could not be found for family "serif"
    Warning in doTryCatch(return(expr), name, parentenv, handler) :
     font "Times-Roman" could not be found for family "serif"
    Warning in doTryCatch(return(expr), name, parentenv, handler) :
     font "Times-Roman" could not be found for family "serif"
    Warning in doTryCatch(return(expr), name, parentenv, handler) :
     font "Times-Roman" could not be found for family "serif"
    Warning in doTryCatch(return(expr), name, parentenv, handler) :
     font "Times-Roman" could not be found for family "serif"
    Warning in doTryCatch(return(expr), name, parentenv, handler) :
     font "Times-Roman" could not be found for family "serif"
    Warning in doTryCatch(return(expr), name, parentenv, handler) :
     font "Times-Roman" could not be found for family "serif"
    Warning in doTryCatch(return(expr), name, parentenv, handler) :
     font "Times-Roman" could not be found for family "serif"
    Warning in doTryCatch(return(expr), name, parentenv, handler) :
     font "Times-Roman" could not be found for family "serif"
    Warning in doTryCatch(return(expr), name, parentenv, handler) :
     font "Times-Roman" could not be found for family "serif"
    Warning in doTryCatch(return(expr), name, parentenv, handler) :
     font "Times-Roman" could not be found for family "serif"
    Warning in doTryCatch(return(expr), name, parentenv, handler) :
     font "Times-Roman" could not be found for family "serif"
    Warning in doTryCatch(return(expr), name, parentenv, handler) :
     font "Times-Roman" could not be found for family "serif"
    Warning in doTryCatch(return(expr), name, parentenv, handler) :
     font "Times-Roman" could not be found for family "serif"
    Warning in doTryCatch(return(expr), name, parentenv, handler) :
     font "Times-Roman" could not be found for family "serif"
    Warning in doTryCatch(return(expr), name, parentenv, handler) :
     font "Times-Roman" could not be found for family "serif"
    Warning in doTryCatch(return(expr), name, parentenv, handler) :
     font "Times-Roman" could not be found for family "serif"
    Warning in doTryCatch(return(expr), name, parentenv, handler) :
     font "Times-Roman" could not be found for family "serif"
    Warning in doTryCatch(return(expr), name, parentenv, handler) :
     font "Times-Roman" could not be found for family "serif"
    Warning in doTryCatch(return(expr), name, parentenv, handler) :
     font "Times-Roman" could not be found for family "serif"
    Warning in doTryCatch(return(expr), name, parentenv, handler) :
     font "Times-Roman" could not be found for family "serif"
    Warning in doTryCatch(return(expr), name, parentenv, handler) :
     font "Times-Roman" could not be found for family "serif"
    Warning in doTryCatch(return(expr), name, parentenv, handler) :
     font "Times-Roman" could not be found for family "serif"
    Warning in doTryCatch(return(expr), name, parentenv, handler) :
     font "Times-Roman" could not be found for family "serif"
    Warning in doTryCatch(return(expr), name, parentenv, handler) :
     font "Times-Roman" could not be found for family "serif"
    Warning in doTryCatch(return(expr), name, parentenv, handler) :
     font "Times-Roman" could not be found for family "serif"
    Warning in doTryCatch(return(expr), name, parentenv, handler) :
     font "Times-Roman" could not be found for family "serif"
    Warning in doTryCatch(return(expr), name, parentenv, handler) :
     font "Times-Roman" could not be found for family "serif"
    Warning in doTryCatch(return(expr), name, parentenv, handler) :
     font "Times-Roman" could not be found for family "serif"
    Warning in doTryCatch(return(expr), name, parentenv, handler) :
     font "Times-Roman" could not be found for family "serif"
    Warning in doTryCatch(return(expr), name, parentenv, handler) :
     font "Times-Roman" could not be found for family "serif"
    Warning in doTryCatch(return(expr), name, parentenv, handler) :
     font "Times-Roman" could not be found for family "serif"
    Warning in doTryCatch(return(expr), name, parentenv, handler) :
     font "Times-Roman" could not be found for family "serif"
    Warning in doTryCatch(return(expr), name, parentenv, handler) :
     font "Times-Roman" could not be found for family "serif"
    Warning in doTryCatch(return(expr), name, parentenv, handler) :
     font "Times-Roman" could not be found for family "serif"
    Warning in doTryCatch(return(expr), name, parentenv, handler) :
     font "Times-Roman" could not be found for family "serif"
    Warning in doTryCatch(return(expr), name, parentenv, handler) :
     font "Times-Roman" could not be found for family "serif"
    Warning in doTryCatch(return(expr), name, parentenv, handler) :
     font "Times-Roman" could not be found for family "serif"
    Warning in doTryCatch(return(expr), name, parentenv, handler) :
     font "Times-Roman" could not be found for family "serif"
    Warning in doTryCatch(return(expr), name, parentenv, handler) :
     font "Times-Roman" could not be found for family "serif"
    Warning in doTryCatch(return(expr), name, parentenv, handler) :
     font "Times-Roman" could not be found for family "serif"
    Warning in doTryCatch(return(expr), name, parentenv, handler) :
     font "Times-Roman" could not be found for family "serif"
    Warning in doTryCatch(return(expr), name, parentenv, handler) :
     font "Times-Roman" could not be found for family "serif"
    Warning in doTryCatch(return(expr), name, parentenv, handler) :
     font "Times-Roman" could not be found for family "serif"
    Warning in doTryCatch(return(expr), name, parentenv, handler) :
     font "Times-Roman" could not be found for family "serif"
    Warning in doTryCatch(return(expr), name, parentenv, handler) :
     font "Times-Roman" could not be found for family "serif"
    Warning in doTryCatch(return(expr), name, parentenv, handler) :
     font "Times-Roman" could not be found for family "serif"
    Warning in doTryCatch(return(expr), name, parentenv, handler) :
     font "Times-Roman" could not be found for family "serif"
    Warning in doTryCatch(return(expr), name, parentenv, handler) :
     font "Times-Roman" could not be found for family "serif"
    Warning in doTryCatch(return(expr), name, parentenv, handler) :
     font "Times-Roman" could not be found for family "serif"
    Warning in doTryCatch(return(expr), name, parentenv, handler) :
     font "Times-Roman" could not be found for family "serif"
    Warning in doTryCatch(return(expr), name, parentenv, handler) :
     font "Times-Roman" could not be found for family "serif"
    Warning in doTryCatch(return(expr), name, parentenv, handler) :
     font "Times-Roman" could not be found for family "serif"
    Warning in doTryCatch(return(expr), name, parentenv, handler) :
     font "Times-Roman" could not be found for family "serif"
    Warning in doTryCatch(return(expr), name, parentenv, handler) :
     font "Times-Roman" could not be found for family "serif"
    Warning in doTryCatch(return(expr), name, parentenv, handler) :
     font "Times-Roman" could not be found for family "serif"
    Warning in doTryCatch(return(expr), name, parentenv, handler) :
     font "Times-Roman" could not be found for family "serif"
    Warning in doTryCatch(return(expr), name, parentenv, handler) :
     font "Times-Roman" could not be found for family "serif"
    Warning in doTryCatch(return(expr), name, parentenv, handler) :
     font "Times-Roman" could not be found for family "serif"
    Warning in doTryCatch(return(expr), name, parentenv, handler) :
     font "Times-Roman" could not be found for family "serif"
    Warning in doTryCatch(return(expr), name, parentenv, handler) :
     font "Times-Roman" could not be found for family "serif"
    
    Execution halted
Flavor: r-release-macos-arm64

Version: 0.4.8
Check: PDF version of manual
Result: FAIL
Flavor: r-release-macos-arm64