CRAN Package Check Results for Package coreSim

Last updated on 2021-09-23 08:50:53 CEST.

Flavor Version Tinstall Tcheck Ttotal Status Flags
r-devel-linux-x86_64-debian-clang 0.2.4 3.80 55.50 59.30 OK
r-devel-linux-x86_64-debian-gcc 0.2.4 3.33 41.20 44.53 OK
r-devel-linux-x86_64-fedora-clang 0.2.4 80.20 OK
r-devel-linux-x86_64-fedora-gcc 0.2.4 67.20 OK
r-devel-windows-x86_64 0.2.4 5.00 61.00 66.00 OK
r-devel-windows-x86_64-gcc10-UCRT 0.2.4 ERROR
r-patched-linux-x86_64 0.2.4 4.28 51.18 55.46 OK
r-patched-solaris-x86 0.2.4 96.00 OK
r-release-linux-x86_64 0.2.4 4.01 51.03 55.04 OK
r-release-macos-arm64 0.2.4 OK
r-release-macos-x86_64 0.2.4 OK
r-release-windows-ix86+x86_64 0.2.4 11.00 56.00 67.00 OK
r-oldrel-macos-x86_64 0.2.4 OK
r-oldrel-windows-ix86+x86_64 0.2.4 9.00 56.00 65.00 OK

Check Details

Version: 0.2.4
Check: PDF version of manual
Result: WARN
    LaTeX errors when creating PDF version.
    This typically indicates Rd problems.
Flavor: r-devel-windows-x86_64-gcc10-UCRT

Version: 0.2.4
Check: PDF version of manual without hyperrefs or index
Result: ERROR
    Re-running with no redirection of stdout/stderr.
Flavor: r-devel-windows-x86_64-gcc10-UCRT