CRAN Package Check Results for Package corHMM

Last updated on 2020-05-29 10:47:19 CEST.

Flavor Version Tinstall Tcheck Ttotal Status Flags
r-devel-linux-x86_64-debian-clang 1.22 14.42 103.14 117.56 WARN
r-devel-linux-x86_64-debian-gcc 1.22 13.22 79.45 92.67 WARN
r-devel-linux-x86_64-fedora-clang 1.22 151.57 WARN
r-devel-linux-x86_64-fedora-gcc 1.22 148.98 WARN
r-devel-windows-ix86+x86_64 1.22 33.00 113.00 146.00 WARN
r-patched-linux-x86_64 1.22 14.92 103.75 118.67 OK
r-patched-solaris-x86 1.22 197.30 OK
r-release-linux-x86_64 1.22 15.94 104.68 120.62 OK
r-release-osx-x86_64 1.22 OK
r-release-windows-ix86+x86_64 1.22 27.00 146.00 173.00 OK
r-oldrel-osx-x86_64 1.22 OK
r-oldrel-windows-ix86+x86_64 1.22 25.00 105.00 130.00 OK

Check Details

Version: 1.22
Check: whether package can be installed
Result: WARN
    Found the following significant warnings:
     Warning: S4 exports specified in 'NAMESPACE' but not defined in package 'corHMM'
Flavors: r-devel-linux-x86_64-debian-clang, r-devel-linux-x86_64-debian-gcc, r-devel-windows-ix86+x86_64

Version: 1.22
Check: whether the namespace can be loaded with stated dependencies
Result: NOTE
    Warning: S4 exports specified in 'NAMESPACE' but not defined in package 'corHMM'
    
    A namespace must be able to be loaded with just the base namespace
    loaded: otherwise if the namespace gets loaded by a saved object, the
    session will be unable to start.
    
    Probably some imports need to be declared in the NAMESPACE file.
Flavors: r-devel-linux-x86_64-debian-clang, r-devel-linux-x86_64-debian-gcc, r-devel-windows-ix86+x86_64

Version: 1.22
Check: whether the namespace can be loaded with stated dependencies
Result: WARN
    Warning: S4 exports specified in 'NAMESPACE' but not defined in package ‘corHMM’
Flavors: r-devel-linux-x86_64-fedora-clang, r-devel-linux-x86_64-fedora-gcc