CRAN Package Check Results for Package cope

Last updated on 2021-09-22 08:50:02 CEST.

Flavor Version Tinstall Tcheck Ttotal Status Flags
r-devel-linux-x86_64-debian-clang 0.2.3 7.33 84.85 92.18 OK
r-devel-linux-x86_64-debian-gcc 0.2.3 5.06 61.04 66.10 OK
r-devel-linux-x86_64-fedora-clang 0.2.3 113.58 OK
r-devel-linux-x86_64-fedora-gcc 0.2.3 102.03 OK
r-devel-windows-x86_64 0.2.3 8.00 83.00 91.00 OK
r-devel-windows-x86_64-gcc10-UCRT 0.2.3 ERROR
r-patched-linux-x86_64 0.2.3 4.40 77.79 82.19 OK
r-patched-solaris-x86 0.2.3 140.10 OK
r-release-linux-x86_64 0.2.3 5.38 78.04 83.42 OK
r-release-macos-arm64 0.2.3 OK
r-release-macos-x86_64 0.2.3 OK
r-release-windows-ix86+x86_64 0.2.3 18.00 73.00 91.00 OK
r-oldrel-macos-x86_64 0.2.3 OK
r-oldrel-windows-ix86+x86_64 0.2.3 12.00 74.00 86.00 OK

Check Details

Version: 0.2.3
Check: PDF version of manual
Result: WARN
    LaTeX errors when creating PDF version.
    This typically indicates Rd problems.
Flavor: r-devel-windows-x86_64-gcc10-UCRT

Version: 0.2.3
Check: PDF version of manual without hyperrefs or index
Result: ERROR
    Re-running with no redirection of stdout/stderr.
Flavor: r-devel-windows-x86_64-gcc10-UCRT