CRAN Package Check Results for Package convey

Last updated on 2021-11-28 07:50:39 CET.

Flavor Version Tinstall Tcheck Ttotal Status Flags
r-devel-linux-x86_64-debian-clang 0.2.4 OK
r-devel-linux-x86_64-debian-gcc 0.2.4 11.49 146.12 157.61 OK
r-devel-linux-x86_64-fedora-clang 0.2.4 256.38 OK
r-devel-linux-x86_64-fedora-gcc 0.2.4 242.48 OK
r-devel-windows-x86_64-new-UL 0.2.4 27.00 248.00 275.00 OK
r-devel-windows-x86_64-new-TK 0.2.4 OK
r-devel-windows-x86_64-old 0.2.4 14.00 210.00 224.00 OK
r-patched-linux-x86_64 0.2.4 16.10 190.57 206.67 OK
r-patched-solaris-x86 0.2.4 356.00 OK
r-release-linux-x86_64 0.2.4 14.67 187.43 202.10 OK
r-release-macos-arm64 0.2.4 NOTE
r-release-macos-x86_64 0.2.4 OK
r-release-windows-ix86+x86_64 0.2.4 28.00 183.00 211.00 OK
r-oldrel-macos-x86_64 0.2.4 OK
r-oldrel-windows-ix86+x86_64 0.2.4 17.00 233.00 250.00 OK

Check Details

Version: 0.2.4
Check: package dependencies
Result: NOTE
    Package suggested but not available for checking: ‘RODBC’
Flavor: r-release-macos-arm64