CRAN Package Check Results for Package contribution

Last updated on 2021-11-30 19:51:19 CET.

Flavor Version Tinstall Tcheck Ttotal Status Flags
r-devel-linux-x86_64-debian-clang 0.2.0 5.09 48.61 53.70 OK
r-devel-linux-x86_64-debian-gcc 0.2.0 4.06 36.09 40.15 OK
r-devel-linux-x86_64-fedora-clang 0.2.0 73.23 NOTE
r-devel-linux-x86_64-fedora-gcc 0.2.0 61.15 NOTE
r-devel-windows-x86_64-new-UL 0.2.0 14.00 93.00 107.00 OK
r-devel-windows-x86_64-new-TK 0.2.0 NOTE
r-devel-windows-x86_64-old 0.2.0 10.00 57.00 67.00 OK
r-patched-linux-x86_64 0.2.0 5.11 44.35 49.46 OK
r-patched-solaris-x86 0.2.0 88.50 NOTE
r-release-linux-x86_64 0.2.0 5.05 44.42 49.47 OK
r-release-macos-arm64 0.2.0 NOTE
r-release-macos-x86_64 0.2.0 NOTE
r-release-windows-ix86+x86_64 0.2.0 15.00 55.00 70.00 OK
r-oldrel-macos-x86_64 0.2.0 NOTE
r-oldrel-windows-ix86+x86_64 0.2.0 9.00 51.00 60.00 OK

Check Details

Version: 0.2.0
Check: data for non-ASCII characters
Result: NOTE
     Note: found 3 marked UTF-8 strings
Flavors: r-devel-linux-x86_64-fedora-clang, r-devel-linux-x86_64-fedora-gcc, r-devel-windows-x86_64-new-TK, r-patched-solaris-x86, r-release-macos-arm64, r-release-macos-x86_64, r-oldrel-macos-x86_64