Last updated on 2023-02-02 07:52:49 CET.
Flavor | Version | Tinstall | Tcheck | Ttotal | Status | Flags |
---|---|---|---|---|---|---|
r-devel-linux-x86_64-debian-clang | 1.0.0 | 2.35 | 31.11 | 33.46 | NOTE | |
r-devel-linux-x86_64-debian-gcc | 1.0.0 | 2.05 | 23.64 | 25.69 | NOTE | |
r-devel-linux-x86_64-fedora-clang | 1.0.0 | 42.89 | NOTE | |||
r-devel-linux-x86_64-fedora-gcc | 1.0.0 | 41.34 | NOTE | |||
r-patched-linux-x86_64 | 1.0.0 | 2.35 | 30.28 | 32.63 | NOTE | |
r-release-linux-x86_64 | 1.0.0 | 2.64 | 30.77 | 33.41 | NOTE | |
r-release-macos-arm64 | 1.0.0 | 18.00 | NOTE | |||
r-release-macos-x86_64 | 1.0.0 | 24.00 | NOTE | |||
r-release-windows-x86_64 | 1.0.0 | 93.00 | 64.00 | 157.00 | NOTE | |
r-oldrel-macos-arm64 | 1.0.0 | 24.00 | NOTE | |||
r-oldrel-macos-x86_64 | 1.0.0 | 32.00 | NOTE | |||
r-oldrel-windows-ix86+x86_64 | 1.0.0 | 7.00 | 56.00 | 63.00 | NOTE |
Version: 1.0.0
Check: LazyData
Result: NOTE
'LazyData' is specified without a 'data' directory
Flavors: r-devel-linux-x86_64-debian-clang, r-devel-linux-x86_64-debian-gcc, r-devel-linux-x86_64-fedora-clang, r-devel-linux-x86_64-fedora-gcc, r-patched-linux-x86_64, r-release-linux-x86_64, r-release-macos-arm64, r-release-macos-x86_64, r-release-windows-x86_64, r-oldrel-macos-arm64, r-oldrel-macos-x86_64, r-oldrel-windows-ix86+x86_64