CRAN Package Check Results for Package conflicted

Last updated on 2019-12-07 08:49:22 CET.

Flavor Version Tinstall Tcheck Ttotal Status Flags
r-devel-linux-x86_64-debian-clang 1.0.4 2.37 103.99 106.36 OK
r-devel-linux-x86_64-debian-gcc 1.0.4 1.94 70.97 72.91 OK
r-devel-linux-x86_64-fedora-clang 1.0.4 113.46 NOTE
r-devel-linux-x86_64-fedora-gcc 1.0.4 100.70 NOTE
r-devel-windows-ix86+x86_64 1.0.4 5.00 57.00 62.00 OK
r-devel-windows-ix86+x86_64-gcc8 1.0.4 5.00 37.00 42.00 OK
r-patched-linux-x86_64 1.0.4 1.79 81.84 83.63 OK
r-patched-solaris-x86 1.0.4 47.20 NOTE
r-release-linux-x86_64 1.0.4 1.93 80.75 82.68 OK
r-release-windows-ix86+x86_64 1.0.4 7.00 37.00 44.00 OK
r-release-osx-x86_64 1.0.4 NOTE
r-oldrel-windows-ix86+x86_64 1.0.4 3.00 60.00 63.00 OK
r-oldrel-osx-x86_64 1.0.4 NOTE

Check Details

Version: 1.0.4
Check: dependencies in R code
Result: NOTE
    Namespace in Imports field not imported from: ‘memoise’
     All declared Imports should be used.
Flavors: r-devel-linux-x86_64-fedora-clang, r-devel-linux-x86_64-fedora-gcc, r-patched-solaris-x86, r-release-osx-x86_64, r-oldrel-osx-x86_64