CRAN Package Check Results for Package conf

Last updated on 2021-09-26 20:49:04 CEST.

Flavor Version Tinstall Tcheck Ttotal Status Flags
r-devel-linux-x86_64-debian-clang 1.7.0 17.44 139.15 156.59 NOTE
r-devel-linux-x86_64-debian-gcc 1.7.0 12.67 102.19 114.86 NOTE
r-devel-linux-x86_64-fedora-clang 1.7.0 190.32 NOTE
r-devel-linux-x86_64-fedora-gcc 1.7.0 180.77 NOTE
r-devel-windows-x86_64 1.7.0 15.00 141.00 156.00 NOTE
r-devel-windows-x86_64-gcc10-UCRT 1.7.0 NOTE
r-patched-linux-x86_64 1.7.0 14.32 138.64 152.96 NOTE
r-patched-solaris-x86 1.7.0 255.10 NOTE
r-release-linux-x86_64 1.7.0 13.26 137.95 151.21 NOTE
r-release-macos-arm64 1.7.0 NOTE
r-release-macos-x86_64 1.7.0 NOTE
r-release-windows-ix86+x86_64 1.7.0 30.00 143.00 173.00 NOTE
r-oldrel-macos-x86_64 1.7.0 OK
r-oldrel-windows-ix86+x86_64 1.7.0 19.00 136.00 155.00 OK

Check Details

Version: 1.7.0
Check: LazyData
Result: NOTE
     'LazyData' is specified without a 'data' directory
Flavors: r-devel-linux-x86_64-debian-clang, r-devel-linux-x86_64-debian-gcc, r-devel-linux-x86_64-fedora-clang, r-devel-linux-x86_64-fedora-gcc, r-devel-windows-x86_64, r-devel-windows-x86_64-gcc10-UCRT, r-patched-linux-x86_64, r-patched-solaris-x86, r-release-linux-x86_64, r-release-macos-arm64, r-release-macos-x86_64, r-release-windows-ix86+x86_64