CRAN Package Check Results for Package condTruncMVN

Last updated on 2024-07-14 09:51:08 CEST.

Flavor Version Tinstall Tcheck Ttotal Status Flags
r-devel-linux-x86_64-debian-clang 0.0.2 8.39 79.32 87.71 NOTE
r-devel-linux-x86_64-debian-gcc 0.0.2 6.55 59.34 65.89 NOTE
r-devel-linux-x86_64-fedora-clang 0.0.2 108.49 NOTE
r-devel-linux-x86_64-fedora-gcc 0.0.2 117.57 NOTE
r-devel-windows-x86_64 0.0.2 7.00 78.00 85.00 NOTE
r-patched-linux-x86_64 0.0.2 8.46 76.43 84.89 NOTE
r-release-linux-x86_64 0.0.2 6.58 74.57 81.15 NOTE
r-release-macos-arm64 0.0.2 41.00 NOTE
r-release-macos-x86_64 0.0.2 68.00 NOTE
r-release-windows-x86_64 0.0.2 8.00 78.00 86.00 NOTE
r-oldrel-macos-arm64 0.0.2 43.00 NOTE
r-oldrel-macos-x86_64 0.0.2 67.00 NOTE
r-oldrel-windows-x86_64 0.0.2 9.00 89.00 98.00 NOTE

Check Details

Version: 0.0.2
Check: package subdirectories
Result: NOTE Problems with news in ‘NEWS.md’: No news entries found. Flavors: r-devel-linux-x86_64-debian-clang, r-devel-linux-x86_64-debian-gcc, r-devel-linux-x86_64-fedora-clang, r-devel-linux-x86_64-fedora-gcc, r-devel-windows-x86_64, r-patched-linux-x86_64, r-release-linux-x86_64, r-release-macos-arm64, r-release-macos-x86_64, r-release-windows-x86_64, r-oldrel-macos-arm64, r-oldrel-macos-x86_64, r-oldrel-windows-x86_64

Version: 0.0.2
Check: LazyData
Result: NOTE 'LazyData' is specified without a 'data' directory Flavors: r-devel-linux-x86_64-debian-clang, r-devel-linux-x86_64-debian-gcc, r-devel-linux-x86_64-fedora-clang, r-devel-linux-x86_64-fedora-gcc, r-devel-windows-x86_64, r-patched-linux-x86_64, r-release-linux-x86_64, r-release-macos-arm64, r-release-macos-x86_64, r-release-windows-x86_64, r-oldrel-macos-arm64, r-oldrel-macos-x86_64, r-oldrel-windows-x86_64

Version: 0.0.2
Check: Rd cross-references
Result: NOTE Undeclared package ‘mvtnorm’ in Rd xrefs Flavor: r-devel-linux-x86_64-fedora-clang