Last updated on 2023-09-27 21:01:19 CEST.
Flavor | Version | Tinstall | Tcheck | Ttotal | Status | Flags |
---|---|---|---|---|---|---|
r-devel-linux-x86_64-debian-clang | 0.0.2 | 9.38 | 82.30 | 91.68 | NOTE | |
r-devel-linux-x86_64-debian-gcc | 0.0.2 | 6.44 | 61.63 | 68.07 | NOTE | |
r-devel-linux-x86_64-fedora-clang | 0.0.2 | 107.68 | NOTE | |||
r-devel-linux-x86_64-fedora-gcc | 0.0.2 | 123.00 | NOTE | |||
r-devel-windows-x86_64 | 0.0.2 | 9.00 | 79.00 | 88.00 | NOTE | |
r-patched-linux-x86_64 | 0.0.2 | 8.98 | 77.77 | 86.75 | NOTE | |
r-release-linux-x86_64 | 0.0.2 | 8.81 | 78.30 | 87.11 | NOTE | |
r-release-macos-arm64 | 0.0.2 | 43.00 | NOTE | |||
r-release-macos-x86_64 | 0.0.2 | 67.00 | NOTE | |||
r-release-windows-x86_64 | 0.0.2 | 10.00 | 90.00 | 100.00 | NOTE | |
r-oldrel-macos-arm64 | 0.0.2 | 42.00 | NOTE | |||
r-oldrel-macos-x86_64 | 0.0.2 | 48.00 | NOTE | |||
r-oldrel-windows-x86_64 | 0.0.2 | 10.00 | 91.00 | 101.00 | NOTE |
Version: 0.0.2
Check: package subdirectories
Result: NOTE
Problems with news in ‘NEWS.md’:
No news entries found.
Flavors: r-devel-linux-x86_64-debian-clang, r-devel-linux-x86_64-debian-gcc, r-devel-linux-x86_64-fedora-clang, r-devel-linux-x86_64-fedora-gcc, r-devel-windows-x86_64, r-patched-linux-x86_64, r-release-linux-x86_64, r-release-macos-arm64, r-release-macos-x86_64, r-release-windows-x86_64
Version: 0.0.2
Check: LazyData
Result: NOTE
'LazyData' is specified without a 'data' directory
Flavors: r-devel-linux-x86_64-debian-clang, r-devel-linux-x86_64-debian-gcc, r-devel-linux-x86_64-fedora-clang, r-devel-linux-x86_64-fedora-gcc, r-devel-windows-x86_64, r-patched-linux-x86_64, r-release-linux-x86_64, r-release-macos-arm64, r-release-macos-x86_64, r-release-windows-x86_64, r-oldrel-macos-arm64, r-oldrel-macos-x86_64, r-oldrel-windows-x86_64
Version: 0.0.2
Check: Rd cross-references
Result: NOTE
Undeclared package ‘mvtnorm’ in Rd xrefs
Flavor: r-devel-linux-x86_64-fedora-clang