Last updated on 2021-01-26 07:50:12 CET.
Flavor | Version | Tinstall | Tcheck | Ttotal | Status | Flags |
---|---|---|---|---|---|---|
r-devel-linux-x86_64-debian-clang | 2.0.1 | 13.60 | 88.45 | 102.05 | OK | |
r-devel-linux-x86_64-debian-gcc | 2.0.1 | 10.38 | 68.85 | 79.23 | OK | |
r-devel-linux-x86_64-fedora-clang | 2.0.1 | 127.73 | NOTE | |||
r-devel-linux-x86_64-fedora-gcc | 2.0.1 | 120.64 | NOTE | |||
r-devel-windows-ix86+x86_64 | 2.0.1 | 28.00 | 148.00 | 176.00 | OK | |
r-patched-linux-x86_64 | 2.0.1 | 12.24 | 82.29 | 94.53 | OK | |
r-patched-solaris-x86 | 2.0.1 | 168.80 | OK | |||
r-release-linux-x86_64 | 2.0.1 | 14.02 | 82.22 | 96.24 | OK | |
r-release-macos-x86_64 | 2.0.1 | OK | ||||
r-release-windows-ix86+x86_64 | 2.0.1 | 29.00 | 110.00 | 139.00 | OK | |
r-oldrel-macos-x86_64 | 2.0.1 | OK | ||||
r-oldrel-windows-ix86+x86_64 | 2.0.1 | 20.00 | 132.00 | 152.00 | OK |
Version: 2.0.1
Check: compiled code
Result: NOTE
File ‘condSURV/libs/condSURV.so’:
Found no calls to: ‘R_registerRoutines’, ‘R_useDynamicSymbols’
It is good practice to register native routines and to disable symbol
search.
See ‘Writing portable packages’ in the ‘Writing R Extensions’ manual.
Flavors: r-devel-linux-x86_64-fedora-clang, r-devel-linux-x86_64-fedora-gcc