CRAN Package Check Results for Package condSURV

Last updated on 2021-09-17 08:50:15 CEST.

Flavor Version Tinstall Tcheck Ttotal Status Flags
r-devel-linux-x86_64-debian-clang 2.0.1 12.18 89.20 101.38 OK
r-devel-linux-x86_64-debian-gcc 2.0.1 9.84 67.75 77.59 OK
r-devel-linux-x86_64-fedora-clang 2.0.1 129.83 NOTE
r-devel-linux-x86_64-fedora-gcc 2.0.1 117.63 NOTE
r-devel-windows-x86_64 2.0.1 12.00 113.00 125.00 OK
r-devel-windows-x86_64-gcc10-UCRT 2.0.1 OK
r-patched-linux-x86_64 2.0.1 12.58 86.63 99.21 OK
r-patched-solaris-x86 2.0.1 168.60 OK
r-release-linux-x86_64 2.0.1 12.37 87.40 99.77 OK
r-release-macos-arm64 2.0.1 OK
r-release-macos-x86_64 2.0.1 OK
r-release-windows-ix86+x86_64 2.0.1 26.00 111.00 137.00 OK
r-oldrel-macos-x86_64 2.0.1 OK
r-oldrel-windows-ix86+x86_64 2.0.1 19.00 131.00 150.00 OK

Additional issues

clang-UBSAN gcc-UBSAN

Check Details

Version: 2.0.1
Check: compiled code
Result: NOTE
    File ‘condSURV/libs/condSURV.so’:
     Found no calls to: ‘R_registerRoutines’, ‘R_useDynamicSymbols’
    
    It is good practice to register native routines and to disable symbol
    search.
    
    See ‘Writing portable packages’ in the ‘Writing R Extensions’ manual.
Flavors: r-devel-linux-x86_64-fedora-clang, r-devel-linux-x86_64-fedora-gcc