CRAN Package Check Results for Package con2lki

Last updated on 2021-12-03 07:50:14 CET.

Flavor Version Tinstall Tcheck Ttotal Status Flags
r-devel-linux-x86_64-debian-clang 0.1.0 1.83 21.07 22.90 NOTE
r-devel-linux-x86_64-debian-gcc 0.1.0 1.49 16.71 18.20 NOTE
r-devel-linux-x86_64-fedora-clang 0.1.0 38.85 NOTE
r-devel-linux-x86_64-fedora-gcc 0.1.0 27.78 NOTE
r-devel-windows-x86_64-new-UL 0.1.0 5.00 56.00 61.00 NOTE
r-devel-windows-x86_64-new-TK 0.1.0 NOTE
r-devel-windows-x86_64-old 0.1.0 4.00 29.00 33.00 NOTE
r-patched-linux-x86_64 0.1.0 1.75 19.81 21.56 NOTE
r-patched-solaris-x86 0.1.0 44.30 NOTE
r-release-linux-x86_64 0.1.0 1.78 19.81 21.59 NOTE
r-release-macos-arm64 0.1.0 NOTE
r-release-macos-x86_64 0.1.0 NOTE
r-release-windows-ix86+x86_64 0.1.0 4.00 36.00 40.00 NOTE
r-oldrel-macos-x86_64 0.1.0 OK
r-oldrel-windows-ix86+x86_64 0.1.0 4.00 36.00 40.00 OK

Check Details

Version: 0.1.0
Check: LazyData
Result: NOTE
     'LazyData' is specified without a 'data' directory
Flavors: r-devel-linux-x86_64-debian-clang, r-devel-linux-x86_64-debian-gcc, r-devel-linux-x86_64-fedora-clang, r-devel-linux-x86_64-fedora-gcc, r-devel-windows-x86_64-new-UL, r-devel-windows-x86_64-new-TK, r-devel-windows-x86_64-old, r-patched-linux-x86_64, r-patched-solaris-x86, r-release-linux-x86_64, r-release-macos-arm64, r-release-macos-x86_64, r-release-windows-ix86+x86_64