CRAN Package Check Results for Package compositions

Last updated on 2022-09-26 08:51:31 CEST.

Flavor Version Tinstall Tcheck Ttotal Status Flags
r-devel-linux-x86_64-debian-clang 2.0-4 27.29 240.34 267.63 NOTE
r-devel-linux-x86_64-debian-gcc 2.0-4 20.92 180.43 201.35 NOTE
r-devel-linux-x86_64-fedora-clang 2.0-4 333.94 NOTE
r-devel-linux-x86_64-fedora-gcc 2.0-4 332.47 NOTE
r-devel-windows-x86_64 2.0-4 188.00 330.00 518.00 NOTE
r-patched-linux-x86_64 2.0-4 33.29 224.60 257.89 OK
r-release-linux-x86_64 2.0-4 21.72 228.27 249.99 OK
r-release-macos-arm64 2.0-4 91.00 OK
r-release-macos-x86_64 2.0-4 122.00 OK
r-release-windows-x86_64 2.0-4 313.00 357.00 670.00 OK
r-oldrel-macos-arm64 2.0-4 82.00 OK
r-oldrel-macos-x86_64 2.0-4 125.00 OK
r-oldrel-windows-ix86+x86_64 2.0-4 47.00 390.00 437.00 OK

Check Details

Version: 2.0-4
Check: Rd files
Result: NOTE
    checkRd: (-1) HouseholdExp.Rd:9: Escaped LaTeX specials: \$
    checkRd: (-1) HouseholdExp.Rd:27: Escaped LaTeX specials: \$
    checkRd: (-1) mix2compositions.Rd:28: Escaped LaTeX specials: \$
    checkRd: (-1) mixRead.Rd:30: Escaped LaTeX specials: \$ \$
    checkRd: (-1) mixRead.Rd:31: Escaped LaTeX specials: \$ \$
Flavors: r-devel-linux-x86_64-debian-clang, r-devel-linux-x86_64-debian-gcc, r-devel-linux-x86_64-fedora-clang, r-devel-linux-x86_64-fedora-gcc, r-devel-windows-x86_64