CRAN Package Check Results for Package competitiontoolbox

Last updated on 2022-01-25 07:50:02 CET.

Flavor Version Tinstall Tcheck Ttotal Status Flags
r-devel-linux-x86_64-debian-clang 0.7.0 5.15 52.52 57.67 OK
r-devel-linux-x86_64-debian-gcc 0.7.0 4.25 46.37 50.62 OK
r-devel-linux-x86_64-fedora-clang 0.7.0 71.68 NOTE
r-devel-linux-x86_64-fedora-gcc 0.7.0 61.36 NOTE
r-devel-windows-x86_64-new-UL 0.7.0 151.00 81.00 232.00 OK
r-devel-windows-x86_64-new-TK 0.7.0 NOTE
r-patched-linux-x86_64 0.7.0 4.07 52.17 56.24 OK
r-release-linux-x86_64 0.7.0 3.67 52.43 56.10 OK
r-release-macos-arm64 0.7.0 NOTE
r-release-macos-x86_64 0.7.0 NOTE
r-release-windows-ix86+x86_64 0.7.0 13.00 66.00 79.00 OK
r-oldrel-macos-x86_64 0.7.0 NOTE
r-oldrel-windows-ix86+x86_64 0.7.0 13.00 68.00 81.00 OK

Check Details

Version: 0.7.0
Check: dependencies in R code
Result: NOTE
    Namespace in Imports field not imported from: ‘ggplot2’
     All declared Imports should be used.
Flavors: r-devel-linux-x86_64-fedora-clang, r-devel-linux-x86_64-fedora-gcc, r-devel-windows-x86_64-new-TK, r-release-macos-arm64, r-release-macos-x86_64, r-oldrel-macos-x86_64