CRAN Package Check Results for Package compareDF

Last updated on 2019-08-23 10:48:09 CEST.

Flavor Version Tinstall Tcheck Ttotal Status Flags
r-devel-linux-x86_64-debian-clang 1.8.0 4.27 35.83 40.10 OK
r-devel-linux-x86_64-debian-gcc 1.8.0 3.47 28.35 31.82 OK
r-devel-linux-x86_64-fedora-clang 1.8.0 50.58 NOTE
r-devel-linux-x86_64-fedora-gcc 1.8.0 47.44 NOTE
r-devel-windows-ix86+x86_64 1.8.0 10.00 82.00 92.00 OK
r-patched-linux-x86_64 1.8.0 3.85 35.01 38.86 OK
r-patched-solaris-x86 1.8.0 73.90 NOTE
r-release-linux-x86_64 1.8.0 3.90 35.15 39.05 OK
r-release-windows-ix86+x86_64 1.8.0 15.00 76.00 91.00 OK
r-release-osx-x86_64 1.8.0 NOTE
r-oldrel-windows-ix86+x86_64 1.8.0 8.00 68.00 76.00 OK
r-oldrel-osx-x86_64 1.8.0 NOTE

Check Details

Version: 1.8.0
Check: dependencies in R code
Result: NOTE
    Namespaces in Imports field not imported from:
     ‘magrittr’ ‘stringr’
     All declared Imports should be used.
Flavors: r-devel-linux-x86_64-fedora-clang, r-devel-linux-x86_64-fedora-gcc, r-patched-solaris-x86, r-release-osx-x86_64, r-oldrel-osx-x86_64