CRAN Package Check Results for Package compHclust

Last updated on 2021-09-22 08:50:01 CEST.

Flavor Version Tinstall Tcheck Ttotal Status Flags
r-devel-linux-x86_64-debian-clang 1.0-3 2.70 22.93 25.63 OK
r-devel-linux-x86_64-debian-gcc 1.0-3 1.95 18.08 20.03 OK
r-devel-linux-x86_64-fedora-clang 1.0-3 40.80 OK
r-devel-linux-x86_64-fedora-gcc 1.0-3 29.23 OK
r-devel-windows-x86_64 1.0-3 4.00 33.00 37.00 OK
r-devel-windows-x86_64-gcc10-UCRT 1.0-3 ERROR
r-patched-linux-x86_64 1.0-3 2.33 21.66 23.99 OK
r-patched-solaris-x86 1.0-3 46.90 OK
r-release-linux-x86_64 1.0-3 2.25 21.80 24.05 OK
r-release-macos-arm64 1.0-3 OK
r-release-macos-x86_64 1.0-3 OK
r-release-windows-ix86+x86_64 1.0-3 7.00 37.00 44.00 OK
r-oldrel-macos-x86_64 1.0-3 OK
r-oldrel-windows-ix86+x86_64 1.0-3 6.00 38.00 44.00 OK

Check Details

Version: 1.0-3
Check: whether package can be installed
Result: ERROR
    Installation failed.
Flavor: r-devel-windows-x86_64-gcc10-UCRT