Last updated on 2023-03-30 20:49:07 CEST.
Flavor | Version | Tinstall | Tcheck | Ttotal | Status | Flags |
---|---|---|---|---|---|---|
r-devel-linux-x86_64-debian-clang | 0.1 | 68.19 | 63.86 | 132.05 | NOTE | |
r-devel-linux-x86_64-debian-gcc | 0.1 | 53.69 | 48.34 | 102.03 | NOTE | |
r-devel-linux-x86_64-fedora-clang | 0.1 | 184.02 | NOTE | |||
r-devel-linux-x86_64-fedora-gcc | 0.1 | 190.89 | NOTE | |||
r-devel-windows-x86_64 | 0.1 | 74.00 | 113.00 | 187.00 | NOTE | |
r-patched-linux-x86_64 | 0.1 | 56.63 | 60.44 | 117.07 | NOTE | |
r-release-linux-x86_64 | 0.1 | 58.11 | 61.56 | 119.67 | OK | |
r-release-macos-arm64 | 0.1 | 50.00 | NOTE | |||
r-release-macos-x86_64 | 0.1 | 98.00 | NOTE | |||
r-release-windows-x86_64 | 0.1 | 57.00 | 118.00 | 175.00 | OK | |
r-oldrel-macos-arm64 | 0.1 | 52.00 | NOTE | |||
r-oldrel-macos-x86_64 | 0.1 | 81.00 | NOTE | |||
r-oldrel-windows-ix86+x86_64 | 0.1 | 172.00 | 119.00 | 291.00 | OK |
Version: 0.1
Check: C++ specification
Result: NOTE
Specified C++11: please drop specification unless essential
Flavors: r-devel-linux-x86_64-debian-clang, r-devel-linux-x86_64-debian-gcc, r-devel-linux-x86_64-fedora-clang, r-devel-linux-x86_64-fedora-gcc, r-devel-windows-x86_64, r-patched-linux-x86_64
Version: 0.1
Check: dependencies in R code
Result: NOTE
Namespaces in Imports field not imported from:
‘GGally’ ‘RColorBrewer’ ‘abind’ ‘diagram’ ‘ggplot2’ ‘grid’ ‘gtable’
‘igraph’ ‘magrittr’ ‘plyr’ ‘purrr’ ‘reshape2’ ‘scales’ ‘useful’
All declared Imports should be used.
Flavors: r-devel-linux-x86_64-fedora-clang, r-devel-linux-x86_64-fedora-gcc, r-release-macos-arm64, r-release-macos-x86_64, r-oldrel-macos-arm64, r-oldrel-macos-x86_64
Version: 0.1
Check: installed package size
Result: NOTE
installed size is 5.2Mb
sub-directories of 1Mb or more:
libs 4.6Mb
Flavors: r-release-macos-arm64, r-release-macos-x86_64, r-oldrel-macos-arm64, r-oldrel-macos-x86_64