CRAN Package Check Results for Package combinIT

Last updated on 2024-02-21 19:53:10 CET.

Flavor Version Tinstall Tcheck Ttotal Status Flags
r-devel-linux-x86_64-debian-clang 2.0.0 NOTE
r-devel-linux-x86_64-debian-gcc 2.0.0 39.70 52.89 92.59 NOTE
r-devel-linux-x86_64-fedora-clang 2.0.0 137.43 NOTE
r-devel-linux-x86_64-fedora-gcc 2.0.0 145.28 NOTE
r-devel-windows-x86_64 2.0.0 36.00 82.00 118.00 NOTE
r-patched-linux-x86_64 2.0.0 42.79 69.81 112.60 NOTE
r-release-linux-x86_64 2.0.0 41.07 64.79 105.86 NOTE
r-release-macos-arm64 2.0.0 38.00 NOTE
r-release-macos-x86_64 2.0.0 68.00 NOTE
r-release-windows-x86_64 2.0.0 45.00 96.00 141.00 NOTE
r-oldrel-macos-arm64 2.0.0 36.00 OK
r-oldrel-windows-x86_64 2.0.0 43.00 90.00 133.00 OK

Check Details

Version: 2.0.0
Check: C++ specification
Result: NOTE Specified C++11: please drop specification unless essential Flavors: r-devel-linux-x86_64-debian-clang, r-devel-linux-x86_64-debian-gcc, r-devel-linux-x86_64-fedora-clang, r-devel-linux-x86_64-fedora-gcc, r-devel-windows-x86_64, r-patched-linux-x86_64, r-release-linux-x86_64, r-release-macos-arm64, r-release-macos-x86_64, r-release-windows-x86_64