CRAN Package Check Results for Package colorspace

Last updated on 2020-01-23 09:51:56 CET.

Flavor Version Tinstall Tcheck Ttotal Status Flags
r-devel-linux-x86_64-debian-clang 1.4-1 12.08 86.17 98.25 NOTE
r-devel-linux-x86_64-debian-gcc 1.4-1 8.52 65.47 73.99 NOTE
r-devel-linux-x86_64-fedora-clang 1.4-1 119.25 NOTE
r-devel-linux-x86_64-fedora-gcc 1.4-1 116.88 NOTE
r-devel-windows-ix86+x86_64 1.4-1 46.00 172.00 218.00 ERROR
r-devel-windows-ix86+x86_64-gcc8 1.4-1 42.00 166.00 208.00 ERROR
r-patched-linux-x86_64 1.4-1 8.26 77.63 85.89 OK
r-patched-solaris-x86 1.4-1 146.00 OK
r-release-linux-x86_64 1.4-1 8.37 76.84 85.21 OK
r-release-windows-ix86+x86_64 1.4-1 37.00 119.00 156.00 ERROR
r-release-osx-x86_64 1.4-1 OK
r-oldrel-windows-ix86+x86_64 1.4-1 29.00 114.00 143.00 ERROR
r-oldrel-osx-x86_64 1.4-1 OK

Additional issues

noSuggests

Check Details

Version: 1.4-1
Check: for non-standard things in the check directory
Result: NOTE
    Found the following files/directories:
     'random.txt'
Flavors: r-devel-linux-x86_64-debian-clang, r-devel-linux-x86_64-debian-gcc, r-devel-linux-x86_64-fedora-clang, r-devel-linux-x86_64-fedora-gcc

Version: 1.4-1
Check: running examples for arch ‘i386’
Result: ERROR
    Running examples in 'colorspace-Ex.R' failed
    The error most likely occurred in:
    
    > ### Name: scale_colour_continuous_diverging
    > ### Title: HCL-Based Continuous Diverging Color Scales for ggplot2
    > ### Aliases: scale_colour_continuous_diverging
    > ### scale_color_continuous_diverging scale_fill_continuous_diverging
    >
    > ### ** Examples
    >
    > # adapted from stackoverflow: https://stackoverflow.com/a/20127706/4975218
    >
    > library("ggplot2")
    >
    > # generate dataset and base plot
    > set.seed(100)
    > df <- data.frame(country = LETTERS, V = runif(26, -40, 40))
    > df$country = factor(LETTERS, LETTERS[order(df$V)]) # reorder factors
    > gg <- ggplot(df, aes(x = country, y = V, fill = V)) +
    + geom_bar(stat = "identity") +
    + labs(y = "Under/over valuation in %", x = "Country") +
    + coord_flip() + theme_minimal()
    >
    > # plot with default diverging scale
    > gg + scale_fill_continuous_diverging()
    Error in if (!alpha || all(lab_in[, 4] == 1)) { :
     missing value where TRUE/FALSE needed
    Calls: scale_fill_continuous_diverging ... <Anonymous> -> ggproto -> <Anonymous> -> colour_ramp
    Execution halted
Flavors: r-devel-windows-ix86+x86_64, r-devel-windows-ix86+x86_64-gcc8, r-release-windows-ix86+x86_64

Version: 1.4-1
Check: whether package can be installed
Result: ERROR
    Installation failed.
Flavor: r-oldrel-windows-ix86+x86_64