CRAN Package Check Results for Package colormap

Last updated on 2021-12-01 07:50:19 CET.

Flavor Version Tinstall Tcheck Ttotal Status Flags
r-devel-linux-x86_64-debian-clang 0.1.4 2.79 30.50 33.29 NOTE
r-devel-linux-x86_64-debian-gcc 0.1.4 2.02 25.94 27.96 NOTE
r-devel-linux-x86_64-fedora-clang 0.1.4 51.59 NOTE
r-devel-linux-x86_64-fedora-gcc 0.1.4 41.13 NOTE
r-devel-windows-x86_64-new-UL 0.1.4 9.00 68.00 77.00 NOTE
r-devel-windows-x86_64-new-TK 0.1.4 NOTE
r-devel-windows-x86_64-old 0.1.4 7.00 45.00 52.00 NOTE
r-patched-linux-x86_64 0.1.4 2.77 29.30 32.07 NOTE
r-patched-solaris-x86 0.1.4 100.90 NOTE
r-release-linux-x86_64 0.1.4 2.61 29.60 32.21 NOTE
r-release-macos-arm64 0.1.4 NOTE
r-release-macos-x86_64 0.1.4 NOTE
r-release-windows-ix86+x86_64 0.1.4 11.00 48.00 59.00 NOTE
r-oldrel-macos-x86_64 0.1.4 OK
r-oldrel-windows-ix86+x86_64 0.1.4 7.00 44.00 51.00 OK

Check Details

Version: 0.1.4
Check: LazyData
Result: NOTE
     'LazyData' is specified without a 'data' directory
Flavors: r-devel-linux-x86_64-debian-clang, r-devel-linux-x86_64-debian-gcc, r-devel-linux-x86_64-fedora-clang, r-devel-linux-x86_64-fedora-gcc, r-devel-windows-x86_64-new-UL, r-devel-windows-x86_64-new-TK, r-devel-windows-x86_64-old, r-patched-linux-x86_64, r-patched-solaris-x86, r-release-linux-x86_64, r-release-macos-arm64, r-release-macos-x86_64, r-release-windows-ix86+x86_64