CRAN Package Check Results for Package colorizer

Last updated on 2021-09-27 20:48:13 CEST.

Flavor Version Tinstall Tcheck Ttotal Status Flags
r-devel-linux-x86_64-debian-clang 0.1.0 5.58 47.38 52.96 NOTE
r-devel-linux-x86_64-debian-gcc 0.1.0 4.37 35.17 39.54 NOTE
r-devel-linux-x86_64-fedora-clang 0.1.0 74.23 NOTE
r-devel-linux-x86_64-fedora-gcc 0.1.0 58.68 NOTE
r-devel-windows-x86_64 0.1.0 7.00 49.00 56.00 NOTE
r-devel-windows-x86_64-gcc10-UCRT 0.1.0 NOTE
r-patched-linux-x86_64 0.1.0 4.66 43.22 47.88 NOTE
r-patched-solaris-x86 0.1.0 94.90 NOTE
r-release-linux-x86_64 0.1.0 5.12 43.43 48.55 NOTE
r-release-macos-arm64 0.1.0 NOTE
r-release-macos-x86_64 0.1.0 NOTE
r-release-windows-ix86+x86_64 0.1.0 13.00 49.00 62.00 NOTE
r-oldrel-macos-x86_64 0.1.0 OK
r-oldrel-windows-ix86+x86_64 0.1.0 10.00 48.00 58.00 OK

Check Details

Version: 0.1.0
Check: LazyData
Result: NOTE
     'LazyData' is specified without a 'data' directory
Flavors: r-devel-linux-x86_64-debian-clang, r-devel-linux-x86_64-debian-gcc, r-devel-linux-x86_64-fedora-clang, r-devel-linux-x86_64-fedora-gcc, r-devel-windows-x86_64, r-devel-windows-x86_64-gcc10-UCRT, r-patched-linux-x86_64, r-patched-solaris-x86, r-release-linux-x86_64, r-release-macos-arm64, r-release-macos-x86_64, r-release-windows-ix86+x86_64

Version: 0.1.0
Check: package dependencies
Result: NOTE
    Package suggested but not available for checking: ‘gifski’
Flavor: r-patched-solaris-x86