CRAN Package Check Results for Package colorfindr

Last updated on 2024-02-27 19:54:34 CET.

Flavor Version Tinstall Tcheck Ttotal Status Flags
r-devel-linux-x86_64-debian-clang 0.1.4 8.57 74.34 82.91 NOTE
r-devel-linux-x86_64-debian-gcc 0.1.4 6.96 56.96 63.92 NOTE
r-devel-linux-x86_64-fedora-clang 0.1.4 105.92 NOTE
r-devel-linux-x86_64-fedora-gcc 0.1.4 99.13 NOTE
r-devel-windows-x86_64 0.1.4 9.00 73.00 82.00 NOTE
r-patched-linux-x86_64 0.1.4 12.86 73.98 86.84 NOTE
r-release-linux-x86_64 0.1.4 8.59 73.07 81.66 NOTE
r-release-macos-arm64 0.1.4 32.00 NOTE
r-release-macos-x86_64 0.1.4 51.00 NOTE
r-release-windows-x86_64 0.1.4 12.00 88.00 100.00 NOTE
r-oldrel-macos-arm64 0.1.4 33.00 NOTE
r-oldrel-windows-x86_64 0.1.4 13.00 92.00 105.00 NOTE

Check Details

Version: 0.1.4
Check: LazyData
Result: NOTE 'LazyData' is specified without a 'data' directory Flavors: r-devel-linux-x86_64-debian-clang, r-devel-linux-x86_64-debian-gcc, r-devel-linux-x86_64-fedora-clang, r-devel-linux-x86_64-fedora-gcc, r-devel-windows-x86_64, r-patched-linux-x86_64, r-release-linux-x86_64, r-release-macos-arm64, r-release-macos-x86_64, r-release-windows-x86_64, r-oldrel-macos-arm64, r-oldrel-windows-x86_64