CRAN Package Check Results for Package colorRamps

Last updated on 2021-10-27 08:56:00 CEST.

Flavor Version Tinstall Tcheck Ttotal Status Flags
r-devel-linux-x86_64-debian-clang 2.3 1.87 20.69 22.56 NOTE
r-devel-linux-x86_64-debian-gcc 2.3 1.57 16.59 18.16 NOTE
r-devel-linux-x86_64-fedora-clang 2.3 38.34 NOTE
r-devel-linux-x86_64-fedora-gcc 2.3 28.40 NOTE
r-devel-windows-x86_64 2.3 3.00 35.00 38.00 NOTE
r-devel-windows-x86_64-gcc10-UCRT 2.3 NOTE
r-patched-linux-x86_64 2.3 2.01 20.26 22.27 NOTE
r-patched-solaris-x86 2.3 44.10 NOTE
r-release-linux-x86_64 2.3 1.78 20.21 21.99 NOTE
r-release-macos-arm64 2.3 NOTE
r-release-macos-x86_64 2.3 NOTE
r-release-windows-ix86+x86_64 2.3 4.00 28.00 32.00 NOTE
r-oldrel-macos-x86_64 2.3 NOTE
r-oldrel-windows-ix86+x86_64 2.3 4.00 27.00 31.00 NOTE

Check Details

Version: 2.3
Check: DESCRIPTION meta-information
Result: NOTE
    Malformed Description field: should contain one or more complete sentences.
Flavors: r-devel-linux-x86_64-debian-clang, r-devel-linux-x86_64-debian-gcc, r-devel-linux-x86_64-fedora-clang, r-devel-linux-x86_64-fedora-gcc, r-devel-windows-x86_64, r-devel-windows-x86_64-gcc10-UCRT, r-patched-linux-x86_64, r-patched-solaris-x86, r-release-linux-x86_64, r-release-macos-arm64, r-release-macos-x86_64, r-release-windows-ix86+x86_64, r-oldrel-macos-x86_64, r-oldrel-windows-ix86+x86_64

Version: 2.3
Check: R code for possible problems
Result: NOTE
    primary.colors: no visible global function definition for 'rgb'
    rgb.tables: no visible global function definition for 'rgb'
    ygobb: no visible global function definition for 'approx'
    ygobb: no visible global function definition for 'rgb'
    Undefined global functions or variables:
     approx rgb
    Consider adding
     importFrom("grDevices", "rgb")
     importFrom("stats", "approx")
    to your NAMESPACE file.
Flavors: r-devel-linux-x86_64-debian-clang, r-devel-linux-x86_64-debian-gcc, r-devel-linux-x86_64-fedora-clang, r-devel-linux-x86_64-fedora-gcc, r-devel-windows-x86_64, r-devel-windows-x86_64-gcc10-UCRT, r-patched-linux-x86_64, r-patched-solaris-x86, r-release-linux-x86_64, r-release-macos-arm64, r-release-macos-x86_64, r-release-windows-ix86+x86_64, r-oldrel-macos-x86_64, r-oldrel-windows-ix86+x86_64