CRAN Package Check Results for Package colocalization

Last updated on 2021-09-20 08:50:07 CEST.

Flavor Version Tinstall Tcheck Ttotal Status Flags
r-devel-linux-x86_64-debian-clang 1.0.2 6.95 78.48 85.43 OK
r-devel-linux-x86_64-debian-gcc 1.0.2 4.75 56.00 60.75 OK
r-devel-linux-x86_64-fedora-clang 1.0.2 106.70 OK
r-devel-linux-x86_64-fedora-gcc 1.0.2 95.81 OK
r-devel-windows-x86_64 1.0.2 10.00 79.00 89.00 OK
r-devel-windows-x86_64-gcc10-UCRT 1.0.2 ERROR
r-patched-linux-x86_64 1.0.2 6.85 72.67 79.52 OK
r-patched-solaris-x86 1.0.2 126.40 OK
r-release-linux-x86_64 1.0.2 6.81 72.21 79.02 OK
r-release-macos-arm64 1.0.2 OK
r-release-macos-x86_64 1.0.2 OK
r-release-windows-ix86+x86_64 1.0.2 15.00 72.00 87.00 OK
r-oldrel-macos-x86_64 1.0.2 OK
r-oldrel-windows-ix86+x86_64 1.0.2 15.00 73.00 88.00 OK

Check Details

Version: 1.0.2
Check: whether package can be installed
Result: WARN
    Found the following significant warnings:
     WARNING: installation-time patches will not be applied, could not get the patches index
Flavor: r-devel-windows-x86_64-gcc10-UCRT

Version: 1.0.2
Check: PDF version of manual
Result: WARN
    LaTeX errors when creating PDF version.
    This typically indicates Rd problems.
Flavor: r-devel-windows-x86_64-gcc10-UCRT

Version: 1.0.2
Check: PDF version of manual without hyperrefs or index
Result: ERROR
    Re-running with no redirection of stdout/stderr.
Flavor: r-devel-windows-x86_64-gcc10-UCRT