CRAN Package Check Results for Package cold

Last updated on 2022-05-18 09:53:58 CEST.

Flavor Version Tinstall Tcheck Ttotal Status Flags
r-devel-linux-x86_64-debian-clang 2.0-3 16.45 92.37 108.82 OK
r-devel-linux-x86_64-debian-gcc 2.0-3 12.73 68.83 81.56 OK
r-devel-linux-x86_64-fedora-clang 2.0-3 125.76 OK
r-devel-linux-x86_64-fedora-gcc 2.0-3 124.95 OK
r-devel-windows-x86_64 2.0-3 59.00 109.00 168.00 OK
r-patched-linux-x86_64 2.0-3 13.73 88.26 101.99 OK
r-release-linux-x86_64 2.0-3 13.79 88.44 102.23 OK
r-release-macos-arm64 2.0-3 38.00 OK
r-release-macos-x86_64 2.0-3 57.00 WARN
r-release-windows-x86_64 2.0-3 56.00 116.00 172.00 OK
r-oldrel-macos-arm64 2.0-3 50.00 OK
r-oldrel-macos-x86_64 2.0-3 61.00 WARN
r-oldrel-windows-ix86+x86_64 2.0-3 48.00 151.00 199.00 OK

Check Details

Version: 2.0-3
Check: whether package can be installed
Result: WARN
    Found the following significant warnings:
     Warning: control reaches end of non-void function [-Wreturn-type]
Flavors: r-release-macos-x86_64, r-oldrel-macos-x86_64