CRAN Package Check Results for Package cointmonitoR

Last updated on 2020-07-14 09:50:23 CEST.

Flavor Version Tinstall Tcheck Ttotal Status Flags
r-devel-linux-x86_64-debian-clang 0.1.0 2.90 26.73 29.63 OK
r-devel-linux-x86_64-debian-gcc 0.1.0 2.19 21.08 23.27 OK
r-devel-linux-x86_64-fedora-clang 0.1.0 44.70 OK
r-devel-linux-x86_64-fedora-gcc 0.1.0 37.39 OK
r-devel-windows-ix86+x86_64 0.1.0 7.00 51.00 58.00 OK
r-patched-linux-x86_64 0.1.0 2.95 26.63 29.58 OK
r-patched-solaris-x86 0.1.0 53.60 OK
r-release-linux-x86_64 0.1.0 2.95 26.22 29.17 OK
r-release-macos-x86_64 0.1.0 ERROR
r-release-windows-ix86+x86_64 0.1.0 8.00 42.00 50.00 OK
r-oldrel-macos-x86_64 0.1.0 OK
r-oldrel-windows-ix86+x86_64 0.1.0 8.00 56.00 64.00 OK

Check Details

Version: 0.1.0
Check: whether package can be installed
Result: ERROR
    Installation failed.
Flavor: r-release-macos-x86_64