CRAN Package Check Results for Package coenoflex

Last updated on 2021-09-22 08:50:01 CEST.

Flavor Version Tinstall Tcheck Ttotal Status Flags
r-devel-linux-x86_64-debian-clang 2.2-0 10.08 61.83 71.91 OK
r-devel-linux-x86_64-debian-gcc 2.2-0 6.56 48.06 54.62 OK
r-devel-linux-x86_64-fedora-clang 2.2-0 94.24 NOTE
r-devel-linux-x86_64-fedora-gcc 2.2-0 83.76 NOTE
r-devel-windows-x86_64 2.2-0 9.00 61.00 70.00 OK
r-devel-windows-x86_64-gcc10-UCRT 2.2-0 ERROR
r-patched-linux-x86_64 2.2-0 8.17 59.14 67.31 OK
r-patched-solaris-x86 2.2-0 122.00 OK
r-release-linux-x86_64 2.2-0 7.69 59.29 66.98 OK
r-release-macos-arm64 2.2-0 OK
r-release-macos-x86_64 2.2-0 OK
r-release-windows-ix86+x86_64 2.2-0 20.00 77.00 97.00 OK
r-oldrel-macos-x86_64 2.2-0 OK
r-oldrel-windows-ix86+x86_64 2.2-0 14.00 78.00 92.00 OK

Check Details

Version: 2.2-0
Check: compiled code
Result: NOTE
    File ‘coenoflex/libs/coenoflex.so’:
     Found no calls to: ‘R_registerRoutines’, ‘R_useDynamicSymbols’
    
    It is good practice to register native routines and to disable symbol
    search.
    
    See ‘Writing portable packages’ in the ‘Writing R Extensions’ manual.
Flavors: r-devel-linux-x86_64-fedora-clang, r-devel-linux-x86_64-fedora-gcc

Version: 2.2-0
Check: whether package can be installed
Result: ERROR
    Installation failed.
Flavor: r-devel-windows-x86_64-gcc10-UCRT