CRAN Package Check Results for Package cnaOpt

Last updated on 2021-09-20 20:48:30 CEST.

Flavor Version Tinstall Tcheck Ttotal Status Flags
r-devel-linux-x86_64-debian-clang 0.4.0 39.47 107.93 147.40 OK
r-devel-linux-x86_64-debian-gcc 0.4.0 25.76 79.73 105.49 OK
r-devel-linux-x86_64-fedora-clang 0.4.0 189.87 OK
r-devel-linux-x86_64-fedora-gcc 0.4.0 169.68 OK
r-devel-windows-x86_64 0.4.0 40.00 103.00 143.00 OK
r-devel-windows-x86_64-gcc10-UCRT 0.4.0 ERROR
r-patched-linux-x86_64 0.4.0 35.93 100.65 136.58 OK
r-patched-solaris-x86 0.4.0 226.70 OK
r-release-linux-x86_64 0.4.0 30.11 99.47 129.58 OK
r-release-macos-arm64 0.4.0 OK
r-release-macos-x86_64 0.4.0 OK
r-release-windows-ix86+x86_64 0.4.0 89.00 135.00 224.00 OK
r-oldrel-macos-x86_64 0.4.0 OK
r-oldrel-windows-ix86+x86_64 0.4.0 87.00 137.00 224.00 OK

Check Details

Version: 0.4.0
Check: whether package can be installed
Result: ERROR
    Installation failed.
Flavor: r-devel-windows-x86_64-gcc10-UCRT