CRAN Package Check Results for Package cna

Last updated on 2021-10-24 20:50:58 CEST.

Flavor Version Tinstall Tcheck Ttotal Status Flags
r-devel-linux-x86_64-debian-clang 3.2.0 87.97 186.44 274.41 OK
r-devel-linux-x86_64-debian-gcc 3.2.0 62.06 137.96 200.02 OK
r-devel-linux-x86_64-fedora-clang 3.2.0 387.79 OK
r-devel-linux-x86_64-fedora-gcc 3.2.0 353.89 OK
r-devel-windows-x86_64 3.2.0 122.00 228.00 350.00 OK
r-devel-windows-x86_64-gcc10-UCRT 3.2.0 OK
r-patched-linux-x86_64 3.2.0 85.97 176.73 262.70 OK
r-patched-solaris-x86 3.2.0 410.40 OK
r-release-linux-x86_64 3.2.0 78.78 175.84 254.62 OK
r-release-macos-arm64 3.2.0 NOTE
r-release-macos-x86_64 3.2.0 OK
r-release-windows-ix86+x86_64 3.2.0 156.00 294.00 450.00 OK
r-oldrel-macos-x86_64 3.2.0 OK
r-oldrel-windows-ix86+x86_64 3.2.0 225.00 314.00 539.00 OK

Check Details

Version: 3.2.0
Check: installed package size
Result: NOTE
     installed size is 5.3Mb
     sub-directories of 1Mb or more:
     libs 4.1Mb
Flavor: r-release-macos-arm64