CRAN Package Check Results for Package cmsaf

Last updated on 2022-05-16 21:50:16 CEST.

Flavor Version Tinstall Tcheck Ttotal Status Flags
r-devel-linux-x86_64-debian-clang 3.4.2 2.68 34.27 36.95 OK
r-devel-linux-x86_64-debian-gcc 3.4.2 2.29 26.96 29.25 OK
r-devel-linux-x86_64-fedora-clang 3.4.2 44.42 NOTE
r-devel-linux-x86_64-fedora-gcc 3.4.2 44.43 NOTE
r-devel-windows-x86_64 3.4.2 42.00 57.00 99.00 OK
r-patched-linux-x86_64 3.4.2 2.81 33.05 35.86 OK
r-release-linux-x86_64 3.4.2 2.72 32.56 35.28 OK
r-release-macos-arm64 3.4.2 18.00 NOTE
r-release-macos-x86_64 3.4.2 28.00 NOTE
r-release-windows-x86_64 3.4.2 50.00 62.00 112.00 OK
r-oldrel-macos-arm64 3.4.2 18.00 NOTE
r-oldrel-macos-x86_64 3.4.2 22.00 NOTE
r-oldrel-windows-ix86+x86_64 3.4.2 10.00 46.00 56.00 OK

Check Details

Version: 3.4.2
Check: dependencies in R code
Result: NOTE
    Namespaces in Imports field not imported from:
     ‘FNN’ ‘R.utils’ ‘SearchTrees’ ‘colorspace’ ‘colourpicker’
     ‘data.table’ ‘fields’ ‘mapproj’ ‘maps’ ‘maptools’ ‘ncdf4’ ‘raster’
     ‘rworldxtra’ ‘shinyFiles’ ‘shinyWidgets’ ‘shinyjs’ ‘shinythemes’ ‘sp’
     ‘tcltk’ ‘xml2’
     All declared Imports should be used.
Flavors: r-devel-linux-x86_64-fedora-clang, r-devel-linux-x86_64-fedora-gcc, r-release-macos-arm64, r-release-macos-x86_64, r-oldrel-macos-arm64, r-oldrel-macos-x86_64