CRAN Package Check Results for Package cmsaf

Last updated on 2022-09-25 20:51:46 CEST.

Flavor Version Tinstall Tcheck Ttotal Status Flags
r-devel-linux-x86_64-debian-clang 3.4.4 2.72 25.68 28.40 OK
r-devel-linux-x86_64-debian-gcc 3.4.4 2.26 20.94 23.20 OK
r-devel-linux-x86_64-fedora-clang 3.4.4 46.37 NOTE
r-devel-linux-x86_64-fedora-gcc 3.4.4 44.71 NOTE
r-devel-windows-x86_64 3.4.4 58.00 59.00 117.00 OK
r-patched-linux-x86_64 3.4.4 1.74 25.27 27.01 OK
r-release-linux-x86_64 3.4.4 2.69 25.50 28.19 OK
r-release-macos-arm64 3.4.4 16.00 NOTE
r-release-macos-x86_64 3.4.4 22.00 NOTE
r-release-windows-x86_64 3.4.4 34.00 59.00 93.00 OK
r-oldrel-macos-arm64 3.4.4 19.00 NOTE
r-oldrel-macos-x86_64 3.4.4 28.00 NOTE
r-oldrel-windows-ix86+x86_64 3.4.4 12.00 51.00 63.00 OK

Check Details

Version: 3.4.4
Check: dependencies in R code
Result: NOTE
    Namespaces in Imports field not imported from:
     ‘FNN’ ‘R.utils’ ‘SearchTrees’ ‘colorspace’ ‘colourpicker’
     ‘data.table’ ‘fields’ ‘mapproj’ ‘maps’ ‘maptools’ ‘ncdf4’ ‘raster’
     ‘rworldxtra’ ‘shinyFiles’ ‘shinyWidgets’ ‘shinyjs’ ‘shinythemes’ ‘sp’
     ‘tcltk’ ‘xml2’
     All declared Imports should be used.
Flavors: r-devel-linux-x86_64-fedora-clang, r-devel-linux-x86_64-fedora-gcc, r-release-macos-arm64, r-release-macos-x86_64, r-oldrel-macos-arm64, r-oldrel-macos-x86_64