CRAN Package Check Results for Package cmprskcoxmsm

Last updated on 2024-02-27 19:54:34 CET.

Flavor Version Tinstall Tcheck Ttotal Status Flags
r-devel-linux-x86_64-debian-clang 0.2.1 10.45 135.73 146.18 OK
r-devel-linux-x86_64-debian-gcc 0.2.1 10.34 103.07 113.41 OK
r-devel-linux-x86_64-fedora-clang 0.2.1 186.15 OK
r-devel-linux-x86_64-fedora-gcc 0.2.1 192.70 OK
r-devel-windows-x86_64 0.2.1 12.00 136.00 148.00 OK
r-patched-linux-x86_64 0.2.1 11.75 135.82 147.57 OK
r-release-linux-x86_64 0.2.1 11.92 133.73 145.65 OK
r-release-macos-arm64 0.2.1 73.00 OK
r-release-macos-x86_64 0.2.1 109.00 NOTE
r-release-windows-x86_64 0.2.1 16.00 153.00 169.00 OK
r-oldrel-macos-arm64 0.2.1 57.00 OK
r-oldrel-windows-x86_64 0.2.1 16.00 161.00 177.00 OK

Check Details

Version: 0.2.1
Check: re-building of vignette outputs
Result: NOTE Error(s) in re-building vignettes: ... --- re-building ‘weight_cause_cox.rnw’ using Sweave Error: processing vignette 'weight_cause_cox.rnw' failed with diagnostics: Running 'texi2dvi' on 'weight_cause_cox.tex' failed. LaTeX errors: ! LaTeX Error: File `pgfplots.sty' not found. Type X to quit or <RETURN> to proceed, or enter new name. (Default extension: sty) ! Emergency stop. <read *> l.28 \pgfplotsset {compat=1.10}^^M ! ==> Fatal error occurred, no output PDF file produced! --- failed re-building ‘weight_cause_cox.rnw’ SUMMARY: processing the following file failed: ‘weight_cause_cox.rnw’ Error: Vignette re-building failed. Execution halted Flavor: r-release-macos-x86_64