CRAN Package Check Results for Package cmprskQR

Last updated on 2024-02-21 19:53:10 CET.

Flavor Version Tinstall Tcheck Ttotal Status Flags
r-devel-linux-x86_64-debian-clang 0.9.2 NOTE
r-devel-linux-x86_64-debian-gcc 0.9.2 6.83 58.10 64.93 NOTE
r-devel-linux-x86_64-fedora-clang 0.9.2 106.31 NOTE
r-devel-linux-x86_64-fedora-gcc 0.9.2 102.15 NOTE
r-devel-windows-x86_64 0.9.2 10.00 73.00 83.00 NOTE
r-patched-linux-x86_64 0.9.2 10.32 74.17 84.49 NOTE
r-release-linux-x86_64 0.9.2 9.60 75.32 84.92 NOTE
r-release-macos-arm64 0.9.2 36.00 NOTE
r-release-macos-x86_64 0.9.2 60.00 NOTE
r-release-windows-x86_64 0.9.2 13.00 84.00 97.00 NOTE
r-oldrel-macos-arm64 0.9.2 55.00 OK
r-oldrel-windows-x86_64 0.9.2 11.00 89.00 100.00 OK

Check Details

Version: 0.9.2
Check: Rd files
Result: NOTE checkRd: (-1) plot.predict.crrQR.Rd:18: Escaped LaTeX specials: \# checkRd: (-1) plot.predict.crrQR.Rd:22: Escaped LaTeX specials: \# Flavors: r-devel-linux-x86_64-debian-clang, r-devel-linux-x86_64-debian-gcc, r-devel-linux-x86_64-fedora-clang, r-devel-linux-x86_64-fedora-gcc, r-devel-windows-x86_64, r-patched-linux-x86_64, r-release-linux-x86_64, r-release-macos-arm64, r-release-macos-x86_64, r-release-windows-x86_64